{"id":696,"date":"2023-07-11T12:27:40","date_gmt":"2023-07-11T15:27:40","guid":{"rendered":"https:\/\/www.ufmg.br\/giz?page_id=696"},"modified":"2023-09-01T14:12:34","modified_gmt":"2023-09-01T17:12:34","slug":"galeria-programa-de-inovacao-e-metodologias-de-ensino-pime","status":"publish","type":"page","link":"https:\/\/www.ufmg.br\/giz\/galeria-programa-de-inovacao-e-metodologias-de-ensino-pime\/","title":{"rendered":"Galeria &#8211; Programa de Inova\u00e7\u00e3o e Metodologias de Ensino (PIME)"},"content":{"rendered":"<p>Reuni\u00e3o Geral Giz 2023\/2<br \/>\n<img loading=\"lazy\" class=\"alignnone size-full wp-image-808\" src=\"https:\/\/www.ufmg.br\/giz\/wp-content\/uploads\/2023\/09\/IMG_3326-scaled.jpg\" alt=\"\" width=\"2560\" height=\"1707\" srcset=\"https:\/\/www.ufmg.br\/giz\/wp-content\/uploads\/2023\/09\/IMG_3326-scaled.jpg 2560w, https:\/\/www.ufmg.br\/giz\/wp-content\/uploads\/2023\/09\/IMG_3326-300x200.jpg 300w, https:\/\/www.ufmg.br\/giz\/wp-content\/uploads\/2023\/09\/IMG_3326-1024x683.jpg 1024w, https:\/\/www.ufmg.br\/giz\/wp-content\/uploads\/2023\/09\/IMG_3326-768x512.jpg 768w, https:\/\/www.ufmg.br\/giz\/wp-content\/uploads\/2023\/09\/IMG_3326-1536x1024.jpg 1536w, https:\/\/www.ufmg.br\/giz\/wp-content\/uploads\/2023\/09\/IMG_3326-2048x1365.jpg 2048w\" sizes=\"(max-width: 2560px) 100vw, 2560px\" \/><br \/>\nFoto: Equipe M\u00eddias Giz (04\/08\/2023)<\/p>\n<p>Reuni\u00e3o Geral Giz 2023\/1<\/p>\n<div id=\"attachment_767\" style=\"width: 2570px\" class=\"wp-caption alignnone\"><img aria-describedby=\"caption-attachment-767\" loading=\"lazy\" class=\"size-full wp-image-767\" src=\"https:\/\/www.ufmg.br\/giz\/wp-content\/uploads\/2023\/07\/IMG_0872-scaled.jpg\" alt=\"\" width=\"2560\" height=\"1920\" srcset=\"https:\/\/www.ufmg.br\/giz\/wp-content\/uploads\/2023\/07\/IMG_0872-scaled.jpg 2560w, https:\/\/www.ufmg.br\/giz\/wp-content\/uploads\/2023\/07\/IMG_0872-300x225.jpg 300w, https:\/\/www.ufmg.br\/giz\/wp-content\/uploads\/2023\/07\/IMG_0872-1024x768.jpg 1024w, https:\/\/www.ufmg.br\/giz\/wp-content\/uploads\/2023\/07\/IMG_0872-768x576.jpg 768w, https:\/\/www.ufmg.br\/giz\/wp-content\/uploads\/2023\/07\/IMG_0872-1536x1152.jpg 1536w, https:\/\/www.ufmg.br\/giz\/wp-content\/uploads\/2023\/07\/IMG_0872-2048x1536.jpg 2048w\" sizes=\"(max-width: 2560px) 100vw, 2560px\" \/><p id=\"caption-attachment-767\" class=\"wp-caption-text\">Foto: Equipe M\u00eddias Giz (03\/03\/2023)<\/p><\/div>\n<p><span style=\"font-size: 16px;\">Reuni\u00e3o Geral Giz 2022\/2<\/span><\/p>\n<div id=\"attachment_698\" style=\"width: 2570px\" class=\"wp-caption alignnone\"><img aria-describedby=\"caption-attachment-698\" loading=\"lazy\" class=\"size-full wp-image-698\" src=\"https:\/\/www.ufmg.br\/giz\/wp-content\/uploads\/2023\/07\/IMG_7232-scaled.jpg\" alt=\"Reuni\u00e3o Geral Giz 2022\/2\" width=\"2560\" height=\"1920\" srcset=\"https:\/\/www.ufmg.br\/giz\/wp-content\/uploads\/2023\/07\/IMG_7232-scaled.jpg 2560w, https:\/\/www.ufmg.br\/giz\/wp-content\/uploads\/2023\/07\/IMG_7232-300x225.jpg 300w, https:\/\/www.ufmg.br\/giz\/wp-content\/uploads\/2023\/07\/IMG_7232-1024x768.jpg 1024w, https:\/\/www.ufmg.br\/giz\/wp-content\/uploads\/2023\/07\/IMG_7232-768x576.jpg 768w, https:\/\/www.ufmg.br\/giz\/wp-content\/uploads\/2023\/07\/IMG_7232-1536x1152.jpg 1536w, https:\/\/www.ufmg.br\/giz\/wp-content\/uploads\/2023\/07\/IMG_7232-2048x1536.jpg 2048w\" sizes=\"(max-width: 2560px) 100vw, 2560px\" \/><p id=\"caption-attachment-698\" class=\"wp-caption-text\">Foto: Equipe M\u00eddias Giz (01\/09\/2022)<\/p><\/div>\n<div id=\"attachment_700\" style=\"width: 2570px\" class=\"wp-caption alignnone\"><img aria-describedby=\"caption-attachment-700\" loading=\"lazy\" class=\"size-full wp-image-700\" src=\"https:\/\/www.ufmg.br\/giz\/wp-content\/uploads\/2023\/07\/IMG_7241-scaled.jpg\" alt=\"\" width=\"2560\" height=\"1920\" srcset=\"https:\/\/www.ufmg.br\/giz\/wp-content\/uploads\/2023\/07\/IMG_7241-scaled.jpg 2560w, https:\/\/www.ufmg.br\/giz\/wp-content\/uploads\/2023\/07\/IMG_7241-300x225.jpg 300w, https:\/\/www.ufmg.br\/giz\/wp-content\/uploads\/2023\/07\/IMG_7241-1024x768.jpg 1024w, https:\/\/www.ufmg.br\/giz\/wp-content\/uploads\/2023\/07\/IMG_7241-768x576.jpg 768w, https:\/\/www.ufmg.br\/giz\/wp-content\/uploads\/2023\/07\/IMG_7241-1536x1152.jpg 1536w, https:\/\/www.ufmg.br\/giz\/wp-content\/uploads\/2023\/07\/IMG_7241-2048x1536.jpg 2048w\" sizes=\"(max-width: 2560px) 100vw, 2560px\" \/><p id=\"caption-attachment-700\" class=\"wp-caption-text\">Foto: Equipe M\u00eddias Giz (01\/09\/2022)<\/p><\/div>\n","protected":false},"excerpt":{"rendered":"<p>Reuni\u00e3o Geral Giz 2023\/2 Foto: Equipe M\u00eddias Giz (04\/08\/2023) Reuni\u00e3o [&hellip;]<\/p>\n","protected":false},"author":3,"featured_media":0,"parent":0,"menu_order":0,"comment_status":"closed","ping_status":"closed","template":"","meta":[],"acf":[],"_links":{"self":[{"href":"https:\/\/www.ufmg.br\/giz\/wp-json\/wp\/v2\/pages\/696"}],"collection":[{"href":"https:\/\/www.ufmg.br\/giz\/wp-json\/wp\/v2\/pages"}],"about":[{"href":"https:\/\/www.ufmg.br\/giz\/wp-json\/wp\/v2\/types\/page"}],"author":[{"embeddable":true,"href":"https:\/\/www.ufmg.br\/giz\/wp-json\/wp\/v2\/users\/3"}],"replies":[{"embeddable":true,"href":"https:\/\/www.ufmg.br\/giz\/wp-json\/wp\/v2\/comments?post=696"}],"version-history":[{"count":9,"href":"https:\/\/www.ufmg.br\/giz\/wp-json\/wp\/v2\/pages\/696\/revisions"}],"predecessor-version":[{"id":810,"href":"https:\/\/www.ufmg.br\/giz\/wp-json\/wp\/v2\/pages\/696\/revisions\/810"}],"wp:attachment":[{"href":"https:\/\/www.ufmg.br\/giz\/wp-json\/wp\/v2\/media?parent=696"}],"curies":[{"name":"wp","href":"https:\/\/api.w.org\/{rel}","templated":true}]}}