{"id":774,"date":"2023-08-08T10:19:22","date_gmt":"2023-08-08T13:19:22","guid":{"rendered":"https:\/\/www.ufmg.br\/giz\/?page_id=774"},"modified":"2025-03-11T16:09:38","modified_gmt":"2025-03-11T19:09:38","slug":"galeria-encontro-com-professores-ingressantes","status":"publish","type":"page","link":"https:\/\/www.ufmg.br\/giz\/galeria-encontro-com-professores-ingressantes\/","title":{"rendered":"Galeria &#8211; Encontro com professores ingressantes"},"content":{"rendered":"<p>Encontro com professores ingressantes (2023)<\/p>\n<div id=\"attachment_494\" style=\"width: 1610px\" class=\"wp-caption alignnone\"><img aria-describedby=\"caption-attachment-494\" loading=\"lazy\" class=\"size-full wp-image-494\" src=\"https:\/\/www.ufmg.br\/giz\/wp-content\/uploads\/2023\/06\/WhatsApp-Image-2023-05-31-at-13.57.04.jpeg\" alt=\"\" width=\"1600\" height=\"1066\" srcset=\"https:\/\/www.ufmg.br\/giz\/wp-content\/uploads\/2023\/06\/WhatsApp-Image-2023-05-31-at-13.57.04.jpeg 1600w, https:\/\/www.ufmg.br\/giz\/wp-content\/uploads\/2023\/06\/WhatsApp-Image-2023-05-31-at-13.57.04-300x200.jpeg 300w, https:\/\/www.ufmg.br\/giz\/wp-content\/uploads\/2023\/06\/WhatsApp-Image-2023-05-31-at-13.57.04-1024x682.jpeg 1024w, https:\/\/www.ufmg.br\/giz\/wp-content\/uploads\/2023\/06\/WhatsApp-Image-2023-05-31-at-13.57.04-768x512.jpeg 768w, https:\/\/www.ufmg.br\/giz\/wp-content\/uploads\/2023\/06\/WhatsApp-Image-2023-05-31-at-13.57.04-1536x1023.jpeg 1536w\" sizes=\"(max-width: 1600px) 100vw, 1600px\" \/><p id=\"caption-attachment-494\" class=\"wp-caption-text\">Encontro com professores ingressantes (2023) \u2013 Foca Lisboa \/ UFMG<\/p><\/div>\n<p>Link para not\u00edcia:\u00a0<a href=\"https:\/\/ufmg.br\/comunicacao\/noticias\/novos-docentes-conhecem-estrutura-da-graduacao-e-acoes-formativas\" target=\"_blank\" rel=\"external noopener\">UFMG \u2013 Universidade Federal de Minas Gerais \u2013 Novos docentes conhecem estrutura da gradua\u00e7\u00e3o e a\u00e7\u00f5es formativas<\/a><\/p>\n<p>Encontro com professores ingressantes (2022)<\/p>\n<div id=\"attachment_468\" style=\"width: 722px\" class=\"wp-caption alignnone\"><img aria-describedby=\"caption-attachment-468\" loading=\"lazy\" class=\"size-full wp-image-468\" src=\"https:\/\/www.ufmg.br\/giz\/wp-content\/uploads\/2023\/04\/5c9801f767fc538385849d617567ecfa_16571996037619_884795281.jpg\" alt=\"\" width=\"712\" height=\"474\" srcset=\"https:\/\/www.ufmg.br\/giz\/wp-content\/uploads\/2023\/04\/5c9801f767fc538385849d617567ecfa_16571996037619_884795281.jpg 712w, https:\/\/www.ufmg.br\/giz\/wp-content\/uploads\/2023\/04\/5c9801f767fc538385849d617567ecfa_16571996037619_884795281-300x200.jpg 300w\" sizes=\"(max-width: 712px) 100vw, 712px\" \/><p id=\"caption-attachment-468\" class=\"wp-caption-text\">Encontro com professores ingressantes (2022) \u2013 Foca Lisboa \/ UFMG<\/p><\/div>\n<p>Link para not\u00edcia: <a href=\"https:\/\/ufmg.br\/comunicacao\/noticias\/ufmg-apresenta-a-novos-docentes-acoes-de-formacao-continuada-e-edital-de-apoio\">UFMG &#8211; Universidade Federal de Minas Gerais &#8211; UFMG apresenta a novos docentes a\u00e7\u00f5es de forma\u00e7\u00e3o continuada e edital de apoio<\/a><\/p>\n<p>Encontro com professores ingressantes (2020)<\/p>\n<div id=\"attachment_472\" style=\"width: 722px\" class=\"wp-caption alignnone\"><img aria-describedby=\"caption-attachment-472\" loading=\"lazy\" class=\"size-full wp-image-472\" src=\"https:\/\/www.ufmg.br\/giz\/wp-content\/uploads\/2023\/04\/85902f82a6e3df332ccd9ea7a07d82aa_15834327092015_325053155.jpg\" alt=\"\" width=\"712\" height=\"474\" srcset=\"https:\/\/www.ufmg.br\/giz\/wp-content\/uploads\/2023\/04\/85902f82a6e3df332ccd9ea7a07d82aa_15834327092015_325053155.jpg 712w, https:\/\/www.ufmg.br\/giz\/wp-content\/uploads\/2023\/04\/85902f82a6e3df332ccd9ea7a07d82aa_15834327092015_325053155-300x200.jpg 300w\" sizes=\"(max-width: 712px) 100vw, 712px\" \/><p id=\"caption-attachment-472\" class=\"wp-caption-text\">Encontro com professores ingressantes (2020) \u2013 Foca Lisboa \/ UFMG<\/p><\/div>\n<p>Link para not\u00edcia: <a href=\"https:\/\/ufmg.br\/comunicacao\/noticias\/prograd-apresenta-a-recem-chegados-iniciativas-de-valorizacao-da-docencia\">UFMG &#8211; Universidade Federal de Minas Gerais &#8211; Prograd apresenta a rec\u00e9m-chegados iniciativas de valoriza\u00e7\u00e3o da doc\u00eancia<\/a><\/p>\n","protected":false},"excerpt":{"rendered":"<p>Encontro com professores ingressantes (2023) Link para not\u00edcia:\u00a0UFMG \u2013 Universidade [&hellip;]<\/p>\n","protected":false},"author":3,"featured_media":0,"parent":0,"menu_order":0,"comment_status":"closed","ping_status":"closed","template":"","meta":[],"acf":[],"_links":{"self":[{"href":"https:\/\/www.ufmg.br\/giz\/wp-json\/wp\/v2\/pages\/774"}],"collection":[{"href":"https:\/\/www.ufmg.br\/giz\/wp-json\/wp\/v2\/pages"}],"about":[{"href":"https:\/\/www.ufmg.br\/giz\/wp-json\/wp\/v2\/types\/page"}],"author":[{"embeddable":true,"href":"https:\/\/www.ufmg.br\/giz\/wp-json\/wp\/v2\/users\/3"}],"replies":[{"embeddable":true,"href":"https:\/\/www.ufmg.br\/giz\/wp-json\/wp\/v2\/comments?post=774"}],"version-history":[{"count":5,"href":"https:\/\/www.ufmg.br\/giz\/wp-json\/wp\/v2\/pages\/774\/revisions"}],"predecessor-version":[{"id":788,"href":"https:\/\/www.ufmg.br\/giz\/wp-json\/wp\/v2\/pages\/774\/revisions\/788"}],"wp:attachment":[{"href":"https:\/\/www.ufmg.br\/giz\/wp-json\/wp\/v2\/media?parent=774"}],"curies":[{"name":"wp","href":"https:\/\/api.w.org\/{rel}","templated":true}]}}