{"id":31,"date":"2024-11-14T14:45:34","date_gmt":"2024-11-14T17:45:34","guid":{"rendered":"http:\/\/localhost\/samba\/?page_id=31"},"modified":"2025-08-05T14:01:53","modified_gmt":"2025-08-05T17:01:53","slug":"cartografia","status":"publish","type":"page","link":"https:\/\/www.ufmg.br\/horizontesdosamba\/cartografia\/","title":{"rendered":"Cartografia"},"content":{"rendered":"\t\t<div data-elementor-type=\"wp-page\" data-elementor-id=\"31\" class=\"elementor elementor-31\" data-elementor-post-type=\"page\">\n\t\t\t\t\t\t<section class=\"elementor-section elementor-top-section elementor-element elementor-element-3b4cf1ce elementor-section-full_width elementor-section-stretched elementor-section-height-default elementor-section-height-default\" data-id=\"3b4cf1ce\" data-element_type=\"section\" data-settings=\"{&quot;background_background&quot;:&quot;classic&quot;,&quot;shape_divider_top&quot;:&quot;curve-asymmetrical&quot;,&quot;shape_divider_bottom&quot;:&quot;pyramids&quot;,&quot;stretch_section&quot;:&quot;section-stretched&quot;}\">\n\t\t\t\t\t\t\t<div class=\"elementor-background-overlay\"><\/div>\n\t\t\t\t\t\t<div class=\"elementor-shape elementor-shape-top\" aria-hidden=\"true\" data-negative=\"false\">\n\t\t\t<svg xmlns=\"http:\/\/www.w3.org\/2000\/svg\" viewBox=\"0 0 1000 100\" preserveAspectRatio=\"none\">\n\t<path class=\"elementor-shape-fill\" d=\"M0,0c0,0,0,6,0,6.7c0,18,240.2,93.6,615.2,92.6C989.8,98.5,1000,25,1000,6.7c0-0.7,0-6.7,0-6.7H0z\"\/>\n<\/svg>\t\t<\/div>\n\t\t\t\t<div class=\"elementor-shape elementor-shape-bottom\" aria-hidden=\"true\" data-negative=\"false\">\n\t\t\t<svg xmlns=\"http:\/\/www.w3.org\/2000\/svg\" viewBox=\"0 0 1000 100\" preserveAspectRatio=\"none\">\n\t<path class=\"elementor-shape-fill\" d=\"M761.9,44.1L643.1,27.2L333.8,98L0,3.8V0l1000,0v3.9\"\/>\n<\/svg>\t\t<\/div>\n\t\t\t\t\t<div class=\"elementor-container elementor-column-gap-no\">\n\t\t\t\t\t<div class=\"elementor-column elementor-col-100 elementor-top-column elementor-element elementor-element-8f15677\" data-id=\"8f15677\" data-element_type=\"column\">\n\t\t\t<div class=\"elementor-widget-wrap elementor-element-populated\">\n\t\t\t\t\t\t<div class=\"elementor-element elementor-element-4bba6fc7 elementor-widget elementor-widget-image\" data-id=\"4bba6fc7\" data-element_type=\"widget\" data-widget_type=\"image.default\">\n\t\t\t\t<div class=\"elementor-widget-container\">\n\t\t\t\t\t\t\t\t\t\t\t\t\t\t\t<img fetchpriority=\"high\" decoding=\"async\" width=\"1920\" height=\"631\" src=\"https:\/\/www.ufmg.br\/horizontesdosamba\/wp-content\/uploads\/2025\/01\/topo.jpg\" class=\"attachment-full size-full wp-image-586\" alt=\"\" srcset=\"https:\/\/www.ufmg.br\/horizontesdosamba\/wp-content\/uploads\/2025\/01\/topo.jpg 1920w, https:\/\/www.ufmg.br\/horizontesdosamba\/wp-content\/uploads\/2025\/01\/topo-300x99.jpg 300w, https:\/\/www.ufmg.br\/horizontesdosamba\/wp-content\/uploads\/2025\/01\/topo-1024x337.jpg 1024w, https:\/\/www.ufmg.br\/horizontesdosamba\/wp-content\/uploads\/2025\/01\/topo-768x252.jpg 768w, https:\/\/www.ufmg.br\/horizontesdosamba\/wp-content\/uploads\/2025\/01\/topo-1536x505.jpg 1536w\" sizes=\"(max-width: 1920px) 100vw, 1920px\" \/>\t\t\t\t\t\t\t\t\t\t\t\t\t\t\t<\/div>\n\t\t\t\t<\/div>\n\t\t\t\t\t<\/div>\n\t\t<\/div>\n\t\t\t\t\t<\/div>\n\t\t<\/section>\n\t\t<div class=\"elementor-element elementor-element-f3eddc7 e-flex e-con-boxed e-con e-parent\" data-id=\"f3eddc7\" data-element_type=\"container\" data-settings=\"{&quot;background_background&quot;:&quot;classic&quot;}\">\n\t\t\t\t\t<div class=\"e-con-inner\">\n\t\t<div class=\"elementor-element elementor-element-e7fe55e e-con-full e-flex e-con e-child\" data-id=\"e7fe55e\" data-element_type=\"container\">\n\t\t\t\t<div class=\"elementor-element elementor-element-4640334 elementor-widget elementor-widget-image\" data-id=\"4640334\" data-element_type=\"widget\" data-widget_type=\"image.default\">\n\t\t\t\t<div class=\"elementor-widget-container\">\n\t\t\t\t\t\t\t\t\t\t\t\t\t\t\t<img decoding=\"async\" src=\"https:\/\/www.ufmg.br\/horizontesdosamba\/wp-content\/uploads\/elementor\/thumbs\/07cartografia-r9thp9mniyvs47lmki4l25se8rmtgbijsp4c6dbdk0.png\" title=\"07cartografia\" alt=\"07cartografia\" loading=\"lazy\" \/>\t\t\t\t\t\t\t\t\t\t\t\t\t\t\t<\/div>\n\t\t\t\t<\/div>\n\t\t\t\t<div class=\"elementor-element elementor-element-9f3d642 elementor-widget elementor-widget-text-editor\" data-id=\"9f3d642\" data-element_type=\"widget\" data-widget_type=\"text-editor.default\">\n\t\t\t\t<div class=\"elementor-widget-container\">\n\t\t\t\t\t\t\t\t\t<p>O samba est\u00e1 presente em todos os quadrantes de Belo Horizonte. Os movimentos dessa manifesta\u00e7\u00e3o cultural de matriz afro-diasp\u00f3rica est\u00e3o enraizados na capital mineira desde antes mesmo de sua inaugura\u00e7\u00e3o em 12 de dezembro de 1897. Atualmente, sua linguagem musical pode ser ouvida nas nove regionais da metr\u00f3pole. Para conhecer melhor esses espa\u00e7os, lugares e territ\u00f3rios foi criada uma cartografia das viv\u00eancias e experi\u00eancias dos sambistas que habitam, cantam e sonham com uma cidade melhor a cada novo dia. O mapeamento virtual foi constru\u00eddo por meio de olhares diferenciados e pontos de vista diversificados, apresentando alguns desses v\u00e1rios pontos de encontro, di\u00e1logo e tradi\u00e7\u00e3o que mant\u00e9m vivo o universo do samba belo-horizontino.<\/p>\t\t\t\t\t\t\t\t<\/div>\n\t\t\t\t<\/div>\n\t\t\t\t<\/div>\n\t\t<div class=\"elementor-element elementor-element-58629c9 e-con-full e-flex e-con e-child\" data-id=\"58629c9\" data-element_type=\"container\">\n\t\t\t\t<\/div>\n\t\t\t\t\t<\/div>\n\t\t\t\t<\/div>\n\t\t\t\t<section class=\"elementor-section elementor-top-section elementor-element elementor-element-292408a9 elementor-section-full_width elementor-section-height-default elementor-section-height-default\" data-id=\"292408a9\" data-element_type=\"section\" data-settings=\"{&quot;background_background&quot;:&quot;classic&quot;}\">\n\t\t\t\t\t\t\t<div class=\"elementor-background-overlay\"><\/div>\n\t\t\t\t\t\t\t<div class=\"elementor-container elementor-column-gap-no\">\n\t\t\t\t\t<div class=\"elementor-column elementor-col-100 elementor-top-column elementor-element elementor-element-283391cc\" data-id=\"283391cc\" data-element_type=\"column\">\n\t\t\t<div class=\"elementor-widget-wrap elementor-element-populated\">\n\t\t\t\t\t\t<div class=\"elementor-element elementor-element-3e1e2c9e elementor-widget elementor-widget-shortcode\" data-id=\"3e1e2c9e\" data-element_type=\"widget\" data-widget_type=\"shortcode.default\">\n\t\t\t\t<div class=\"elementor-widget-container\">\n\t\t\t\t\t\t\t<div class=\"elementor-shortcode\"><iframe src=\"https:\/\/www.google.com\/maps\/d\/u\/0\/embed?mid=1yw8yb5-tGyeIV0RjzE8lU_BHr5UOEkc&ehbc=2E312F&noprof=1\" width=\"100%\" height=\"550\" ><\/iframe>\n<\/div>\n\t\t\t\t\t\t<\/div>\n\t\t\t\t<\/div>\n\t\t\t\t\t<\/div>\n\t\t<\/div>\n\t\t\t\t\t<\/div>\n\t\t<\/section>\n\t\t\t\t<\/div>\n\t\t","protected":false},"excerpt":{"rendered":"<p>O samba est\u00e1 presente em todos os quadrantes de Belo Horizonte. Os movimentos dessa manifesta\u00e7\u00e3o cultural de matriz afro-diasp\u00f3rica est\u00e3o enraizados na capital mineira desde antes mesmo de sua inaugura\u00e7\u00e3o em 12 de dezembro de 1897. Atualmente, sua linguagem musical pode ser ouvida nas nove regionais da metr\u00f3pole. Para conhecer melhor esses espa\u00e7os, lugares e [&hellip;]<\/p>\n","protected":false},"author":1,"featured_media":0,"parent":0,"menu_order":0,"comment_status":"closed","ping_status":"closed","template":"","meta":{"footnotes":""},"class_list":["post-31","page","type-page","status-publish","hentry"],"_links":{"self":[{"href":"https:\/\/www.ufmg.br\/horizontesdosamba\/wp-json\/wp\/v2\/pages\/31","targetHints":{"allow":["GET"]}}],"collection":[{"href":"https:\/\/www.ufmg.br\/horizontesdosamba\/wp-json\/wp\/v2\/pages"}],"about":[{"href":"https:\/\/www.ufmg.br\/horizontesdosamba\/wp-json\/wp\/v2\/types\/page"}],"author":[{"embeddable":true,"href":"https:\/\/www.ufmg.br\/horizontesdosamba\/wp-json\/wp\/v2\/users\/1"}],"replies":[{"embeddable":true,"href":"https:\/\/www.ufmg.br\/horizontesdosamba\/wp-json\/wp\/v2\/comments?post=31"}],"version-history":[{"count":37,"href":"https:\/\/www.ufmg.br\/horizontesdosamba\/wp-json\/wp\/v2\/pages\/31\/revisions"}],"predecessor-version":[{"id":1272,"href":"https:\/\/www.ufmg.br\/horizontesdosamba\/wp-json\/wp\/v2\/pages\/31\/revisions\/1272"}],"wp:attachment":[{"href":"https:\/\/www.ufmg.br\/horizontesdosamba\/wp-json\/wp\/v2\/media?parent=31"}],"curies":[{"name":"wp","href":"https:\/\/api.w.org\/{rel}","templated":true}]}}