{"id":33,"date":"2024-11-14T14:46:28","date_gmt":"2024-11-14T17:46:28","guid":{"rendered":"http:\/\/localhost\/samba\/?page_id=33"},"modified":"2025-08-05T14:11:41","modified_gmt":"2025-08-05T17:11:41","slug":"historico","status":"publish","type":"page","link":"https:\/\/www.ufmg.br\/horizontesdosamba\/historico\/","title":{"rendered":"Hist\u00f3rico"},"content":{"rendered":"\t\t<div data-elementor-type=\"wp-page\" data-elementor-id=\"33\" class=\"elementor elementor-33\" data-elementor-post-type=\"page\">\n\t\t\t\t\t\t<section class=\"elementor-section elementor-top-section elementor-element elementor-element-7e9724bc elementor-section-full_width elementor-section-stretched elementor-section-height-default elementor-section-height-default\" data-id=\"7e9724bc\" data-element_type=\"section\" data-settings=\"{&quot;background_background&quot;:&quot;classic&quot;,&quot;shape_divider_top&quot;:&quot;curve-asymmetrical&quot;,&quot;shape_divider_bottom&quot;:&quot;pyramids&quot;,&quot;stretch_section&quot;:&quot;section-stretched&quot;}\">\n\t\t\t\t\t\t\t<div class=\"elementor-background-overlay\"><\/div>\n\t\t\t\t\t\t<div class=\"elementor-shape elementor-shape-top\" aria-hidden=\"true\" data-negative=\"false\">\n\t\t\t<svg xmlns=\"http:\/\/www.w3.org\/2000\/svg\" viewBox=\"0 0 1000 100\" preserveAspectRatio=\"none\">\n\t<path class=\"elementor-shape-fill\" d=\"M0,0c0,0,0,6,0,6.7c0,18,240.2,93.6,615.2,92.6C989.8,98.5,1000,25,1000,6.7c0-0.7,0-6.7,0-6.7H0z\"\/>\n<\/svg>\t\t<\/div>\n\t\t\t\t<div class=\"elementor-shape elementor-shape-bottom\" aria-hidden=\"true\" data-negative=\"false\">\n\t\t\t<svg xmlns=\"http:\/\/www.w3.org\/2000\/svg\" viewBox=\"0 0 1000 100\" preserveAspectRatio=\"none\">\n\t<path class=\"elementor-shape-fill\" d=\"M761.9,44.1L643.1,27.2L333.8,98L0,3.8V0l1000,0v3.9\"\/>\n<\/svg>\t\t<\/div>\n\t\t\t\t\t<div class=\"elementor-container elementor-column-gap-no\">\n\t\t\t\t\t<div class=\"elementor-column elementor-col-100 elementor-top-column elementor-element elementor-element-48364ed2\" data-id=\"48364ed2\" data-element_type=\"column\">\n\t\t\t<div class=\"elementor-widget-wrap elementor-element-populated\">\n\t\t\t\t\t\t<div class=\"elementor-element elementor-element-797e9f76 elementor-widget elementor-widget-image\" data-id=\"797e9f76\" data-element_type=\"widget\" data-widget_type=\"image.default\">\n\t\t\t\t<div class=\"elementor-widget-container\">\n\t\t\t\t\t\t\t\t\t\t\t\t\t\t\t<img fetchpriority=\"high\" decoding=\"async\" width=\"1920\" height=\"631\" src=\"https:\/\/www.ufmg.br\/horizontesdosamba\/wp-content\/uploads\/2025\/01\/processo.jpg\" class=\"attachment-full size-full wp-image-667\" alt=\"\" srcset=\"https:\/\/www.ufmg.br\/horizontesdosamba\/wp-content\/uploads\/2025\/01\/processo.jpg 1920w, https:\/\/www.ufmg.br\/horizontesdosamba\/wp-content\/uploads\/2025\/01\/processo-300x99.jpg 300w, https:\/\/www.ufmg.br\/horizontesdosamba\/wp-content\/uploads\/2025\/01\/processo-1024x337.jpg 1024w, https:\/\/www.ufmg.br\/horizontesdosamba\/wp-content\/uploads\/2025\/01\/processo-768x252.jpg 768w, https:\/\/www.ufmg.br\/horizontesdosamba\/wp-content\/uploads\/2025\/01\/processo-1536x505.jpg 1536w\" sizes=\"(max-width: 1920px) 100vw, 1920px\" \/>\t\t\t\t\t\t\t\t\t\t\t\t\t\t\t<\/div>\n\t\t\t\t<\/div>\n\t\t\t\t\t<\/div>\n\t\t<\/div>\n\t\t\t\t\t<\/div>\n\t\t<\/section>\n\t\t<div class=\"elementor-element elementor-element-2a2771f e-flex e-con-boxed e-con e-parent\" data-id=\"2a2771f\" data-element_type=\"container\" data-settings=\"{&quot;background_background&quot;:&quot;classic&quot;}\">\n\t\t\t\t\t<div class=\"e-con-inner\">\n\t\t<div class=\"elementor-element elementor-element-74174e9 e-con-full e-flex e-con e-child\" data-id=\"74174e9\" data-element_type=\"container\">\n\t\t\t\t<div class=\"elementor-element elementor-element-c055f04 elementor-widget elementor-widget-image\" data-id=\"c055f04\" data-element_type=\"widget\" data-widget_type=\"image.default\">\n\t\t\t\t<div class=\"elementor-widget-container\">\n\t\t\t\t\t\t\t\t\t\t\t\t\t\t\t<img decoding=\"async\" src=\"https:\/\/www.ufmg.br\/horizontesdosamba\/wp-content\/uploads\/elementor\/thumbs\/08historico-r9thp9mj6enqpkkwhkisdbudpp2avyzygqk5987jmo.png\" title=\"08historico\" alt=\"08historico\" loading=\"lazy\" \/>\t\t\t\t\t\t\t\t\t\t\t\t\t\t\t<\/div>\n\t\t\t\t<\/div>\n\t\t\t\t<div class=\"elementor-element elementor-element-a13eb59 elementor-widget elementor-widget-text-editor\" data-id=\"a13eb59\" data-element_type=\"widget\" data-widget_type=\"text-editor.default\">\n\t\t\t\t<div class=\"elementor-widget-container\">\n\t\t\t\t\t\t\t\t\t<p><span style=\"font-weight: 400;\">Ap\u00f3s realizar uma <\/span><i><span style=\"font-weight: 400;\">live<\/span><\/i><span style=\"font-weight: 400;\"> no dia 5 de abril de 2021, sobre o tema \u201cMem\u00f3ria, Hist\u00f3ria e Patrim\u00f4nio do Samba de Belo Horizonte\u201d, o Coletivo de Sambistas Mestre Conga convidou a Funda\u00e7\u00e3o Municipal de Cultura\/PBH e o Projeto Rep\u00fablica\/UFMG para estabeleceram uma parceria diante da necessidade de estudos mais aprofundados sobre a hist\u00f3ria do samba e de sua import\u00e2ncia para a vida cultural da capital mineira. A partir desse ponto de partida, os tr\u00eas parceiros elaboraram um plano de trabalho horizontal, coletivo e participativo, contendo detalhamento das a\u00e7\u00f5es a serem desenvolvidas, bem como as metas, etapas e fases de execu\u00e7\u00e3o com prazos de entrega pactuados em acordo m\u00fatuo, visando o registro do Samba como patrim\u00f4nio cultural imaterial da cidade.<\/span><\/p>\t\t\t\t\t\t\t\t<\/div>\n\t\t\t\t<\/div>\n\t\t\t\t<div class=\"elementor-element elementor-element-5a6fdf0 elementor-widget elementor-widget-image\" data-id=\"5a6fdf0\" data-element_type=\"widget\" data-widget_type=\"image.default\">\n\t\t\t\t<div class=\"elementor-widget-container\">\n\t\t\t\t\t\t\t\t\t\t\t\t\t\t\t\t<a href=\"https:\/\/www.ufmg.br\/horizontesdosamba\/wp-content\/uploads\/2025\/08\/Coletivo-Mestre-Conga-Apresentacao.pdf\" target=\"_blank\">\n\t\t\t\t\t\t\t<img decoding=\"async\" src=\"https:\/\/www.ufmg.br\/horizontesdosamba\/wp-content\/uploads\/elementor\/thumbs\/processo01-r0fxnn0l8jnmtlg5gxmsb5oe0ilpj69xewiuux4jro.png\" title=\"processo01\" alt=\"processo01\" loading=\"lazy\" \/>\t\t\t\t\t\t\t\t<\/a>\n\t\t\t\t\t\t\t\t\t\t\t\t\t\t\t<\/div>\n\t\t\t\t<\/div>\n\t\t\t\t<div class=\"elementor-element elementor-element-88ad633 elementor-widget elementor-widget-image\" data-id=\"88ad633\" data-element_type=\"widget\" data-widget_type=\"image.default\">\n\t\t\t\t<div class=\"elementor-widget-container\">\n\t\t\t\t\t\t\t\t\t\t\t\t\t\t\t\t<a href=\"https:\/\/www.ufmg.br\/horizontesdosamba\/wp-content\/uploads\/2025\/08\/Projeto-Republica-apresentacao-1.pdf\" target=\"_blank\">\n\t\t\t\t\t\t\t<img decoding=\"async\" src=\"https:\/\/www.ufmg.br\/horizontesdosamba\/wp-content\/uploads\/elementor\/thumbs\/processo02-r0fxnn0kg1gefsuetqmkh4c5udu9pl1quahdv1o6lc-1-r9thpddvpumj9y041likjd7bn3msfyqvosbksqx26s.png\" title=\"processo02-r0fxnn0kg1gefsuetqmkh4c5udu9pl1quahdv1o6lc (1)\" alt=\"processo02-r0fxnn0kg1gefsuetqmkh4c5udu9pl1quahdv1o6lc (1)\" loading=\"lazy\" \/>\t\t\t\t\t\t\t\t<\/a>\n\t\t\t\t\t\t\t\t\t\t\t\t\t\t\t<\/div>\n\t\t\t\t<\/div>\n\t\t\t\t<div class=\"elementor-element elementor-element-5a380c3 elementor-widget elementor-widget-image\" data-id=\"5a380c3\" data-element_type=\"widget\" data-widget_type=\"image.default\">\n\t\t\t\t<div class=\"elementor-widget-container\">\n\t\t\t\t\t\t\t\t\t\t\t\t\t\t\t\t<a href=\"https:\/\/www.ufmg.br\/horizontesdosamba\/wp-content\/uploads\/2025\/08\/Parecer-DCPI-FMC-PBH-2.pdf\" target=\"_blank\">\n\t\t\t\t\t\t\t<img decoding=\"async\" width=\"217\" height=\"66\" src=\"https:\/\/www.ufmg.br\/horizontesdosamba\/wp-content\/uploads\/2025\/04\/botao_parecer-1-1.png\" class=\"attachment-full size-full wp-image-1239\" alt=\"\" \/>\t\t\t\t\t\t\t\t<\/a>\n\t\t\t\t\t\t\t\t\t\t\t\t\t\t\t<\/div>\n\t\t\t\t<\/div>\n\t\t\t\t<div class=\"elementor-element elementor-element-f6a66ac elementor-widget elementor-widget-text-editor\" data-id=\"f6a66ac\" data-element_type=\"widget\" data-widget_type=\"text-editor.default\">\n\t\t\t\t<div class=\"elementor-widget-container\">\n\t\t\t\t\t\t\t\t\t<p><b>AGRADECIMENTOS\u00a0<\/b><\/p><p><span style=\"font-weight: 400;\">Ana Rita de Melo (FUNDEP\/UFMG)<br \/><\/span><span style=\"font-weight: 400;\">Bernardo Rezende (COPI\/UFMG)<br \/><\/span><span style=\"font-weight: 400;\">Blocos Afros de Belo Horizonte<br \/><\/span><span style=\"font-weight: 400;\">Blocos Caricatos de Belo Horizonte<br \/><\/span><span style=\"font-weight: 400;\">Blocos de Rua de Belo Horizonte<br \/><\/span><span style=\"font-weight: 400;\">Bruno Teatini (FUNDEP\/UFMG)<br \/><\/span><span style=\"font-weight: 400;\">Camilo Gan (Bloco Magia Negra)<br \/><\/span><span style=\"font-weight: 400;\">Centro Cultural Liberalino Alves de Oliveira (CCLAO\/PBH)<br \/><\/span><span style=\"font-weight: 400;\">Centro de Refer\u00eancia das Juventudes (CRJ\/PBH)<br \/><\/span><span style=\"font-weight: 400;\">Cl\u00e1udio Zaz\u00e1 (R\u00e1dio UFMG Educativa 104, 5 FM)<br \/><\/span><span style=\"font-weight: 400;\">Emerg\u00eancia Cultural<br \/><\/span><span style=\"font-weight: 400;\">Escolas de Samba de Belo Horizonte<br \/><\/span><span style=\"font-weight: 400;\">Estudantes da disciplina \u201cCartografias do samba em Belo Horizonte: escutas, pr\u00e1ticas e teorias\u201d do Programa de Forma\u00e7\u00f5es Transversais da UFMG<br \/><\/span><span style=\"font-weight: 400;\">Estudantes da disciplina \u201cSom e Sentido\u201d dos cursos de gradua\u00e7\u00e3o em Jornalismo, Publicidade e Rela\u00e7\u00f5es P\u00fablicas\u00a0da\u00a0UFMG<br \/><\/span><span style=\"font-weight: 400;\">F\u00e1bia Pereira de Lima (CEDECOM\/UFMG)<br \/><\/span><span style=\"font-weight: 400;\">Fernando Mencarelli (PROCULT\/UFMG)<br \/><\/span><span style=\"font-weight: 400;\">Fernando Rocha (Conservat\u00f3rio de M\u00fasica\/UFMG)<br \/><\/span><span style=\"font-weight: 400;\">Fl\u00e1vio de Almeida (CEDECOM\/UFMG)<br \/><\/span><span style=\"font-weight: 400;\">Luiz Ant\u00f4nio Simas<br \/><\/span><span style=\"font-weight: 400;\">Luiza Gl\u00f3ria (R\u00e1dio UFMG Educativa 104, 5 FM)<br \/><\/span><span style=\"font-weight: 400;\">Maca\u00e9 Evaristo (Assessores e equipe de seu gabinete na C\u00e2mara Legislativa Municipal)<br \/><\/span><span style=\"font-weight: 400;\">Marcilio Lana (COPI\/UFMG)<br \/><\/span><span style=\"font-weight: 400;\">Maria Let\u00edcia Seabra (Conservat\u00f3rio de M\u00fasica\/UFMG)<br \/><\/span><span style=\"font-weight: 400;\">Mestras e mestres do Samba de Belo Horizonte<br \/><\/span><span style=\"font-weight: 400;\">M\u00eddia NINJA<br \/><\/span><span style=\"font-weight: 400;\">M\u00f4nica Ribeiro (PROCULT\/UFMG)<br \/><\/span><span style=\"font-weight: 400;\">Museu da Imagem e do Som de Belo Horizonte (MIS-BH\/PBH)<br \/><\/span><span style=\"font-weight: 400;\">Museu da Moda de Belo Horizonte (MUMO\/PBH)<br \/><\/span><span style=\"font-weight: 400;\">Museu Hist\u00f3rico Ab\u00edlio Barreto (MHAB\/PBH)<br \/><\/span><span style=\"font-weight: 400;\">Reginaldo Lopes (Assessores e equipe de seu gabinete na C\u00e2mara dos Deputados)<\/span><\/p>\t\t\t\t\t\t\t\t<\/div>\n\t\t\t\t<\/div>\n\t\t\t\t<div class=\"elementor-element elementor-element-c76f3d1 elementor-widget elementor-widget-spacer\" data-id=\"c76f3d1\" data-element_type=\"widget\" data-widget_type=\"spacer.default\">\n\t\t\t\t<div class=\"elementor-widget-container\">\n\t\t\t\t\t\t\t<div class=\"elementor-spacer\">\n\t\t\t<div class=\"elementor-spacer-inner\"><\/div>\n\t\t<\/div>\n\t\t\t\t\t\t<\/div>\n\t\t\t\t<\/div>\n\t\t\t\t<\/div>\n\t\t<div class=\"elementor-element elementor-element-e8dff96 e-con-full e-flex e-con e-child\" data-id=\"e8dff96\" data-element_type=\"container\">\n\t\t\t\t<div class=\"elementor-element elementor-element-6b97873 elementor-widget elementor-widget-image\" data-id=\"6b97873\" data-element_type=\"widget\" data-widget_type=\"image.default\">\n\t\t\t\t<div class=\"elementor-widget-container\">\n\t\t\t\t\t\t\t\t\t\t\t\t\t\t\t<img decoding=\"async\" width=\"440\" height=\"433\" src=\"https:\/\/www.ufmg.br\/horizontesdosamba\/wp-content\/uploads\/2025\/01\/processo_bo.png\" class=\"attachment-large size-large wp-image-659\" alt=\"\" srcset=\"https:\/\/www.ufmg.br\/horizontesdosamba\/wp-content\/uploads\/2025\/01\/processo_bo.png 440w, https:\/\/www.ufmg.br\/horizontesdosamba\/wp-content\/uploads\/2025\/01\/processo_bo-300x295.png 300w\" sizes=\"(max-width: 440px) 100vw, 440px\" \/>\t\t\t\t\t\t\t\t\t\t\t\t\t\t\t<\/div>\n\t\t\t\t<\/div>\n\t\t\t\t<\/div>\n\t\t\t\t\t<\/div>\n\t\t\t\t<\/div>\n\t\t\t\t<\/div>\n\t\t","protected":false},"excerpt":{"rendered":"<p>Ap\u00f3s realizar uma live no dia 5 de abril de 2021, sobre o tema \u201cMem\u00f3ria, Hist\u00f3ria e Patrim\u00f4nio do Samba de Belo Horizonte\u201d, o Coletivo de Sambistas Mestre Conga convidou a Funda\u00e7\u00e3o Municipal de Cultura\/PBH e o Projeto Rep\u00fablica\/UFMG para estabeleceram uma parceria diante da necessidade de estudos mais aprofundados sobre a hist\u00f3ria do samba [&hellip;]<\/p>\n","protected":false},"author":1,"featured_media":0,"parent":0,"menu_order":0,"comment_status":"closed","ping_status":"closed","template":"","meta":{"footnotes":""},"class_list":["post-33","page","type-page","status-publish","hentry"],"_links":{"self":[{"href":"https:\/\/www.ufmg.br\/horizontesdosamba\/wp-json\/wp\/v2\/pages\/33","targetHints":{"allow":["GET"]}}],"collection":[{"href":"https:\/\/www.ufmg.br\/horizontesdosamba\/wp-json\/wp\/v2\/pages"}],"about":[{"href":"https:\/\/www.ufmg.br\/horizontesdosamba\/wp-json\/wp\/v2\/types\/page"}],"author":[{"embeddable":true,"href":"https:\/\/www.ufmg.br\/horizontesdosamba\/wp-json\/wp\/v2\/users\/1"}],"replies":[{"embeddable":true,"href":"https:\/\/www.ufmg.br\/horizontesdosamba\/wp-json\/wp\/v2\/comments?post=33"}],"version-history":[{"count":56,"href":"https:\/\/www.ufmg.br\/horizontesdosamba\/wp-json\/wp\/v2\/pages\/33\/revisions"}],"predecessor-version":[{"id":1288,"href":"https:\/\/www.ufmg.br\/horizontesdosamba\/wp-json\/wp\/v2\/pages\/33\/revisions\/1288"}],"wp:attachment":[{"href":"https:\/\/www.ufmg.br\/horizontesdosamba\/wp-json\/wp\/v2\/media?parent=33"}],"curies":[{"name":"wp","href":"https:\/\/api.w.org\/{rel}","templated":true}]}}