{"id":35,"date":"2024-11-14T14:45:44","date_gmt":"2024-11-14T17:45:44","guid":{"rendered":"http:\/\/localhost\/samba\/?page_id=35"},"modified":"2025-04-08T12:32:17","modified_gmt":"2025-04-08T15:32:17","slug":"creditos","status":"publish","type":"page","link":"https:\/\/www.ufmg.br\/horizontesdosamba\/creditos\/","title":{"rendered":"Cr\u00e9ditos"},"content":{"rendered":"\t\t<div data-elementor-type=\"wp-page\" data-elementor-id=\"35\" class=\"elementor elementor-35\" data-elementor-post-type=\"page\">\n\t\t\t\t\t\t<section class=\"elementor-section elementor-top-section elementor-element elementor-element-6ed6d2af elementor-section-full_width elementor-section-stretched elementor-section-height-default elementor-section-height-default\" data-id=\"6ed6d2af\" data-element_type=\"section\" data-settings=\"{&quot;background_background&quot;:&quot;classic&quot;,&quot;stretch_section&quot;:&quot;section-stretched&quot;}\">\n\t\t\t\t\t\t\t<div class=\"elementor-background-overlay\"><\/div>\n\t\t\t\t\t\t\t<div class=\"elementor-container elementor-column-gap-no\">\n\t\t\t\t\t<div class=\"elementor-column elementor-col-100 elementor-top-column elementor-element elementor-element-31662fc8\" data-id=\"31662fc8\" data-element_type=\"column\">\n\t\t\t<div class=\"elementor-widget-wrap elementor-element-populated\">\n\t\t\t\t\t\t<div class=\"elementor-element elementor-element-7c465a16 elementor-widget elementor-widget-image\" data-id=\"7c465a16\" data-element_type=\"widget\" data-widget_type=\"image.default\">\n\t\t\t\t<div class=\"elementor-widget-container\">\n\t\t\t\t\t\t\t\t\t\t\t\t\t\t\t<img fetchpriority=\"high\" decoding=\"async\" width=\"1920\" height=\"599\" src=\"https:\/\/www.ufmg.br\/horizontesdosamba\/wp-content\/uploads\/2024\/11\/cabecalho7.png\" class=\"attachment-full size-full wp-image-324\" alt=\"\" srcset=\"https:\/\/www.ufmg.br\/horizontesdosamba\/wp-content\/uploads\/2024\/11\/cabecalho7.png 1920w, https:\/\/www.ufmg.br\/horizontesdosamba\/wp-content\/uploads\/2024\/11\/cabecalho7-300x94.png 300w, https:\/\/www.ufmg.br\/horizontesdosamba\/wp-content\/uploads\/2024\/11\/cabecalho7-1024x319.png 1024w, https:\/\/www.ufmg.br\/horizontesdosamba\/wp-content\/uploads\/2024\/11\/cabecalho7-768x240.png 768w, https:\/\/www.ufmg.br\/horizontesdosamba\/wp-content\/uploads\/2024\/11\/cabecalho7-1536x479.png 1536w\" sizes=\"(max-width: 1920px) 100vw, 1920px\" \/>\t\t\t\t\t\t\t\t\t\t\t\t\t\t\t<\/div>\n\t\t\t\t<\/div>\n\t\t\t\t\t<\/div>\n\t\t<\/div>\n\t\t\t\t\t<\/div>\n\t\t<\/section>\n\t\t<div class=\"elementor-element elementor-element-6f6a61b e-flex e-con-boxed e-con e-parent\" data-id=\"6f6a61b\" data-element_type=\"container\">\n\t\t\t\t\t<div class=\"e-con-inner\">\n\t\t<div class=\"elementor-element elementor-element-3d631cb e-con-full e-flex e-con e-child\" data-id=\"3d631cb\" data-element_type=\"container\">\n\t\t\t\t<div class=\"elementor-element elementor-element-61eb7e9 elementor-widget elementor-widget-image\" data-id=\"61eb7e9\" data-element_type=\"widget\" data-widget_type=\"image.default\">\n\t\t\t\t<div class=\"elementor-widget-container\">\n\t\t\t\t\t\t\t\t\t\t\t\t\t\t\t<img decoding=\"async\" src=\"https:\/\/www.ufmg.br\/horizontesdosamba\/wp-content\/uploads\/elementor\/thumbs\/09creditos-r9thp9mivvr4u16mvaeapkpz5noipri2h56dv79elc.png\" title=\"09creditos\" alt=\"09creditos\" loading=\"lazy\" \/>\t\t\t\t\t\t\t\t\t\t\t\t\t\t\t<\/div>\n\t\t\t\t<\/div>\n\t\t\t\t<div class=\"elementor-element elementor-element-2f40d3d elementor-widget__width-initial elementor-widget elementor-widget-text-editor\" data-id=\"2f40d3d\" data-element_type=\"widget\" data-widget_type=\"text-editor.default\">\n\t\t\t\t<div class=\"elementor-widget-container\">\n\t\t\t\t\t\t\t\t\t<h4><b>Prefeitura de Belo Horizonte\u00a0(PBH)<\/b><\/h4><p><span style=\"font-weight: 400;\">Fuad Jorge Noman Filho<\/span><span style=\"font-weight: 400;\"><br \/><\/span><i><span style=\"font-weight: 400;\">Prefeito de Belo Horizonte\u00a0<\/span><\/i><\/p><p><span style=\"font-weight: 400;\">Eliane Parreiras<\/span><span style=\"font-weight: 400;\"><br \/><\/span><i><span style=\"font-weight: 400;\">Secret\u00e1ria de Cultura de Belo Horizonte\u00a0<\/span><\/i><\/p><p><span style=\"font-weight: 400;\">Bernardo Rocha Correia <\/span><span style=\"font-weight: 400;\"><br \/><\/span><i><span style=\"font-weight: 400;\">Presidente da Funda\u00e7\u00e3o Municipal de Cultura\u00a0<\/span><\/i><\/p><p><span style=\"font-weight: 400;\">Carlos Henrique Bicalho <\/span><span style=\"font-weight: 400;\"><br \/><\/span><i><span style=\"font-weight: 400;\">Diretor de Patrim\u00f4nio Cultural\u00a0<\/span><\/i><\/p><p><span style=\"font-weight: 400;\">\u00c1lan Oziel da Silva Pires <\/span><span style=\"font-weight: 400;\"><br \/><\/span><i><span style=\"font-weight: 400;\">Coordenador do Patrim\u00f4nio Imaterial<\/span><\/i><i><span style=\"font-weight: 400;\"><br \/><\/span><\/i><i><span style=\"font-weight: 400;\">Coordenador do Projeto Horizontes do Samba pela Diretoria de Patrim\u00f4nio Cultural<\/span><\/i><\/p><p><span style=\"font-weight: 400;\">Vanessa Taveira de Souza<\/span><span style=\"font-weight: 400;\"><br \/><\/span><i><span style=\"font-weight: 400;\">Arquiteta e Urbanista &#8211; Diretoria de Patrim\u00f4nio Cultural<\/span><\/i><\/p><p><span style=\"font-weight: 400;\">Laura Meniconi Rezende<\/span><span style=\"font-weight: 400;\"><br \/><\/span><i><span style=\"font-weight: 400;\">Estagi\u00e1ria de Hist\u00f3ria &#8211; Diretoria de Patrim\u00f4nio Cultural<\/span><\/i><\/p><p><span style=\"font-weight: 400;\">Wambembe da Luz Chitacumula<\/span><span style=\"font-weight: 400;\"><br \/><\/span><i><span style=\"font-weight: 400;\">Estagi\u00e1rio de Hist\u00f3ria &#8211; Diretoria de Patrim\u00f4nio Cultural<\/span><\/i><\/p><h4><b>Coletivo de Sambistas Mestre Conga<\/b><span style=\"font-weight: 400;\">\u00a0<\/span><\/h4><p><span style=\"font-weight: 400;\">Marcos Maia <\/span><span style=\"font-weight: 400;\"><br \/><\/span><i><span style=\"font-weight: 400;\">Coordenador geral e coordenador de pesquisa do Projeto Horizontes do Samba<\/span><\/i><\/p><p><span style=\"font-weight: 400;\">Carlos Magno Caetano (Carlitos Brasil)<\/span><span style=\"font-weight: 400;\"><br \/><\/span><i><span style=\"font-weight: 400;\">Coordenador de pesquisa Blocos de Rua e Roda de Samba\u00a0<\/span><\/i><\/p><p><span style=\"font-weight: 400;\">Eliete Luiza Evangelista (Eliete N\u00e1)<\/span><span style=\"font-weight: 400;\"><br \/><\/span><i><span style=\"font-weight: 400;\">Coordenadora de pesquisa Presen\u00e7a das Mulheres na Hist\u00f3ria do Samba\u00a0<\/span><\/i><\/p><p><span style=\"font-weight: 400;\">Leonardo de Jesus da Silva (Leo de Jesus)\u00a0 <\/span><span style=\"font-weight: 400;\"><br \/><\/span><i><span style=\"font-weight: 400;\">Coordenador de pesquisa Blocos Caricatos\u00a0<\/span><\/i><\/p><p><span style=\"font-weight: 400;\">M\u00e1rio C\u00e9sar de Almeida\u00a0 <\/span><span style=\"font-weight: 400;\"><br \/><\/span><i><span style=\"font-weight: 400;\">Coordenador do Conselho de Mestres<\/span><\/i><\/p><p><span style=\"font-weight: 400;\">Raimundo Nonato da Silva (Nonato do Samba) <\/span><span style=\"font-weight: 400;\"><br \/><\/span><i><span style=\"font-weight: 400;\">Coordenador de pesquisa Escolas de Samba\u00a0<\/span><\/i><\/p><p><span style=\"font-weight: 400;\">Rosane Pires Viana<\/span><span style=\"font-weight: 400;\"><br \/><\/span><i><span style=\"font-weight: 400;\">Coordenadora de pesquisa Presen\u00e7a das Mulheres na Hist\u00f3ria do Samba<\/span><\/i><span style=\"font-weight: 400;\">\u00a0<\/span><span style=\"font-weight: 400;\">\u00a0<\/span><\/p><h4><b>Universidade Federal de Minas Gerais<\/b><\/h4><p><span style=\"font-weight: 400;\">Sandra Regina Goulart Almeida <\/span><span style=\"font-weight: 400;\"><br \/><\/span><i><span style=\"font-weight: 400;\">Reitora da UFMG\u00a0<\/span><\/i><\/p><p><span style=\"font-weight: 400;\">Z\u00e9lia In\u00eas Portela Lobato <\/span><span style=\"font-weight: 400;\"><br \/><\/span><i><span style=\"font-weight: 400;\">Diretora da Diretoria de Coopera\u00e7\u00e3o Institucional\u00a0<\/span><\/i><\/p><p><span style=\"font-weight: 400;\">Jaime Arturo Ram\u00edrez <\/span><span style=\"font-weight: 400;\"><br \/><\/span><i><span style=\"font-weight: 400;\">Presidente da Funda\u00e7\u00e3o de Desenvolvimento da Pesquisa<\/span><\/i><\/p><p><span style=\"font-weight: 400;\">Thais Porlan de Oliveira <\/span><span style=\"font-weight: 400;\"><br \/><\/span><i><span style=\"font-weight: 400;\">Diretora da Faculdade de Filosofia e Ci\u00eancias Humanas\u00a0<\/span><\/i><\/p><p><span style=\"font-weight: 400;\">Miriam Hermeto S\u00e1 Motta<\/span><span style=\"font-weight: 400;\"><br \/><\/span><i><span style=\"font-weight: 400;\">Chefe do Departamento de Hist\u00f3ria<\/span><\/i><\/p><p><span style=\"font-weight: 400;\">Heloisa Maria Murgel Starling <\/span><span style=\"font-weight: 400;\"><br \/><\/span><i><span style=\"font-weight: 400;\">Coordenadora do Projeto Rep\u00fablica: n\u00facleo de pesquisa, documenta\u00e7\u00e3o e mem\u00f3ria<\/span><\/i><\/p><p><span style=\"font-weight: 400;\">Bruno Viveiros Martins <\/span><span style=\"font-weight: 400;\"><br \/><\/span><i><span style=\"font-weight: 400;\">Coordenador geral e coordenador de pesquisa do Projeto Horizontes do Samba\u00a0<\/span><\/i><\/p><p><span style=\"font-weight: 400;\">Igor Barbosa Cardoso <\/span><span style=\"font-weight: 400;\"><br \/><\/span><i><span style=\"font-weight: 400;\">Coordenador geral e coordenador de pesquisa do Projeto Horizontes do Samba\u00a0<\/span><\/i><\/p><p><i><span style=\"font-weight: 400;\">Pesquisadores do Projeto Rep\u00fablica\/UFMG<\/span><\/i><i><span style=\"font-weight: 400;\"><br \/><\/span><\/i><span style=\"font-weight: 400;\">\u00c1lic de Sousa Andrada <\/span><span style=\"font-weight: 400;\"><br \/><\/span><span style=\"font-weight: 400;\">\u00c1lvaro P\u00e1dua <\/span><span style=\"font-weight: 400;\"><br \/><\/span><span style=\"font-weight: 400;\">Anna Carolina Viana <\/span><span style=\"font-weight: 400;\"><br \/><\/span><span style=\"font-weight: 400;\">Augusto Carvalho Borges<\/span><span style=\"font-weight: 400;\"><br \/><\/span><span style=\"font-weight: 400;\">Caua\u0303 Toscano Zenha Leite <\/span><span style=\"font-weight: 400;\"><br \/><\/span><span style=\"font-weight: 400;\">Christian Henrique Pereira Oliveira <\/span><span style=\"font-weight: 400;\"><br \/><\/span><span style=\"font-weight: 400;\">Danilo Araujo Marques <\/span><span style=\"font-weight: 400;\"><br \/><\/span><span style=\"font-weight: 400;\">Francis Augusto Duarte <\/span><span style=\"font-weight: 400;\"><br \/><\/span><span style=\"font-weight: 400;\">Gabriel Silva Arruda <\/span><span style=\"font-weight: 400;\"><br \/><\/span><span style=\"font-weight: 400;\">Giovana Vit\u00f3ria Dotta <\/span><span style=\"font-weight: 400;\"><br \/><\/span><span style=\"font-weight: 400;\">Isabella Caroline de Souza <\/span><span style=\"font-weight: 400;\"><br \/><\/span><span style=\"font-weight: 400;\">Joa\u0303o Carlos Starling do Nascimento Passos <\/span><span style=\"font-weight: 400;\"><br \/><\/span><span style=\"font-weight: 400;\">Lucas Garabini Can\u00e7ado<\/span><span style=\"font-weight: 400;\"><br \/><\/span><span style=\"font-weight: 400;\">Marcela Telles Elian de Lima <\/span><span style=\"font-weight: 400;\"><br \/><\/span><span style=\"font-weight: 400;\">Marina Morgan<\/span><span style=\"font-weight: 400;\"><br \/><\/span><span style=\"font-weight: 400;\">Nayara Corre\u0302a Henriques Pinto <\/span><span style=\"font-weight: 400;\"><br \/><\/span><span style=\"font-weight: 400;\">Ta\u00eds Gomes <\/span><span style=\"font-weight: 400;\"><br \/><\/span><span style=\"font-weight: 400;\">Thiago Borges<\/span><\/p><p><span style=\"font-weight: 400;\">Wander Melo Miranda<\/span><span style=\"font-weight: 400;\"><br \/><\/span><i><span style=\"font-weight: 400;\">Revis\u00e3o<\/span><\/i><\/p><p><span style=\"font-weight: 400;\">Thiago Borges<\/span><span style=\"font-weight: 400;\"><br \/><\/span><i><span style=\"font-weight: 400;\">Diagrama\u00e7\u00e3o<\/span><\/i><\/p><p><span style=\"font-weight: 400;\">Andr\u00e9 Luiz Alves Santos e Thalles Duarte Magalh\u00e3es Coelho<\/span><span style=\"font-weight: 400;\"><br \/><\/span><i><span style=\"font-weight: 400;\">Editora\u00e7\u00e3o Eletr\u00f4nica<\/span><\/i><\/p><p><span style=\"font-weight: 400;\">Camilo de Oliveira Aggio<\/span><span style=\"font-weight: 400;\"><br \/><\/span><i><span style=\"font-weight: 400;\">Chefe de Departamento da Comunica\u00e7\u00e3o Social\u00a0<\/span><\/i><\/p><p><span style=\"font-weight: 400;\">Graziela Mello Vianna <\/span><span style=\"font-weight: 400;\"><br \/><\/span><i><span style=\"font-weight: 400;\">Coordenadora do Projeto Escutas: grupo de pesquisa e estudos em sonoridades, comunica\u00e7\u00e3o, textualidades e sociabilidade<\/span><\/i><\/p><h4><b>Consultoria acad\u00eamica<\/b><\/h4><p><span style=\"font-weight: 400;\">Michele Arroyo <\/span><span style=\"font-weight: 400;\"><br \/><\/span><i><span style=\"font-weight: 400;\">Consultora em patrim\u00f4nio cultural imaterial e de pesquisa em Hist\u00f3ria e Ci\u00eancias Sociais<\/span><\/i><\/p><p><span style=\"font-weight: 400;\">Breno Trindade<\/span><span style=\"font-weight: 400;\"><br \/><\/span><i><span style=\"font-weight: 400;\">Consultor de pesquisa em Ci\u00eancias Sociais<\/span><\/i><\/p><h4><b>Site<\/b><\/h4><p><span style=\"font-weight: 400;\">Thiago Borges<\/span><span style=\"font-weight: 400;\"><br \/><\/span><i><span style=\"font-weight: 400;\">Desenho<\/span><\/i><\/p><p><span style=\"font-weight: 400;\">Andr\u00e9 Luiz e Thalles Coelho<\/span><span style=\"font-weight: 400;\"><br \/><\/span><i><span style=\"font-weight: 400;\">Programa\u00e7\u00e3o<\/span><\/i><\/p><p><span style=\"font-weight: 400;\">Esse site \u00e9 resultado do projeto \u201cHorizontes do Samba\u201d, a\u00e7\u00e3o integrante da Pol\u00edtica de Prote\u00e7\u00e3o ao Patrim\u00f4nio Cultural de Belo Horizonte, com recursos da emenda parlamentar municipal n\u00ba 399, cujo objetivo \u00e9 apontar diretrizes para um Plano de Salvaguarda para o Samba, considerando o contexto territorial, as condi\u00e7\u00f5es sociais e imateriais e os processos de transmiss\u00e3o de saberes e pr\u00e1ticas.<\/span><\/p><h3><b><br \/><br \/><\/b><\/h3>\t\t\t\t\t\t\t\t<\/div>\n\t\t\t\t<\/div>\n\t\t\t\t<\/div>\n\t\t<div class=\"elementor-element elementor-element-c834b53 e-con-full e-flex e-con e-child\" data-id=\"c834b53\" data-element_type=\"container\">\n\t\t\t\t<\/div>\n\t\t\t\t\t<\/div>\n\t\t\t\t<\/div>\n\t\t<div class=\"elementor-element elementor-element-caa7c14 e-flex e-con-boxed e-con e-parent\" data-id=\"caa7c14\" data-element_type=\"container\">\n\t\t\t\t\t<div class=\"e-con-inner\">\n\t\t\t\t\t<\/div>\n\t\t\t\t<\/div>\n\t\t\t\t<\/div>\n\t\t","protected":false},"excerpt":{"rendered":"<p>Prefeitura de Belo Horizonte\u00a0(PBH) Fuad Jorge Noman FilhoPrefeito de Belo Horizonte\u00a0 Eliane ParreirasSecret\u00e1ria de Cultura de Belo Horizonte\u00a0 Bernardo Rocha Correia Presidente da Funda\u00e7\u00e3o Municipal de Cultura\u00a0 Carlos Henrique Bicalho Diretor de Patrim\u00f4nio Cultural\u00a0 \u00c1lan Oziel da Silva Pires Coordenador do Patrim\u00f4nio ImaterialCoordenador do Projeto Horizontes do Samba pela Diretoria de Patrim\u00f4nio Cultural Vanessa Taveira [&hellip;]<\/p>\n","protected":false},"author":1,"featured_media":0,"parent":0,"menu_order":0,"comment_status":"closed","ping_status":"closed","template":"","meta":{"footnotes":""},"class_list":["post-35","page","type-page","status-publish","hentry"],"_links":{"self":[{"href":"https:\/\/www.ufmg.br\/horizontesdosamba\/wp-json\/wp\/v2\/pages\/35","targetHints":{"allow":["GET"]}}],"collection":[{"href":"https:\/\/www.ufmg.br\/horizontesdosamba\/wp-json\/wp\/v2\/pages"}],"about":[{"href":"https:\/\/www.ufmg.br\/horizontesdosamba\/wp-json\/wp\/v2\/types\/page"}],"author":[{"embeddable":true,"href":"https:\/\/www.ufmg.br\/horizontesdosamba\/wp-json\/wp\/v2\/users\/1"}],"replies":[{"embeddable":true,"href":"https:\/\/www.ufmg.br\/horizontesdosamba\/wp-json\/wp\/v2\/comments?post=35"}],"version-history":[{"count":43,"href":"https:\/\/www.ufmg.br\/horizontesdosamba\/wp-json\/wp\/v2\/pages\/35\/revisions"}],"predecessor-version":[{"id":1103,"href":"https:\/\/www.ufmg.br\/horizontesdosamba\/wp-json\/wp\/v2\/pages\/35\/revisions\/1103"}],"wp:attachment":[{"href":"https:\/\/www.ufmg.br\/horizontesdosamba\/wp-json\/wp\/v2\/media?parent=35"}],"curies":[{"name":"wp","href":"https:\/\/api.w.org\/{rel}","templated":true}]}}