{"id":660,"date":"2022-01-13T15:55:01","date_gmt":"2022-01-13T18:55:01","guid":{"rendered":"https:\/\/www.ufmg.br\/ieat\/iai\/?page_id=660"},"modified":"2022-11-07T10:06:30","modified_gmt":"2022-11-07T13:06:30","slug":"inicio","status":"publish","type":"page","link":"https:\/\/www.ufmg.br\/ieat\/iai\/br\/inicio\/","title":{"rendered":"Intelig\u00eancia e Intelig\u00eancia Artificial"},"content":{"rendered":"\n<p><br>A S\u00e9rie de Semin\u00e1rios UFMG Intelig\u00eancia e Intelig\u00eancia Artificial est\u00e1 programada para acontecer de 8 a 11 de novembro de 2022, paralelamente ao IV Encontro Intercontinental Academia em Belo Horizonte.<\/p>\n\n\n\n<p>O evento ser\u00e1 composto por palestras e mesas redondas, com a participa\u00e7\u00e3o de mentores do ICA4 e outros convidados da academia e da ind\u00fastria. As atividades acontecer\u00e3o no campus da Universidade Federal de Minas Gerais (UFMG), com transmiss\u00e3o ao vivo para institui\u00e7\u00f5es parceiras.<\/p>\n\n\n\n<p><strong>Os temas a serem discutidos s\u00e3o:<\/strong><\/p>\n\n\n\n<p>A. Rela\u00e7\u00e3o entre ci\u00eancia de sistemas complexos e intelig\u00eancia artificial<\/p>\n\n\n\n<p>B. Centros Nacionais de Pesquisa de IA no Brasil<\/p>\n\n\n\n<p>C. Fundamentos e aspectos \u00e9ticos da intelig\u00eancia artificial e ci\u00eancias cognitivas<\/p>\n\n\n\n<p>D. Neuroci\u00eancias e intelig\u00eancia artificial e suas leituras da cogni\u00e7\u00e3o<\/p>\n\n\n\n<p>E. O uso e benef\u00edcios da tecnologia na avalia\u00e7\u00e3o psicol\u00f3gica<\/p>\n\n\n\n<p>F. Intercontinental academia 4: Intelig\u00eancia e Intelig\u00eancia Artificial<\/p>\n\n\n\n<p>G. Sistemas rob\u00f3ticos inteligentes e sociedade<\/p>\n\n\n\n<p>H. Explora\u00e7\u00f5es interdisciplinares da intelig\u00eancia artificial<\/p>\n\n\n\n<p>I. Impacto da intelig\u00eancia artificial na sociedade<\/p>\n\n\n\n<p>J. Novas perspectivas sociais e econ\u00f4micas decorrentes da intelig\u00eancia artificial<\/p>\n\n\n\n<p><\/p>\n\n\n\n<p><strong>Comiss\u00e3o organizadora:<\/strong><\/p>\n\n\n\n<p>Estevam Barbosa de Las Casas \u2013 Diretor do IEAT\/UFMG<\/p>\n\n\n\n<p>Fernando Marcos dos Reis \u2013 Pr\u00f3-Reitor de Pesquisa da UFMG<\/p>\n\n\n\n<p>Jacqueline Aparecida Takahashi \u2013 Pr\u00f3-Reitora Adjunta de Pesquisa da UFMG<\/p>\n\n\n\n<p>Aziz Tuffi Saliba \u2013 Diretor da Diretoria de Rela\u00e7\u00f5es Internacionais da UFMG<\/p>\n\n\n\n<p>Frederico Gadelha Guimar\u00e3es \u2013 Coordenador do Programa de P\u00f3s-Gradua\u00e7\u00e3o em Engenharia El\u00e9trica da UFMG<\/p>\n\n\n\n<p>Carmen Elvira Flores-Mendoza Prado \u2013 Departamento de Psicologia da UFMG<\/p>\n\n\n\n<p>Andr\u00e9 Ricardo Massensini \u2013 Departamento de Fisiologia e Biof\u00edsica da UFMG<\/p>\n\n\n\n<p>Wagner Meira J\u00fanior \u2013 Departamento de Ci\u00eancia da Computa\u00e7\u00e3o da UFMG<\/p>\n\n\n\n<p>Guilherme Ary Plonski \u2013 Diretor do IEA\/USP<\/p>\n","protected":false},"excerpt":{"rendered":"<p>A S\u00e9rie de Semin\u00e1rios UFMG Intelig\u00eancia e Intelig\u00eancia Artificial est\u00e1 [&hellip;]<\/p>\n","protected":false},"author":2,"featured_media":0,"parent":0,"menu_order":0,"comment_status":"closed","ping_status":"closed","template":"","meta":[],"_links":{"self":[{"href":"https:\/\/www.ufmg.br\/ieat\/iai\/wp-json\/wp\/v2\/pages\/660"}],"collection":[{"href":"https:\/\/www.ufmg.br\/ieat\/iai\/wp-json\/wp\/v2\/pages"}],"about":[{"href":"https:\/\/www.ufmg.br\/ieat\/iai\/wp-json\/wp\/v2\/types\/page"}],"author":[{"embeddable":true,"href":"https:\/\/www.ufmg.br\/ieat\/iai\/wp-json\/wp\/v2\/users\/2"}],"replies":[{"embeddable":true,"href":"https:\/\/www.ufmg.br\/ieat\/iai\/wp-json\/wp\/v2\/comments?post=660"}],"version-history":[{"count":13,"href":"https:\/\/www.ufmg.br\/ieat\/iai\/wp-json\/wp\/v2\/pages\/660\/revisions"}],"predecessor-version":[{"id":1497,"href":"https:\/\/www.ufmg.br\/ieat\/iai\/wp-json\/wp\/v2\/pages\/660\/revisions\/1497"}],"wp:attachment":[{"href":"https:\/\/www.ufmg.br\/ieat\/iai\/wp-json\/wp\/v2\/media?parent=660"}],"curies":[{"name":"wp","href":"https:\/\/api.w.org\/{rel}","templated":true}]}}