{"id":1418,"date":"2022-09-05T11:34:49","date_gmt":"2022-09-05T14:34:49","guid":{"rendered":"https:\/\/www.ufmg.br\/ieat_novosite\/?page_id=1418"},"modified":"2024-05-15T15:38:05","modified_gmt":"2024-05-15T18:38:05","slug":"big-data-crise-epistemica-e-pos-verdade","status":"publish","type":"page","link":"https:\/\/www.ufmg.br\/ieat\/eventos\/big-data-crise-epistemica-e-pos-verdade\/","title":{"rendered":"Big data, crise epist\u00eamica e p\u00f3s-verdade"},"content":{"rendered":"<p><strong>Ciclo IEAT 20 anos<br \/>\n<\/strong><strong>Mesa-redonda\u00a0<\/strong><strong>Big data, crise epist\u00eamica e p\u00f3s-verdade<\/strong><\/p>\n<p><strong>Data:<\/strong> 19 de setembro de 2019<br \/>\n<strong>Local:<\/strong> Audit\u00f3rio 104 do Centro de Atividades Did\u00e1ticas 2 (CAD 2)<\/p>\n<p>A proposta do evento \u00e9 reunir pesquisadores de diferentes \u00e1reas do conhecimento e compet\u00eancias para debater o fen\u00f4meno da desinforma\u00e7\u00e3o. Discutir a crise epist\u00eamica e de p\u00f3s-verdade vivenciada atualmente visando debater o impacto e atua\u00e7\u00e3o de campanhas articuladas de desinforma\u00e7\u00e3o no Brasil e no exterior.\u00a0 A expectativa \u00e9 contribuir para uma melhor compreens\u00e3o dos desafios atuais e promover debates que possam resultar em pol\u00edticas e solu\u00e7\u00f5es para mitigar o problema no futuro.<\/p>\n<p>Evento realizado em parceria com o Departamento de Ci\u00eancia da Computa\u00e7\u00e3o da UFMG.<\/p>\n<style>#sp-ea-1417 .spcollapsing { height: 0; overflow: hidden; transition-property: height;transition-duration: 500ms;}#sp-ea-1417.sp-easy-accordion>.sp-ea-single {margin-bottom: 10px; border: 1px solid #e2e2e2; }#sp-ea-1417.sp-easy-accordion>.sp-ea-single>.ea-header a {color: #444;}#sp-ea-1417.sp-easy-accordion>.sp-ea-single>.sp-collapse>.ea-body {background: #fff; color: #444;}#sp-ea-1417.sp-easy-accordion>.sp-ea-single {background: #eee;}#sp-ea-1417.sp-easy-accordion>.sp-ea-single>.ea-header a .ea-expand-icon { float: left; color: #444;font-size: 16px;}<\/style><div id=\"sp_easy_accordion-1788686570\"><div id=\"sp-ea-1417\" class=\"sp-ea-one sp-easy-accordion\" data-ea-active=\"ea-click\" data-ea-mode=\"vertical\" data-preloader=\"\" data-scroll-active-item=\"\" data-offset-to-scroll=\"0\"><div class=\"ea-card ea-expand sp-ea-single\"><h3 class=\"ea-header\"><a class=\"collapsed\" id=\"ea-header-14170\" role=\"button\" data-sptoggle=\"spcollapse\" data-sptarget=\"#collapse14170\" aria-controls=\"collapse14170\" href=\"#\" aria-expanded=\"true\" tabindex=\"0\"><i aria-hidden=\"true\" role=\"presentation\" class=\"ea-expand-icon eap-icon-ea-expand-minus\"><\/i> V\u00eddeos<\/a><\/h3><div class=\"sp-collapse spcollapse collapsed show\" id=\"collapse14170\" data-parent=\"#sp-ea-1417\" role=\"region\" aria-labelledby=\"ea-header-14170\"> <div class=\"ea-body\"><p><iframe loading=\"lazy\" width=\"560\" height=\"315\" src=\"https:\/\/www.youtube.com\/embed\/MnX-_GkPTyE\" title=\"Big data, crise epist\u00eamica, p\u00f3s-verdade | Fabr\u00edcio Benevenuto - DCC\/UFMG\" frameborder=\"0\" allowfullscreen><\/iframe><br \/><iframe loading=\"lazy\" width=\"560\" height=\"315\" src=\"https:\/\/www.youtube.com\/embed\/wACdZ2mbr3s\" title=\"Big data, crise epist\u00eamica, p\u00f3s-verdade | M\u00f4nica Rosina - Gerente de Pol\u00edticas P\u00fablicas do Facebook\" frameborder=\"0\" allowfullscreen><\/iframe><br \/><iframe loading=\"lazy\" width=\"560\" height=\"315\" src=\"https:\/\/www.youtube.com\/embed\/kVmPTlj6CSY\" title=\"Big data, crise epist\u00eamica, p\u00f3s-verdade | Gilberto Scofield - Ag\u00eancia Lupa\" frameborder=\"0\" allowfullscreen><\/iframe><br \/><iframe loading=\"lazy\" width=\"560\" height=\"315\" src=\"https:\/\/www.youtube.com\/embed\/lHTlwFTvacE\" title=\"Big data, crise epist\u00eamica, p\u00f3s-verdade | Virg\u00edlio Almeida - DCC\/UFMG\" frameborder=\"0\" allowfullscreen><\/iframe><br \/><iframe loading=\"lazy\" width=\"560\" height=\"315\" src=\"https:\/\/www.youtube.com\/embed\/LUpF9IFtSGQ\" title=\"Big data, crise epist\u00eamica, p\u00f3s-verdade | Bruno Reis - DCP\/UFMG\" frameborder=\"0\" allowfullscreen><\/iframe><br \/><iframe loading=\"lazy\" width=\"560\" height=\"315\" src=\"https:\/\/www.youtube.com\/embed\/Jy1uqrwSLJA\" title=\"Big data, crise epist\u00eamica, p\u00f3s-verdade | Leonardo Sakamoto - Jornalista\" frameborder=\"0\" allowfullscreen><\/iframe><\/p><\/div><\/div><\/div><\/div><\/div>\n","protected":false},"excerpt":{"rendered":"<p>Ciclo IEAT 20 anos Mesa-redonda\u00a0Big data, crise epist\u00eamica e p\u00f3s-verdade [&hellip;]<\/p>\n","protected":false},"author":4,"featured_media":0,"parent":381,"menu_order":0,"comment_status":"closed","ping_status":"closed","template":"","meta":{"_acf_changed":false,"footnotes":""},"class_list":["post-1418","page","type-page","status-publish","hentry"],"acf":[],"_links":{"self":[{"href":"https:\/\/www.ufmg.br\/ieat\/wp-json\/wp\/v2\/pages\/1418","targetHints":{"allow":["GET"]}}],"collection":[{"href":"https:\/\/www.ufmg.br\/ieat\/wp-json\/wp\/v2\/pages"}],"about":[{"href":"https:\/\/www.ufmg.br\/ieat\/wp-json\/wp\/v2\/types\/page"}],"author":[{"embeddable":true,"href":"https:\/\/www.ufmg.br\/ieat\/wp-json\/wp\/v2\/users\/4"}],"replies":[{"embeddable":true,"href":"https:\/\/www.ufmg.br\/ieat\/wp-json\/wp\/v2\/comments?post=1418"}],"version-history":[{"count":2,"href":"https:\/\/www.ufmg.br\/ieat\/wp-json\/wp\/v2\/pages\/1418\/revisions"}],"predecessor-version":[{"id":4860,"href":"https:\/\/www.ufmg.br\/ieat\/wp-json\/wp\/v2\/pages\/1418\/revisions\/4860"}],"up":[{"embeddable":true,"href":"https:\/\/www.ufmg.br\/ieat\/wp-json\/wp\/v2\/pages\/381"}],"wp:attachment":[{"href":"https:\/\/www.ufmg.br\/ieat\/wp-json\/wp\/v2\/media?parent=1418"}],"curies":[{"name":"wp","href":"https:\/\/api.w.org\/{rel}","templated":true}]}}

Big data, crise epistêmica e pós-verdade

<p><strong>Ciclo IEAT 20 anos<br />
</strong><strong>Mesa-redonda </strong><strong>Big data, crise epistêmica e pós-verdade</strong></p>
<p><strong>Data:</strong> 19 de setembro de 2019<br />
<strong>Local:</strong> Auditório 104 do Centro de Atividades Didáticas 2 (CAD 2)</p>
<p>A proposta do evento é reunir pesquisadores de diferentes áreas do conhecimento e competências para debater o fenômeno da desinformação. Discutir a crise epistêmica e de pós-verdade vivenciada atualmente visando debater o impacto e atuação de campanhas articuladas de desinformação no Brasil e no exterior.  A expectativa é contribuir para uma melhor compreensão dos desafios atuais e promover debates que possam resultar em políticas e soluções para mitigar o problema no futuro.</p>
<p>Evento realizado em parceria com o Departamento de Ciência da Computação da UFMG.</p>
<style>#sp-ea-1417 .spcollapsing { height: 0; overflow: hidden; transition-property: height;transition-duration: 500ms;}#sp-ea-1417.sp-easy-accordion>.sp-ea-single {margin-bottom: 10px; border: 1px solid #e2e2e2; }#sp-ea-1417.sp-easy-accordion>.sp-ea-single>.ea-header a {color: #444;}#sp-ea-1417.sp-easy-accordion>.sp-ea-single>.sp-collapse>.ea-body {background: #fff; color: #444;}#sp-ea-1417.sp-easy-accordion>.sp-ea-single {background: #eee;}#sp-ea-1417.sp-easy-accordion>.sp-ea-single>.ea-header a .ea-expand-icon { float: left; color: #444;font-size: 16px;}</style><div id="sp_easy_accordion-1788686570"><div id="sp-ea-1417" class="sp-ea-one sp-easy-accordion" data-ea-active="ea-click" data-ea-mode="vertical" data-preloader="" data-scroll-active-item="" data-offset-to-scroll="0"><div class="ea-card ea-expand sp-ea-single"><h3 class="ea-header"><a class="collapsed" id="ea-header-14170" role="button" data-sptoggle="spcollapse" data-sptarget="#collapse14170" aria-controls="collapse14170" href="#" aria-expanded="true" tabindex="0"><i aria-hidden="true" role="presentation" class="ea-expand-icon eap-icon-ea-expand-minus"></i> Vídeos</a></h3><div class="sp-collapse spcollapse collapsed show" id="collapse14170" data-parent="#sp-ea-1417" role="region" aria-labelledby="ea-header-14170"> <div class="ea-body"><p><iframe loading="lazy" width="560" height="315" src="https://www.youtube.com/embed/MnX-_GkPTyE" title="Big data, crise epistêmica, pós-verdade | Fabrício Benevenuto - DCC/UFMG" frameborder="0" allowfullscreen></iframe><br /><iframe loading="lazy" width="560" height="315" src="https://www.youtube.com/embed/wACdZ2mbr3s" title="Big data, crise epistêmica, pós-verdade | Mônica Rosina - Gerente de Políticas Públicas do Facebook" frameborder="0" allowfullscreen></iframe><br /><iframe loading="lazy" width="560" height="315" src="https://www.youtube.com/embed/kVmPTlj6CSY" title="Big data, crise epistêmica, pós-verdade | Gilberto Scofield - Agência Lupa" frameborder="0" allowfullscreen></iframe><br /><iframe loading="lazy" width="560" height="315" src="https://www.youtube.com/embed/lHTlwFTvacE" title="Big data, crise epistêmica, pós-verdade | Virgílio Almeida - DCC/UFMG" frameborder="0" allowfullscreen></iframe><br /><iframe loading="lazy" width="560" height="315" src="https://www.youtube.com/embed/LUpF9IFtSGQ" title="Big data, crise epistêmica, pós-verdade | Bruno Reis - DCP/UFMG" frameborder="0" allowfullscreen></iframe><br /><iframe loading="lazy" width="560" height="315" src="https://www.youtube.com/embed/Jy1uqrwSLJA" title="Big data, crise epistêmica, pós-verdade | Leonardo Sakamoto - Jornalista" frameborder="0" allowfullscreen></iframe></p></div></div></div></div></div>

<p>Ciclo IEAT 20 anos Mesa-redonda Big data, crise epistêmica e pós-verdade [&hellip;]</p>
