{"id":2167,"date":"2022-10-31T09:52:05","date_gmt":"2022-10-31T12:52:05","guid":{"rendered":"https:\/\/www.ufmg.br\/ieat_novosite\/?page_id=2167"},"modified":"2025-09-22T13:47:16","modified_gmt":"2025-09-22T16:47:16","slug":"oraculos-da-geografia-iluminista","status":"publish","type":"page","link":"https:\/\/www.ufmg.br\/ieat\/publicacoes\/colecao-editora\/oraculos-da-geografia-iluminista\/","title":{"rendered":"Or\u00e1culos da geografia iluminista"},"content":{"rendered":"<p><a href=\"https:\/\/www.editoraufmg.com.br\/#\/pages\/obra\/169\" target=\"_blank\" rel=\"noopener noreferrer\"><img decoding=\"async\" class=\"\" src=\"https:\/\/www.ufmg.br\/ieat\/wp-content\/uploads\/2022\/10\/ORACULOS.jpg\" alt=\"Paris\" width=\"40%;\/\" \/><\/a><\/p>\n<p style=\"text-align: left;\" align=\"center\"><strong>Junia Ferreira Furtado (Autor)<br \/>\n<\/strong><strong>\u00c1rea:<\/strong>\u00a0Hist\u00f3ria | Geografia<br \/>\n<strong>Cole\u00e7\u00e3o:<\/strong>\u00a0IEAT<br \/>\n<strong>ISBN:<\/strong>\u00a08570419368<br \/>\n2012. 707 p.<\/p>\n<p style=\"text-align: left;\" align=\"center\"><a href=\"https:\/\/www.editoraufmg.com.br\/#\/pages\/obra\/169\" target=\"_blank\" rel=\"noopener noreferrer\"><img loading=\"lazy\" decoding=\"async\" class=\"alignnone wp-image-7283 size-full\" src=\"https:\/\/www.ufmg.br\/ieat\/wp-content\/uploads\/2025\/09\/editoraufmg_fundovermelho.png\" alt=\"\" width=\"218\" height=\"98\" \/><\/a><\/p>\n<p style=\"text-align: left;\">Na interse\u00e7\u00e3o entre hist\u00f3ria, cartografia e diplomacia, numa perspectiva transdisciplinar, este livro tem o intuito de investigar a colabora\u00e7\u00e3o estabelecida entre o embaixador portugu\u00eas dom Lu\u00eds da Cunha e o cart\u00f3grafo franc\u00eas Jean-Baptiste Bourguignon D\u2019Anville, para a produ\u00e7\u00e3o da Carte de l\u2019Am\u00e9rique m\u00e9ridionale, impressa em 1748. Essa colabora\u00e7\u00e3o visava criar uma nova apar\u00eancia geogr\u00e1fica do Brasil, imprimindo-lhe uma fei\u00e7\u00e3o continental, muito pr\u00f3xima \u00e0 do seu moderno territ\u00f3rio. Esse mapa n\u00e3o seria um espelho do real, mas sim um instrumento de convencimento que, segundo o desejo do embaixador, deveria ser utilizado pela coroa portuguesa nas negocia\u00e7\u00f5es futuras das fronteiras brasileiras.<\/p>\n","protected":false},"excerpt":{"rendered":"<p>Junia Ferreira Furtado (Autor) \u00c1rea:\u00a0Hist\u00f3ria | Geografia Cole\u00e7\u00e3o:\u00a0IEAT ISBN:\u00a08570419368 2012. [&hellip;]<\/p>\n","protected":false},"author":4,"featured_media":0,"parent":395,"menu_order":0,"comment_status":"closed","ping_status":"closed","template":"","meta":{"_acf_changed":false,"footnotes":""},"class_list":["post-2167","page","type-page","status-publish","hentry"],"acf":[],"_links":{"self":[{"href":"https:\/\/www.ufmg.br\/ieat\/wp-json\/wp\/v2\/pages\/2167","targetHints":{"allow":["GET"]}}],"collection":[{"href":"https:\/\/www.ufmg.br\/ieat\/wp-json\/wp\/v2\/pages"}],"about":[{"href":"https:\/\/www.ufmg.br\/ieat\/wp-json\/wp\/v2\/types\/page"}],"author":[{"embeddable":true,"href":"https:\/\/www.ufmg.br\/ieat\/wp-json\/wp\/v2\/users\/4"}],"replies":[{"embeddable":true,"href":"https:\/\/www.ufmg.br\/ieat\/wp-json\/wp\/v2\/comments?post=2167"}],"version-history":[{"count":6,"href":"https:\/\/www.ufmg.br\/ieat\/wp-json\/wp\/v2\/pages\/2167\/revisions"}],"predecessor-version":[{"id":7336,"href":"https:\/\/www.ufmg.br\/ieat\/wp-json\/wp\/v2\/pages\/2167\/revisions\/7336"}],"up":[{"embeddable":true,"href":"https:\/\/www.ufmg.br\/ieat\/wp-json\/wp\/v2\/pages\/395"}],"wp:attachment":[{"href":"https:\/\/www.ufmg.br\/ieat\/wp-json\/wp\/v2\/media?parent=2167"}],"curies":[{"name":"wp","href":"https:\/\/api.w.org\/{rel}","templated":true}]}}

Oráculos da geografia iluminista

<p><a href="https://www.editoraufmg.com.br/#/pages/obra/169" target="_blank" rel="noopener noreferrer"><img decoding="async" class="" src="https://www.ufmg.br/ieat/wp-content/uploads/2022/10/ORACULOS.jpg" alt="Paris" width="40%;/" /></a></p>
<p style="text-align: left;" align="center"><strong>Junia Ferreira Furtado (Autor)<br />
</strong><strong>Área:</strong> História | Geografia<br />
<strong>Coleção:</strong> IEAT<br />
<strong>ISBN:</strong> 8570419368<br />
2012. 707 p.</p>
<p style="text-align: left;" align="center"><a href="https://www.editoraufmg.com.br/#/pages/obra/169" target="_blank" rel="noopener noreferrer"><img loading="lazy" decoding="async" class="alignnone wp-image-7283 size-full" src="https://www.ufmg.br/ieat/wp-content/uploads/2025/09/editoraufmg_fundovermelho.png" alt="" width="218" height="98" /></a></p>
<p style="text-align: left;">Na interseção entre história, cartografia e diplomacia, numa perspectiva transdisciplinar, este livro tem o intuito de investigar a colaboração estabelecida entre o embaixador português dom Luís da Cunha e o cartógrafo francês Jean-Baptiste Bourguignon D’Anville, para a produção da Carte de l’Amérique méridionale, impressa em 1748. Essa colaboração visava criar uma nova aparência geográfica do Brasil, imprimindo-lhe uma feição continental, muito próxima à do seu moderno território. Esse mapa não seria um espelho do real, mas sim um instrumento de convencimento que, segundo o desejo do embaixador, deveria ser utilizado pela coroa portuguesa nas negociações futuras das fronteiras brasileiras.</p>

<p>Junia Ferreira Furtado (Autor) Área: História | Geografia Coleção: IEAT ISBN: 8570419368 2012. [&hellip;]</p>
