{"id":2173,"date":"2022-10-31T10:05:15","date_gmt":"2022-10-31T13:05:15","guid":{"rendered":"https:\/\/www.ufmg.br\/ieat_novosite\/?page_id=2173"},"modified":"2025-09-22T13:48:46","modified_gmt":"2025-09-22T16:48:46","slug":"igualmente-diferentes","status":"publish","type":"page","link":"https:\/\/www.ufmg.br\/ieat\/publicacoes\/colecao-editora\/igualmente-diferentes\/","title":{"rendered":"Igualmente diferentes"},"content":{"rendered":"<p><a href=\"https:\/\/www.editoraufmg.com.br\/#\/pages\/obra\/347\" target=\"_blank\" rel=\"noopener noreferrer\"><img decoding=\"async\" class=\"\" src=\"https:\/\/www.ufmg.br\/ieat\/wp-content\/uploads\/2022\/10\/CAPA_IGUALMENTE_DIFERENTES.jpg\" alt=\"Paris\" width=\"40%;\/\" \/><\/a><\/p>\n<p><strong>S\u00e9rgio Danilo Junho Pena<\/strong><br \/>\n<strong>\u00c1rea:<\/strong>\u00a0Gen\u00e9tica Humana | Antropologia Social<br \/>\n<strong>Cole\u00e7\u00e3o:<\/strong>\u00a0IEAT<br \/>\n<strong>ISBN:<\/strong>\u00a0978-85-7041-766-4<br \/>\n2009. 116 p.<\/p>\n<p><a href=\"https:\/\/www.editoraufmg.com.br\/#\/pages\/obra\/347\" target=\"_blank\" rel=\"noopener noreferrer\"><img loading=\"lazy\" decoding=\"async\" class=\"alignnone wp-image-7283 size-full\" src=\"https:\/\/www.ufmg.br\/ieat\/wp-content\/uploads\/2025\/09\/editoraufmg_fundovermelho.png\" alt=\"\" width=\"218\" height=\"98\" \/><\/a><\/p>\n<p>Esse livro \u00e9 uma cole\u00e7\u00e3o de ensaios sobre a individualidade e a liberdade humana e faz conex\u00f5es entre ci\u00eancia, filosofia, literatura e ci\u00eancias sociais. A mensagem central \u00e9 que devemos construir uma sociedade na qual a singularidade do indiv\u00edduo seja valorizada e celebrada e exista a liberdade de assumir, por escolha pessoal, uma pluralidade de identidades. Esse sonho se harmoniza com o fato, demonstrado pela gen\u00e9tica moderna, de que cada um de n\u00f3s tem uma individualidade gen\u00f4mica absoluta que interage com o ambiente para moldar uma trajet\u00f3ria de vida exclusiva. Nesta \u00e9poca de conflitos de civiliza\u00e7\u00f5es e recrudescimento de \u00f3dio \u00e9tnico e racismo, precisamos distinguir, por tr\u00e1s da enorme diversidade humana, uma esp\u00e9cie \u00fanica, uma \u00fanica fam\u00edlia, composta de indiv\u00edduos igualmente diferentes. Essa uni\u00e3o ser\u00e1 indispens\u00e1vel para combater e reverter a degrada\u00e7\u00e3o ambiental do planeta, que amea\u00e7a a pr\u00f3pria sobreviv\u00eancia da nossa jovem esp\u00e9cie.<\/p>\n","protected":false},"excerpt":{"rendered":"<p>S\u00e9rgio Danilo Junho Pena \u00c1rea:\u00a0Gen\u00e9tica Humana | Antropologia Social Cole\u00e7\u00e3o:\u00a0IEAT [&hellip;]<\/p>\n","protected":false},"author":4,"featured_media":0,"parent":395,"menu_order":0,"comment_status":"closed","ping_status":"closed","template":"","meta":{"_acf_changed":false,"footnotes":""},"class_list":["post-2173","page","type-page","status-publish","hentry"],"acf":[],"_links":{"self":[{"href":"https:\/\/www.ufmg.br\/ieat\/wp-json\/wp\/v2\/pages\/2173","targetHints":{"allow":["GET"]}}],"collection":[{"href":"https:\/\/www.ufmg.br\/ieat\/wp-json\/wp\/v2\/pages"}],"about":[{"href":"https:\/\/www.ufmg.br\/ieat\/wp-json\/wp\/v2\/types\/page"}],"author":[{"embeddable":true,"href":"https:\/\/www.ufmg.br\/ieat\/wp-json\/wp\/v2\/users\/4"}],"replies":[{"embeddable":true,"href":"https:\/\/www.ufmg.br\/ieat\/wp-json\/wp\/v2\/comments?post=2173"}],"version-history":[{"count":5,"href":"https:\/\/www.ufmg.br\/ieat\/wp-json\/wp\/v2\/pages\/2173\/revisions"}],"predecessor-version":[{"id":7340,"href":"https:\/\/www.ufmg.br\/ieat\/wp-json\/wp\/v2\/pages\/2173\/revisions\/7340"}],"up":[{"embeddable":true,"href":"https:\/\/www.ufmg.br\/ieat\/wp-json\/wp\/v2\/pages\/395"}],"wp:attachment":[{"href":"https:\/\/www.ufmg.br\/ieat\/wp-json\/wp\/v2\/media?parent=2173"}],"curies":[{"name":"wp","href":"https:\/\/api.w.org\/{rel}","templated":true}]}}

<p><a href="https://www.editoraufmg.com.br/#/pages/obra/347" target="_blank" rel="noopener noreferrer"><img decoding="async" class="" src="https://www.ufmg.br/ieat/wp-content/uploads/2022/10/CAPA_IGUALMENTE_DIFERENTES.jpg" alt="Paris" width="40%;/" /></a></p>
<p><strong>Sérgio Danilo Junho Pena</strong><br />
<strong>Área:</strong> Genética Humana | Antropologia Social<br />
<strong>Coleção:</strong> IEAT<br />
<strong>ISBN:</strong> 978-85-7041-766-4<br />
2009. 116 p.</p>
<p><a href="https://www.editoraufmg.com.br/#/pages/obra/347" target="_blank" rel="noopener noreferrer"><img loading="lazy" decoding="async" class="alignnone wp-image-7283 size-full" src="https://www.ufmg.br/ieat/wp-content/uploads/2025/09/editoraufmg_fundovermelho.png" alt="" width="218" height="98" /></a></p>
<p>Esse livro é uma coleção de ensaios sobre a individualidade e a liberdade humana e faz conexões entre ciência, filosofia, literatura e ciências sociais. A mensagem central é que devemos construir uma sociedade na qual a singularidade do indivíduo seja valorizada e celebrada e exista a liberdade de assumir, por escolha pessoal, uma pluralidade de identidades. Esse sonho se harmoniza com o fato, demonstrado pela genética moderna, de que cada um de nós tem uma individualidade genômica absoluta que interage com o ambiente para moldar uma trajetória de vida exclusiva. Nesta época de conflitos de civilizações e recrudescimento de ódio étnico e racismo, precisamos distinguir, por trás da enorme diversidade humana, uma espécie única, uma única família, composta de indivíduos igualmente diferentes. Essa união será indispensável para combater e reverter a degradação ambiental do planeta, que ameaça a própria sobrevivência da nossa jovem espécie.</p>

<p>Sérgio Danilo Junho Pena Área: Genética Humana | Antropologia Social Coleção: IEAT [&hellip;]</p>
