{"id":2956,"date":"2023-02-26T23:39:30","date_gmt":"2023-02-27T02:39:30","guid":{"rendered":"https:\/\/www.ufmg.br\/ieat\/?page_id=2956"},"modified":"2023-02-26T23:44:47","modified_gmt":"2023-02-27T02:44:47","slug":"ernesto-venturini","status":"publish","type":"page","link":"https:\/\/www.ufmg.br\/ieat\/en\/chairs\/fundep-ieat\/ernesto-venturini\/","title":{"rendered":"Ernesto Venturini"},"content":{"rendered":"<p><img loading=\"lazy\" decoding=\"async\" class=\"alignnone size-medium wp-image-2957\" src=\"https:\/\/www.ufmg.br\/ieat\/wp-content\/uploads\/2023\/02\/ErnestoVenturin-300x159.png\" alt=\"\" width=\"300\" height=\"159\" srcset=\"https:\/\/www.ufmg.br\/ieat\/wp-content\/uploads\/2023\/02\/ErnestoVenturin-300x159.png 300w, https:\/\/www.ufmg.br\/ieat\/wp-content\/uploads\/2023\/02\/ErnestoVenturin.png 640w\" sizes=\"auto, (max-width: 300px) 100vw, 300px\" \/><\/p>\n<hr \/>\n<p><strong>Indication:<\/strong> professora Stella Goulart \u2013 Department of Psychology of UFMG<\/p>\n<p><strong>Period:<\/strong> From September 20 to November 30, 2017<\/p>\n<p>Dr. Venturini Venturini is an Italian intellectual, medical doctor, researcher, public sector manager, activist of Democratic Psychiatry. He has been known for his collaboration in the construction of Psychiatric Reform in Italy. He follows up and takes part of the building of mental health policy in some countries in Europe, Africa, Latin America (including Brazil). He works with a transdisciplinary perspective. Currently, Dr. Venturini represents the Franca and Franco Basaglia Foundation (of Venice) and the University of Studies of the Republic of San Marino. He is conducting a series of debates, seminars, including the topic of mental health at the University. Among its various publications, it is worth mentioning the book \u201cThe curved line: the space and time of de-institutionalization\u201d (FIOCRUZ\/ENSP, 2016).<\/p>\n<p><span class=\"eap-shortcode-selectable\"><style>#sp-ea-2954 .spcollapsing { height: 0; overflow: hidden; transition-property: height;transition-duration: 500ms;}#sp-ea-2954.sp-easy-accordion>.sp-ea-single {margin-bottom: 10px; border: 1px solid #e2e2e2; }#sp-ea-2954.sp-easy-accordion>.sp-ea-single>.ea-header a {color: #444;}#sp-ea-2954.sp-easy-accordion>.sp-ea-single>.sp-collapse>.ea-body {background: #fff; color: #444;}#sp-ea-2954.sp-easy-accordion>.sp-ea-single {background: #eee;}#sp-ea-2954.sp-easy-accordion>.sp-ea-single>.ea-header a .ea-expand-icon { float: left; color: #444;font-size: 16px;}<\/style><div id=\"sp_easy_accordion-1788686568\"><div id=\"sp-ea-2954\" class=\"sp-ea-one sp-easy-accordion\" data-ea-active=\"ea-click\" data-ea-mode=\"vertical\" data-preloader=\"\" data-scroll-active-item=\"\" data-offset-to-scroll=\"0\"><div class=\"ea-card ea-expand sp-ea-single\"><h3 class=\"ea-header\"><a class=\"collapsed\" id=\"ea-header-29540\" role=\"button\" data-sptoggle=\"spcollapse\" data-sptarget=\"#collapse29540\" aria-controls=\"collapse29540\" href=\"#\" aria-expanded=\"true\" tabindex=\"0\"><i aria-hidden=\"true\" role=\"presentation\" class=\"ea-expand-icon eap-icon-ea-expand-minus\"><\/i> V\u00eddeo<\/a><\/h3><div class=\"sp-collapse spcollapse collapsed show\" id=\"collapse29540\" data-parent=\"#sp-ea-2954\" role=\"region\" aria-labelledby=\"ea-header-29540\"> <div class=\"ea-body\"><p><iframe loading=\"lazy\" title=\"Grande Confer\u00eancia: A sa\u00fade mental em tempos de c\u00f3lera: primeiramente\u2026 | Ernesto Venturini\" src=\"https:\/\/www.youtube.com\/embed\/AuzPnf1uBj4\" width=\"560\" height=\"315\" frameborder=\"0\" allowfullscreen=\"allowfullscreen\"><\/iframe><\/p><\/div><\/div><\/div><\/div><\/div><\/span><\/p>\n","protected":false},"excerpt":{"rendered":"<p>Indication: professora Stella Goulart \u2013 Department of Psychology of UFMG [&hellip;]<\/p>\n","protected":false},"author":4,"featured_media":0,"parent":2540,"menu_order":0,"comment_status":"closed","ping_status":"closed","template":"","meta":{"_acf_changed":false,"footnotes":""},"class_list":["post-2956","page","type-page","status-publish","hentry"],"acf":[],"_links":{"self":[{"href":"https:\/\/www.ufmg.br\/ieat\/wp-json\/wp\/v2\/pages\/2956","targetHints":{"allow":["GET"]}}],"collection":[{"href":"https:\/\/www.ufmg.br\/ieat\/wp-json\/wp\/v2\/pages"}],"about":[{"href":"https:\/\/www.ufmg.br\/ieat\/wp-json\/wp\/v2\/types\/page"}],"author":[{"embeddable":true,"href":"https:\/\/www.ufmg.br\/ieat\/wp-json\/wp\/v2\/users\/4"}],"replies":[{"embeddable":true,"href":"https:\/\/www.ufmg.br\/ieat\/wp-json\/wp\/v2\/comments?post=2956"}],"version-history":[{"count":1,"href":"https:\/\/www.ufmg.br\/ieat\/wp-json\/wp\/v2\/pages\/2956\/revisions"}],"predecessor-version":[{"id":2958,"href":"https:\/\/www.ufmg.br\/ieat\/wp-json\/wp\/v2\/pages\/2956\/revisions\/2958"}],"up":[{"embeddable":true,"href":"https:\/\/www.ufmg.br\/ieat\/wp-json\/wp\/v2\/pages\/2540"}],"wp:attachment":[{"href":"https:\/\/www.ufmg.br\/ieat\/wp-json\/wp\/v2\/media?parent=2956"}],"curies":[{"name":"wp","href":"https:\/\/api.w.org\/{rel}","templated":true}]}}

<p><img loading="lazy" decoding="async" class="alignnone size-medium wp-image-2957" src="https://www.ufmg.br/ieat/wp-content/uploads/2023/02/ErnestoVenturin-300x159.png" alt="" width="300" height="159" srcset="https://www.ufmg.br/ieat/wp-content/uploads/2023/02/ErnestoVenturin-300x159.png 300w, https://www.ufmg.br/ieat/wp-content/uploads/2023/02/ErnestoVenturin.png 640w" sizes="auto, (max-width: 300px) 100vw, 300px" /></p>
<hr />
<p><strong>Indication:</strong> professora Stella Goulart – Department of Psychology of UFMG</p>
<p><strong>Period:</strong> From September 20 to November 30, 2017</p>
<p>Dr. Venturini Venturini is an Italian intellectual, medical doctor, researcher, public sector manager, activist of Democratic Psychiatry. He has been known for his collaboration in the construction of Psychiatric Reform in Italy. He follows up and takes part of the building of mental health policy in some countries in Europe, Africa, Latin America (including Brazil). He works with a transdisciplinary perspective. Currently, Dr. Venturini represents the Franca and Franco Basaglia Foundation (of Venice) and the University of Studies of the Republic of San Marino. He is conducting a series of debates, seminars, including the topic of mental health at the University. Among its various publications, it is worth mentioning the book “The curved line: the space and time of de-institutionalization” (FIOCRUZ/ENSP, 2016).</p>
<p><span class="eap-shortcode-selectable"><style>#sp-ea-2954 .spcollapsing { height: 0; overflow: hidden; transition-property: height;transition-duration: 500ms;}#sp-ea-2954.sp-easy-accordion>.sp-ea-single {margin-bottom: 10px; border: 1px solid #e2e2e2; }#sp-ea-2954.sp-easy-accordion>.sp-ea-single>.ea-header a {color: #444;}#sp-ea-2954.sp-easy-accordion>.sp-ea-single>.sp-collapse>.ea-body {background: #fff; color: #444;}#sp-ea-2954.sp-easy-accordion>.sp-ea-single {background: #eee;}#sp-ea-2954.sp-easy-accordion>.sp-ea-single>.ea-header a .ea-expand-icon { float: left; color: #444;font-size: 16px;}</style><div id="sp_easy_accordion-1788686568"><div id="sp-ea-2954" class="sp-ea-one sp-easy-accordion" data-ea-active="ea-click" data-ea-mode="vertical" data-preloader="" data-scroll-active-item="" data-offset-to-scroll="0"><div class="ea-card ea-expand sp-ea-single"><h3 class="ea-header"><a class="collapsed" id="ea-header-29540" role="button" data-sptoggle="spcollapse" data-sptarget="#collapse29540" aria-controls="collapse29540" href="#" aria-expanded="true" tabindex="0"><i aria-hidden="true" role="presentation" class="ea-expand-icon eap-icon-ea-expand-minus"></i> Vídeo</a></h3><div class="sp-collapse spcollapse collapsed show" id="collapse29540" data-parent="#sp-ea-2954" role="region" aria-labelledby="ea-header-29540"> <div class="ea-body"><p><iframe loading="lazy" title="Grande Conferência: A saúde mental em tempos de cólera: primeiramente… | Ernesto Venturini" src="https://www.youtube.com/embed/AuzPnf1uBj4" width="560" height="315" frameborder="0" allowfullscreen="allowfullscreen"></iframe></p></div></div></div></div></div></span></p>
