{"id":4274,"date":"2023-07-04T12:23:42","date_gmt":"2023-07-04T15:23:42","guid":{"rendered":"https:\/\/www.ufmg.br\/ieat\/?page_id=4274"},"modified":"2024-07-03T09:24:52","modified_gmt":"2024-07-03T12:24:52","slug":"francois-hartog","status":"publish","type":"page","link":"https:\/\/www.ufmg.br\/ieat\/catedras-curtas\/fundep-ieat\/francois-hartog\/","title":{"rendered":"Fran\u00e7ois Hartog"},"content":{"rendered":"<p><img loading=\"lazy\" decoding=\"async\" class=\"alignnone wp-image-1001\" src=\"https:\/\/www.ufmg.br\/ieat\/wp-content\/uploads\/2022\/08\/Fran\u00e7oisHartog.png\" alt=\"\" width=\"401\" height=\"213\" srcset=\"https:\/\/www.ufmg.br\/ieat\/wp-content\/uploads\/2022\/08\/Fran\u00e7oisHartog.png 640w, https:\/\/www.ufmg.br\/ieat\/wp-content\/uploads\/2022\/08\/Fran\u00e7oisHartog-300x159.png 300w\" sizes=\"auto, (max-width: 401px) 100vw, 401px\" \/><\/p>\n<hr \/>\n<p><strong>Indica\u00e7\u00e3o:<\/strong>\u00a0Professora Eliana Regina de Freitas Dutra, Departamento de Hist\u00f3ria da Faculdade de Filosofia e Ci\u00eancias Humanas da UFMG<\/p>\n<p><strong>Per\u00edodo:<\/strong> de 30 de Setembro a 14 de outubro de 2011<\/p>\n<p>Fran\u00e7ois Hartog \u00e9 diretor de pesquisas na \u00c9cole de Hautes \u00c9tudes en Sciences Sociales (Paris), onde ocupa a cadeira de Historiografia Antiga e Moderna, desde 1987.\u00a0 Em 2006, ganhou o Pr\u00eamio de Hist\u00f3ria Fran\u00e7ois Millepierres da Acad\u00e9mie Fran\u00e7aise. Seus principais interesses de pesquisa s\u00e3o a historiografia, os regimes de historicidade e as formas hist\u00f3ricas da temporaliza\u00e7\u00e3o. Publicou diversas obras, entre as quais <em>Mem\u00f3ria de Ulisses: Narrativas sobre a fronteira na Gr\u00e9cia Antiga<\/em>; <em>O espelho de Her\u00f3doto: Ensaio sobre a representa\u00e7\u00e3o do outro<\/em>; <em>O s\u00e9culo XIX e a Hist\u00f3ria: o caso Fustel de Coulanges<\/em>; <em>R\u00e9gimes d\u2019historicit\u00e9, Pr\u00e9sentisme et Exp\u00e9riences du temps<\/em>; <em>Os Antigos, o passado e o presente e Evid\u00eancias da Hist\u00f3ria: o que veem os historiadores<\/em>.<\/p>\n<style>#sp-ea-5221 .spcollapsing { height: 0; overflow: hidden; transition-property: height;transition-duration: 500ms;}#sp-ea-5221.sp-easy-accordion>.sp-ea-single {margin-bottom: 10px; border: 1px solid #e2e2e2; }#sp-ea-5221.sp-easy-accordion>.sp-ea-single>.ea-header a {color: #444;}#sp-ea-5221.sp-easy-accordion>.sp-ea-single>.sp-collapse>.ea-body {background: #fff; color: #444;}#sp-ea-5221.sp-easy-accordion>.sp-ea-single {background: #eee;}#sp-ea-5221.sp-easy-accordion>.sp-ea-single>.ea-header a .ea-expand-icon { float: left; color: #444;font-size: 16px;}<\/style><div id=\"sp_easy_accordion-1788229528\"><div id=\"sp-ea-5221\" class=\"sp-ea-one sp-easy-accordion\" data-ea-active=\"ea-click\" data-ea-mode=\"vertical\" data-preloader=\"\" data-scroll-active-item=\"\" data-offset-to-scroll=\"0\"><div class=\"ea-card ea-expand sp-ea-single\"><h3 class=\"ea-header\"><a class=\"collapsed\" id=\"ea-header-52210\" role=\"button\" data-sptoggle=\"spcollapse\" data-sptarget=\"#collapse52210\" aria-controls=\"collapse52210\" href=\"#\" aria-expanded=\"true\" tabindex=\"0\"><i aria-hidden=\"true\" role=\"presentation\" class=\"ea-expand-icon eap-icon-ea-expand-minus\"><\/i> V\u00eddeo<\/a><\/h3><div class=\"sp-collapse spcollapse collapsed show\" id=\"collapse52210\" data-parent=\"#sp-ea-5221\" role=\"region\" aria-labelledby=\"ea-header-52210\"> <div class=\"ea-body\"><p><iframe loading=\"lazy\" width=\"560\" height=\"315\" src=\"https:\/\/www.youtube.com\/embed\/videoseries?si=MZZvJ8D3ueUWJc9S&amp;list=PLnxoNd9pqlp0Q2ZoGj_pfMrwb8VDvefV1\" title=\"YouTube video player\" frameborder=\"0\" allowfullscreen><\/iframe><\/p><\/div><\/div><\/div><\/div><\/div>\n","protected":false},"excerpt":{"rendered":"<p>Indica\u00e7\u00e3o:\u00a0Professora Eliana Regina de Freitas Dutra, Departamento de Hist\u00f3ria da [&hellip;]<\/p>\n","protected":false},"author":4,"featured_media":0,"parent":343,"menu_order":0,"comment_status":"closed","ping_status":"closed","template":"","meta":{"_acf_changed":false,"footnotes":""},"class_list":["post-4274","page","type-page","status-publish","hentry"],"acf":[],"_links":{"self":[{"href":"https:\/\/www.ufmg.br\/ieat\/wp-json\/wp\/v2\/pages\/4274","targetHints":{"allow":["GET"]}}],"collection":[{"href":"https:\/\/www.ufmg.br\/ieat\/wp-json\/wp\/v2\/pages"}],"about":[{"href":"https:\/\/www.ufmg.br\/ieat\/wp-json\/wp\/v2\/types\/page"}],"author":[{"embeddable":true,"href":"https:\/\/www.ufmg.br\/ieat\/wp-json\/wp\/v2\/users\/4"}],"replies":[{"embeddable":true,"href":"https:\/\/www.ufmg.br\/ieat\/wp-json\/wp\/v2\/comments?post=4274"}],"version-history":[{"count":2,"href":"https:\/\/www.ufmg.br\/ieat\/wp-json\/wp\/v2\/pages\/4274\/revisions"}],"predecessor-version":[{"id":5222,"href":"https:\/\/www.ufmg.br\/ieat\/wp-json\/wp\/v2\/pages\/4274\/revisions\/5222"}],"up":[{"embeddable":true,"href":"https:\/\/www.ufmg.br\/ieat\/wp-json\/wp\/v2\/pages\/343"}],"wp:attachment":[{"href":"https:\/\/www.ufmg.br\/ieat\/wp-json\/wp\/v2\/media?parent=4274"}],"curies":[{"name":"wp","href":"https:\/\/api.w.org\/{rel}","templated":true}]}}

François Hartog

<p><img loading="lazy" decoding="async" class="alignnone wp-image-1001" src="https://www.ufmg.br/ieat/wp-content/uploads/2022/08/FrançoisHartog.png" alt="" width="401" height="213" srcset="https://www.ufmg.br/ieat/wp-content/uploads/2022/08/FrançoisHartog.png 640w, https://www.ufmg.br/ieat/wp-content/uploads/2022/08/FrançoisHartog-300x159.png 300w" sizes="auto, (max-width: 401px) 100vw, 401px" /></p>
<hr />
<p><strong>Indicação:</strong> Professora Eliana Regina de Freitas Dutra, Departamento de História da Faculdade de Filosofia e Ciências Humanas da UFMG</p>
<p><strong>Período:</strong> de 30 de Setembro a 14 de outubro de 2011</p>
<p>François Hartog é diretor de pesquisas na École de Hautes Études en Sciences Sociales (Paris), onde ocupa a cadeira de Historiografia Antiga e Moderna, desde 1987.  Em 2006, ganhou o Prêmio de História François Millepierres da Académie Française. Seus principais interesses de pesquisa são a historiografia, os regimes de historicidade e as formas históricas da temporalização. Publicou diversas obras, entre as quais <em>Memória de Ulisses: Narrativas sobre a fronteira na Grécia Antiga</em>; <em>O espelho de Heródoto: Ensaio sobre a representação do outro</em>; <em>O século XIX e a História: o caso Fustel de Coulanges</em>; <em>Régimes d’historicité, Présentisme et Expériences du temps</em>; <em>Os Antigos, o passado e o presente e Evidências da História: o que veem os historiadores</em>.</p>
<style>#sp-ea-5221 .spcollapsing { height: 0; overflow: hidden; transition-property: height;transition-duration: 500ms;}#sp-ea-5221.sp-easy-accordion>.sp-ea-single {margin-bottom: 10px; border: 1px solid #e2e2e2; }#sp-ea-5221.sp-easy-accordion>.sp-ea-single>.ea-header a {color: #444;}#sp-ea-5221.sp-easy-accordion>.sp-ea-single>.sp-collapse>.ea-body {background: #fff; color: #444;}#sp-ea-5221.sp-easy-accordion>.sp-ea-single {background: #eee;}#sp-ea-5221.sp-easy-accordion>.sp-ea-single>.ea-header a .ea-expand-icon { float: left; color: #444;font-size: 16px;}</style><div id="sp_easy_accordion-1788229528"><div id="sp-ea-5221" class="sp-ea-one sp-easy-accordion" data-ea-active="ea-click" data-ea-mode="vertical" data-preloader="" data-scroll-active-item="" data-offset-to-scroll="0"><div class="ea-card ea-expand sp-ea-single"><h3 class="ea-header"><a class="collapsed" id="ea-header-52210" role="button" data-sptoggle="spcollapse" data-sptarget="#collapse52210" aria-controls="collapse52210" href="#" aria-expanded="true" tabindex="0"><i aria-hidden="true" role="presentation" class="ea-expand-icon eap-icon-ea-expand-minus"></i> Vídeo</a></h3><div class="sp-collapse spcollapse collapsed show" id="collapse52210" data-parent="#sp-ea-5221" role="region" aria-labelledby="ea-header-52210"> <div class="ea-body"><p><iframe loading="lazy" width="560" height="315" src="https://www.youtube.com/embed/videoseries?si=MZZvJ8D3ueUWJc9S&amp;list=PLnxoNd9pqlp0Q2ZoGj_pfMrwb8VDvefV1" title="YouTube video player" frameborder="0" allowfullscreen></iframe></p></div></div></div></div></div>

<p>Indicação: Professora Eliana Regina de Freitas Dutra, Departamento de História da [&hellip;]</p>
