{"id":4276,"date":"2023-07-04T12:23:42","date_gmt":"2023-07-04T15:23:42","guid":{"rendered":"https:\/\/www.ufmg.br\/ieat\/?page_id=4276"},"modified":"2024-07-03T09:25:01","modified_gmt":"2024-07-03T12:25:01","slug":"francois-hartog","status":"publish","type":"page","link":"https:\/\/www.ufmg.br\/ieat\/en\/chairs\/fundep-ieat\/francois-hartog\/","title":{"rendered":"Fran\u00e7ois Hartog"},"content":{"rendered":"<p><img loading=\"lazy\" decoding=\"async\" class=\"alignnone wp-image-1001\" src=\"https:\/\/www.ufmg.br\/ieat\/wp-content\/uploads\/2022\/08\/Fran\u00e7oisHartog.png\" alt=\"\" width=\"401\" height=\"213\" srcset=\"https:\/\/www.ufmg.br\/ieat\/wp-content\/uploads\/2022\/08\/Fran\u00e7oisHartog.png 640w, https:\/\/www.ufmg.br\/ieat\/wp-content\/uploads\/2022\/08\/Fran\u00e7oisHartog-300x159.png 300w\" sizes=\"auto, (max-width: 401px) 100vw, 401px\" \/><\/p>\n<hr \/>\n<p><strong>Nomination:<\/strong>\u00a0Professor Eliana Regina de Freitas Dutra, Department of History of the Faculty of Philosophy and Human Sciences of UFMG<\/p>\n<p><strong>Period:<\/strong> from September 30th to October 14th, 2011<\/p>\n<p>Fran\u00e7ois Hartog is director of research at the \u00c9cole de Hautes \u00c9tudes en Sciences Sociales (Paris), where he has held the chair of Ancient and Modern Historiography since 1987. In 2006, he won the Fran\u00e7ois Millepierres History Prize of the Acad\u00e9mie Fran\u00e7aise. His main research interests are historiography, regimes of historicity and historical forms of temporalization. He published several works, including Memory of Ulysses: Narratives about the frontier in Ancient Greece; Herodotus&#8217; mirror: Essay on the representation of the other; The 19th century and History: the Fustel de Coulanges case; R\u00e9gimes d\u2019historicit\u00e9, Pr\u00e9sentisme et Exp\u00e9riences du temps; The Ancients, the past and the present and Evidence of History: what historians see.<\/p>\n<style>#sp-ea-5221 .spcollapsing { height: 0; overflow: hidden; transition-property: height;transition-duration: 500ms;}#sp-ea-5221.sp-easy-accordion>.sp-ea-single {margin-bottom: 10px; border: 1px solid #e2e2e2; }#sp-ea-5221.sp-easy-accordion>.sp-ea-single>.ea-header a {color: #444;}#sp-ea-5221.sp-easy-accordion>.sp-ea-single>.sp-collapse>.ea-body {background: #fff; color: #444;}#sp-ea-5221.sp-easy-accordion>.sp-ea-single {background: #eee;}#sp-ea-5221.sp-easy-accordion>.sp-ea-single>.ea-header a .ea-expand-icon { float: left; color: #444;font-size: 16px;}<\/style><div id=\"sp_easy_accordion-1788686568\"><div id=\"sp-ea-5221\" class=\"sp-ea-one sp-easy-accordion\" data-ea-active=\"ea-click\" data-ea-mode=\"vertical\" data-preloader=\"\" data-scroll-active-item=\"\" data-offset-to-scroll=\"0\"><div class=\"ea-card ea-expand sp-ea-single\"><h3 class=\"ea-header\"><a class=\"collapsed\" id=\"ea-header-52210\" role=\"button\" data-sptoggle=\"spcollapse\" data-sptarget=\"#collapse52210\" aria-controls=\"collapse52210\" href=\"#\" aria-expanded=\"true\" tabindex=\"0\"><i aria-hidden=\"true\" role=\"presentation\" class=\"ea-expand-icon eap-icon-ea-expand-minus\"><\/i> V\u00eddeo<\/a><\/h3><div class=\"sp-collapse spcollapse collapsed show\" id=\"collapse52210\" data-parent=\"#sp-ea-5221\" role=\"region\" aria-labelledby=\"ea-header-52210\"> <div class=\"ea-body\"><p><iframe loading=\"lazy\" width=\"560\" height=\"315\" src=\"https:\/\/www.youtube.com\/embed\/videoseries?si=MZZvJ8D3ueUWJc9S&amp;list=PLnxoNd9pqlp0Q2ZoGj_pfMrwb8VDvefV1\" title=\"YouTube video player\" frameborder=\"0\" allowfullscreen><\/iframe><\/p><\/div><\/div><\/div><\/div><\/div>\n","protected":false},"excerpt":{"rendered":"<p>Nomination:\u00a0Professor Eliana Regina de Freitas Dutra, Department of History of [&hellip;]<\/p>\n","protected":false},"author":4,"featured_media":0,"parent":2540,"menu_order":0,"comment_status":"closed","ping_status":"closed","template":"","meta":{"_acf_changed":false,"footnotes":""},"class_list":["post-4276","page","type-page","status-publish","hentry"],"acf":[],"_links":{"self":[{"href":"https:\/\/www.ufmg.br\/ieat\/wp-json\/wp\/v2\/pages\/4276","targetHints":{"allow":["GET"]}}],"collection":[{"href":"https:\/\/www.ufmg.br\/ieat\/wp-json\/wp\/v2\/pages"}],"about":[{"href":"https:\/\/www.ufmg.br\/ieat\/wp-json\/wp\/v2\/types\/page"}],"author":[{"embeddable":true,"href":"https:\/\/www.ufmg.br\/ieat\/wp-json\/wp\/v2\/users\/4"}],"replies":[{"embeddable":true,"href":"https:\/\/www.ufmg.br\/ieat\/wp-json\/wp\/v2\/comments?post=4276"}],"version-history":[{"count":2,"href":"https:\/\/www.ufmg.br\/ieat\/wp-json\/wp\/v2\/pages\/4276\/revisions"}],"predecessor-version":[{"id":5223,"href":"https:\/\/www.ufmg.br\/ieat\/wp-json\/wp\/v2\/pages\/4276\/revisions\/5223"}],"up":[{"embeddable":true,"href":"https:\/\/www.ufmg.br\/ieat\/wp-json\/wp\/v2\/pages\/2540"}],"wp:attachment":[{"href":"https:\/\/www.ufmg.br\/ieat\/wp-json\/wp\/v2\/media?parent=4276"}],"curies":[{"name":"wp","href":"https:\/\/api.w.org\/{rel}","templated":true}]}}

François Hartog

<p><img loading="lazy" decoding="async" class="alignnone wp-image-1001" src="https://www.ufmg.br/ieat/wp-content/uploads/2022/08/FrançoisHartog.png" alt="" width="401" height="213" srcset="https://www.ufmg.br/ieat/wp-content/uploads/2022/08/FrançoisHartog.png 640w, https://www.ufmg.br/ieat/wp-content/uploads/2022/08/FrançoisHartog-300x159.png 300w" sizes="auto, (max-width: 401px) 100vw, 401px" /></p>
<hr />
<p><strong>Nomination:</strong> Professor Eliana Regina de Freitas Dutra, Department of History of the Faculty of Philosophy and Human Sciences of UFMG</p>
<p><strong>Period:</strong> from September 30th to October 14th, 2011</p>
<p>François Hartog is director of research at the École de Hautes Études en Sciences Sociales (Paris), where he has held the chair of Ancient and Modern Historiography since 1987. In 2006, he won the François Millepierres History Prize of the Académie Française. His main research interests are historiography, regimes of historicity and historical forms of temporalization. He published several works, including Memory of Ulysses: Narratives about the frontier in Ancient Greece; Herodotus&#8217; mirror: Essay on the representation of the other; The 19th century and History: the Fustel de Coulanges case; Régimes d’historicité, Présentisme et Expériences du temps; The Ancients, the past and the present and Evidence of History: what historians see.</p>
<style>#sp-ea-5221 .spcollapsing { height: 0; overflow: hidden; transition-property: height;transition-duration: 500ms;}#sp-ea-5221.sp-easy-accordion>.sp-ea-single {margin-bottom: 10px; border: 1px solid #e2e2e2; }#sp-ea-5221.sp-easy-accordion>.sp-ea-single>.ea-header a {color: #444;}#sp-ea-5221.sp-easy-accordion>.sp-ea-single>.sp-collapse>.ea-body {background: #fff; color: #444;}#sp-ea-5221.sp-easy-accordion>.sp-ea-single {background: #eee;}#sp-ea-5221.sp-easy-accordion>.sp-ea-single>.ea-header a .ea-expand-icon { float: left; color: #444;font-size: 16px;}</style><div id="sp_easy_accordion-1788686568"><div id="sp-ea-5221" class="sp-ea-one sp-easy-accordion" data-ea-active="ea-click" data-ea-mode="vertical" data-preloader="" data-scroll-active-item="" data-offset-to-scroll="0"><div class="ea-card ea-expand sp-ea-single"><h3 class="ea-header"><a class="collapsed" id="ea-header-52210" role="button" data-sptoggle="spcollapse" data-sptarget="#collapse52210" aria-controls="collapse52210" href="#" aria-expanded="true" tabindex="0"><i aria-hidden="true" role="presentation" class="ea-expand-icon eap-icon-ea-expand-minus"></i> Vídeo</a></h3><div class="sp-collapse spcollapse collapsed show" id="collapse52210" data-parent="#sp-ea-5221" role="region" aria-labelledby="ea-header-52210"> <div class="ea-body"><p><iframe loading="lazy" width="560" height="315" src="https://www.youtube.com/embed/videoseries?si=MZZvJ8D3ueUWJc9S&amp;list=PLnxoNd9pqlp0Q2ZoGj_pfMrwb8VDvefV1" title="YouTube video player" frameborder="0" allowfullscreen></iframe></p></div></div></div></div></div>
