{"id":632,"date":"2022-06-03T12:20:15","date_gmt":"2022-06-03T15:20:15","guid":{"rendered":"https:\/\/www.ufmg.br\/ieat_novosite\/?page_id=632"},"modified":"2023-03-06T15:30:50","modified_gmt":"2023-03-06T18:30:50","slug":"santuza-maria-ribeiro-teixeira","status":"publish","type":"page","link":"https:\/\/www.ufmg.br\/ieat\/residentes\/santuza-maria-ribeiro-teixeira\/","title":{"rendered":"Santuza Maria Ribeiro Teixeira"},"content":{"rendered":"<p><img loading=\"lazy\" decoding=\"async\" class=\"alignnone size-medium wp-image-608\" src=\"https:\/\/www.ufmg.br\/ieat\/wp-content\/uploads\/2022\/06\/SantuzaMaria-300x159.png\" alt=\"\" width=\"300\" height=\"159\" srcset=\"https:\/\/www.ufmg.br\/ieat\/wp-content\/uploads\/2022\/06\/SantuzaMaria-300x159.png 300w, https:\/\/www.ufmg.br\/ieat\/wp-content\/uploads\/2022\/06\/SantuzaMaria.png 640w\" sizes=\"auto, (max-width: 300px) 100vw, 300px\" \/><\/p>\n<hr \/>\n<p><strong>Per\u00edodo da Resid\u00eancia: <\/strong>1\u00ba de agosto de 2018 a 31 de julho de 2019<\/p>\n<p>Residente do IEAT, professora <a href=\"http:\/\/somos.ufmg.br\/professor\/santuza-maria-ribeiro-teixeira\" target=\"_blank\" rel=\"noopener noreferrer\">Santuza Maria Ribeiro Teixeira<\/a> \u00e9 doutora em Bioqu\u00edmica pela Universite de Lausanne, na Sui\u00e7a (1990). Possui gradua\u00e7\u00e3o em Ci\u00eancias Biol\u00f3gicas (1982) e mestrado em Ci\u00eancias Biol\u00f3gicas (Biologia Molecular, 1985) pela Universidade de Bras\u00edlia. Realizou est\u00e1gio de p\u00f3s-doutorado na Universidade de Iowa (1991-1996) e licen\u00e7a sab\u00e1tica na Universidade de Maryland (2008), nos Estados Unidos. \u00c9 Professora Titular do Departamento de Bioqu\u00edmica e Imunologia da Universidade Federal de Minas Gerais e membro do INCT Vacinas. Foi pesquisadora do Howard Hughes Medical Institute (International Research Scholar), Chefe do Departamento de Bioquimica e Imunologia da UFMG e Presidente da Sociedade Brasileira de Protozoologia. Atualmente \u00e9 a Coordenadora do Centro de Tecnologia em Vacinas (CT-Vacinas), no Parque Tecnol\u00f3gico de Belo Horizonte (BH-Tec). Tem experi\u00eancia em pesquisa na \u00e1rea de Biologia Molecular, atuando principalmente nos seguintes temas: Parasitologia molecular e Gen\u00f4mica de parasitos, com \u00eanfase em estudos sobre regula\u00e7\u00e3o da express\u00e3o g\u00eanica, intera\u00e7\u00f5es parasito-hospedeiro, descoberta de ant\u00edgenos, variabilidade gen\u00e9tica e reparo de DNA em protozo\u00e1rios dos g\u00eaneros <em>Trypanosoma<\/em> e <em>Leishmania<\/em>. Orientou 26 alunos de mestrado e 26 alunos doutorado (incluindo co-orienta\u00e7\u00f5es) nos programas de p\u00f3s-gradua\u00e7\u00e3o em Bioqu\u00edmica e Imunologia e de Bioinform\u00e1tica da UFMG (ambos com conceito 7 da Capes). Bolsista de produtividade n\u00edvel 1B do CNPq.<\/p>\n<hr \/>\n<p><strong>PROJETO: <\/strong><strong>EDI\u00c7\u00c3O DE GENOMAS E O CONTROLE DE DOEN\u00c7AS NO HOMEM: CONTRIBUI\u00c7\u00d5ES AO DEBATE SOBRE ASPECTOS \u00c9TICOS E OS LIMITES DAS NOVAS TECNOLOGIAS <\/strong><\/p>\n<p>O projeto busca desenvolver estrat\u00e9gias de edi\u00e7\u00e3o de genomas visando a obten\u00e7\u00e3o de cepas atenuadas do protozo\u00e1rio parasito Leishmania braziliensis para serem utilizadas em testes de vacinas contra a leishmaniose. Ser\u00e1 empregada a tecnologia de CRISPR\/Cas9 como m\u00e9todo capaz de produzir modifica\u00e7\u00f5es espec\u00edficas nos genomas desse parasito com alta efic\u00e1cia e seguran\u00e7a. Em face do grande potencial que essa tecnologia oferece para ser empregada em pesquisas na \u00e1rea de sa\u00fade, com objetivos diversos, incluindo aqueles envolvendo modifica\u00e7\u00f5es gen\u00e9ticas em c\u00e9lulas e embri\u00f5es humanos, o uso de CRISPR\/Cas9 ser\u00e1 tamb\u00e9m objeto de discuss\u00f5es com pesquisadores de diferentes \u00e1reas do conhecimento. As discuss\u00f5es aqui propostas sobre CRISPR\/Cas9 ser\u00e3o de grande utilidade n\u00e3o somente para a dissemina\u00e7\u00e3o, entre a comunidade da UFMG, do conhecimento sobre essa nova e promissora tecnologia com o intuito de mostrar os benef\u00edcios que ela pode trazer para a sociedade, mas tamb\u00e9m para fomentar discuss\u00f5es que possam contribuir para o debate sobre quest\u00f5es \u00e9ticas e legais que est\u00e3o associados \u00e0 sua utiliza\u00e7\u00e3o.<\/p>\n","protected":false},"excerpt":{"rendered":"<p>Per\u00edodo da Resid\u00eancia: 1\u00ba de agosto de 2018 a 31 [&hellip;]<\/p>\n","protected":false},"author":4,"featured_media":0,"parent":355,"menu_order":0,"comment_status":"closed","ping_status":"closed","template":"","meta":{"_acf_changed":false,"footnotes":""},"class_list":["post-632","page","type-page","status-publish","hentry"],"acf":[],"_links":{"self":[{"href":"https:\/\/www.ufmg.br\/ieat\/wp-json\/wp\/v2\/pages\/632","targetHints":{"allow":["GET"]}}],"collection":[{"href":"https:\/\/www.ufmg.br\/ieat\/wp-json\/wp\/v2\/pages"}],"about":[{"href":"https:\/\/www.ufmg.br\/ieat\/wp-json\/wp\/v2\/types\/page"}],"author":[{"embeddable":true,"href":"https:\/\/www.ufmg.br\/ieat\/wp-json\/wp\/v2\/users\/4"}],"replies":[{"embeddable":true,"href":"https:\/\/www.ufmg.br\/ieat\/wp-json\/wp\/v2\/comments?post=632"}],"version-history":[{"count":5,"href":"https:\/\/www.ufmg.br\/ieat\/wp-json\/wp\/v2\/pages\/632\/revisions"}],"predecessor-version":[{"id":3080,"href":"https:\/\/www.ufmg.br\/ieat\/wp-json\/wp\/v2\/pages\/632\/revisions\/3080"}],"up":[{"embeddable":true,"href":"https:\/\/www.ufmg.br\/ieat\/wp-json\/wp\/v2\/pages\/355"}],"wp:attachment":[{"href":"https:\/\/www.ufmg.br\/ieat\/wp-json\/wp\/v2\/media?parent=632"}],"curies":[{"name":"wp","href":"https:\/\/api.w.org\/{rel}","templated":true}]}}

<p><img loading="lazy" decoding="async" class="alignnone size-medium wp-image-608" src="https://www.ufmg.br/ieat/wp-content/uploads/2022/06/SantuzaMaria-300x159.png" alt="" width="300" height="159" srcset="https://www.ufmg.br/ieat/wp-content/uploads/2022/06/SantuzaMaria-300x159.png 300w, https://www.ufmg.br/ieat/wp-content/uploads/2022/06/SantuzaMaria.png 640w" sizes="auto, (max-width: 300px) 100vw, 300px" /></p>
<hr />
<p><strong>Período da Residência: </strong>1º de agosto de 2018 a 31 de julho de 2019</p>
<p>Residente do IEAT, professora <a href="http://somos.ufmg.br/professor/santuza-maria-ribeiro-teixeira" target="_blank" rel="noopener noreferrer">Santuza Maria Ribeiro Teixeira</a> é doutora em Bioquímica pela Universite de Lausanne, na Suiça (1990). Possui graduação em Ciências Biológicas (1982) e mestrado em Ciências Biológicas (Biologia Molecular, 1985) pela Universidade de Brasília. Realizou estágio de pós-doutorado na Universidade de Iowa (1991-1996) e licença sabática na Universidade de Maryland (2008), nos Estados Unidos. É Professora Titular do Departamento de Bioquímica e Imunologia da Universidade Federal de Minas Gerais e membro do INCT Vacinas. Foi pesquisadora do Howard Hughes Medical Institute (International Research Scholar), Chefe do Departamento de Bioquimica e Imunologia da UFMG e Presidente da Sociedade Brasileira de Protozoologia. Atualmente é a Coordenadora do Centro de Tecnologia em Vacinas (CT-Vacinas), no Parque Tecnológico de Belo Horizonte (BH-Tec). Tem experiência em pesquisa na área de Biologia Molecular, atuando principalmente nos seguintes temas: Parasitologia molecular e Genômica de parasitos, com ênfase em estudos sobre regulação da expressão gênica, interações parasito-hospedeiro, descoberta de antígenos, variabilidade genética e reparo de DNA em protozoários dos gêneros <em>Trypanosoma</em> e <em>Leishmania</em>. Orientou 26 alunos de mestrado e 26 alunos doutorado (incluindo co-orientações) nos programas de pós-graduação em Bioquímica e Imunologia e de Bioinformática da UFMG (ambos com conceito 7 da Capes). Bolsista de produtividade nível 1B do CNPq.</p>
<hr />
<p><strong>PROJETO: </strong><strong>EDIÇÃO DE GENOMAS E O CONTROLE DE DOENÇAS NO HOMEM: CONTRIBUIÇÕES AO DEBATE SOBRE ASPECTOS ÉTICOS E OS LIMITES DAS NOVAS TECNOLOGIAS </strong></p>
<p>O projeto busca desenvolver estratégias de edição de genomas visando a obtenção de cepas atenuadas do protozoário parasito Leishmania braziliensis para serem utilizadas em testes de vacinas contra a leishmaniose. Será empregada a tecnologia de CRISPR/Cas9 como método capaz de produzir modificações específicas nos genomas desse parasito com alta eficácia e segurança. Em face do grande potencial que essa tecnologia oferece para ser empregada em pesquisas na área de saúde, com objetivos diversos, incluindo aqueles envolvendo modificações genéticas em células e embriões humanos, o uso de CRISPR/Cas9 será também objeto de discussões com pesquisadores de diferentes áreas do conhecimento. As discussões aqui propostas sobre CRISPR/Cas9 serão de grande utilidade não somente para a disseminação, entre a comunidade da UFMG, do conhecimento sobre essa nova e promissora tecnologia com o intuito de mostrar os benefícios que ela pode trazer para a sociedade, mas também para fomentar discussões que possam contribuir para o debate sobre questões éticas e legais que estão associados à sua utilização.</p>

<p>Período da Residência: 1º de agosto de 2018 a 31 [&hellip;]</p>
