{"id":634,"date":"2022-06-03T12:21:16","date_gmt":"2022-06-03T15:21:16","guid":{"rendered":"https:\/\/www.ufmg.br\/ieat_novosite\/?page_id=634"},"modified":"2023-03-06T15:35:03","modified_gmt":"2023-03-06T18:35:03","slug":"marisa-ribeiro-teixeira-duarte","status":"publish","type":"page","link":"https:\/\/www.ufmg.br\/ieat\/residentes\/marisa-ribeiro-teixeira-duarte\/","title":{"rendered":"Marisa Ribeiro Teixeira Duarte"},"content":{"rendered":"<p><img loading=\"lazy\" decoding=\"async\" class=\"alignnone size-medium wp-image-607\" src=\"https:\/\/www.ufmg.br\/ieat\/wp-content\/uploads\/2022\/06\/MarisaRibeiro-300x159.png\" alt=\"\" width=\"300\" height=\"159\" srcset=\"https:\/\/www.ufmg.br\/ieat\/wp-content\/uploads\/2022\/06\/MarisaRibeiro-300x159.png 300w, https:\/\/www.ufmg.br\/ieat\/wp-content\/uploads\/2022\/06\/MarisaRibeiro.png 640w\" sizes=\"auto, (max-width: 300px) 100vw, 300px\" \/><\/p>\n<hr \/>\n<p><strong>Per\u00edodo da Resid\u00eancia: <\/strong>1\u00ba deagosto de 2017 a 31 de julho de 2018<\/p>\n<p>Residente do IEAT, professora <a href=\"http:\/\/somos.ufmg.br\/professor\/marisa-ribeiro-teixeira-duarte\" target=\"_blank\" rel=\"noopener noreferrer\">Marisa Ribeiro Teixeira Duarte<\/a> concluiu gradua\u00e7\u00e3o em Ci\u00eancias Sociais (1977) e mestrado em Educa\u00e7\u00e3o pela Universidade Federal de Minas Gerais (1988). Doutorado em Educa\u00e7\u00e3o pela Universidade Federal Fluminense (2003) e est\u00e1gio p\u00f3s-doutoral sobre sociologia das regula\u00e7\u00f5es sociais, Universidade Cat\u00f3lica de Louvain la Neuve, Belgica (2008) e sobre pol\u00edtica educacional comparada na Universidade de Humbolt, Alemanha, 2013. Professora Associada do Departamento de Administra\u00e7\u00e3o Escolar e pesquisadora do Programa de P\u00f3s-Gradua\u00e7\u00e3o da Faculdade de Educa\u00e7\u00e3o da UFMG. \u00c1rea de pesquisa em: Pol\u00edticas p\u00fablicas de educa\u00e7\u00e3o e gest\u00e3o dos nos sistemas educacionais. Principais trabalhos publicados: Duarte, Adriana C. e Duarte, Marisa RT. Termos da legisla\u00e7\u00e3o educacional brasileira. Belo Horizonte, Editora da UFMG, 2007; Recursos p\u00fablicos para escolas p\u00fablicas, Belo Horizonte, Editora RHJ: Fac Educa\u00e7\u00e3o\/UFMG, 2010; organizou com Souza, Donaldo B e Oliveira, Rosimar a colet\u00e2nea: Sistemas educacionais: concep\u00e7\u00f5es, tens\u00f5es e desafios, pela Edi\u00e7\u00f5es Loyola, em 2015. Principais artigos publicados: DUARTE, Marisa Ribeiro Teixeira. Pol\u00edtica, educa\u00e7\u00e3o e desigualdades: tr\u00eas perspectivas, confinamentos e hibridiza\u00e7\u00f5es. Revista de estudos da linguagem, v. 24, p. 841-866, 2016; Duarte, Marisa Ribeiro Teixeira; SANTOS, Maria Rosimary Soares dos. Sistema Nacional de Educa\u00e7\u00e3o e rela\u00e7\u00f5es intergovernamentais no Brasil. Educa\u00e7\u00e3o &amp; Sociedade (Impresso), v. 35, p. 1115-1136, 2014; DUARTE, Marisa Ribeiro Teixeira; Junqueira, Deborah de S. A propaga\u00e7\u00e3o de novos modos de regula\u00e7\u00e3o no sistema educacional brasileiro: o Plano de A\u00e7\u00f5es Articuladas e as rela\u00e7\u00f5es entre as escolas e a Uni\u00e3o. Pr\u00f3-Posi\u00e7\u00f5es (UNICAMP. Impresso), v. 24, p. 165-193, 2013.<\/p>\n<p>Coordena\u00e7\u00e3o de pesquisa interinstitucional (UFMG-FJP de 2017 a 2021): rela\u00e7\u00f5es intergovernamentais e a gest\u00e3o de sistemas municipais de educa\u00e7\u00e3o: capacidade institucional de implementa\u00e7\u00e3o e regula\u00e7\u00e3o intermunicipal. Apoio financeiro: FAPEMIG.<\/p>\n<hr \/>\n<p><strong>PROJETO: <\/strong><strong>DESIGUALDADES EDUCACIONAIS: MAPAS, TRAJET\u00d3RIAS E MEDIDAS.<\/strong><\/p>\n<p>Pesquisa sobre sistemas de desigualdades educacionais, trajet\u00f3rias de desenvolvimento e distribui\u00e7\u00e3o federativa. Ser\u00e1 efetuada revis\u00e3o da literatura em tr\u00eas \u00e1reas de conhecimento sobre desigualdades educacionais: pol\u00edticas p\u00fablicas de educa\u00e7\u00e3o, sociologia da educa\u00e7\u00e3o e gest\u00e3o educacional. A abordagem contempla, ainda, an\u00e1lise da espacializa\u00e7\u00e3o das medidas de desigualdades educacionais utilizadas no territ\u00f3rio da federa\u00e7\u00e3o. A hip\u00f3tese anal\u00edtica considera que o arranjo federativo no Brasil espelha desigualdades educacionais. A pesquisa ter\u00e1 como produto mais significativo a prepara\u00e7\u00e3o de obra sobre \u201cdesigualdades educacionais e a federa\u00e7\u00e3o brasileira\u201d, que poder\u00e1 contribuir para uma abordagem mais integrada deste fen\u00f4meno social com os fundamentos legitimadores de diferentes pol\u00edticas p\u00fablicas da \u00e1rea.<\/p>\n","protected":false},"excerpt":{"rendered":"<p>Per\u00edodo da Resid\u00eancia: 1\u00ba deagosto de 2017 a 31 de [&hellip;]<\/p>\n","protected":false},"author":4,"featured_media":0,"parent":355,"menu_order":0,"comment_status":"closed","ping_status":"closed","template":"","meta":{"_acf_changed":false,"footnotes":""},"class_list":["post-634","page","type-page","status-publish","hentry"],"acf":[],"_links":{"self":[{"href":"https:\/\/www.ufmg.br\/ieat\/wp-json\/wp\/v2\/pages\/634","targetHints":{"allow":["GET"]}}],"collection":[{"href":"https:\/\/www.ufmg.br\/ieat\/wp-json\/wp\/v2\/pages"}],"about":[{"href":"https:\/\/www.ufmg.br\/ieat\/wp-json\/wp\/v2\/types\/page"}],"author":[{"embeddable":true,"href":"https:\/\/www.ufmg.br\/ieat\/wp-json\/wp\/v2\/users\/4"}],"replies":[{"embeddable":true,"href":"https:\/\/www.ufmg.br\/ieat\/wp-json\/wp\/v2\/comments?post=634"}],"version-history":[{"count":5,"href":"https:\/\/www.ufmg.br\/ieat\/wp-json\/wp\/v2\/pages\/634\/revisions"}],"predecessor-version":[{"id":3084,"href":"https:\/\/www.ufmg.br\/ieat\/wp-json\/wp\/v2\/pages\/634\/revisions\/3084"}],"up":[{"embeddable":true,"href":"https:\/\/www.ufmg.br\/ieat\/wp-json\/wp\/v2\/pages\/355"}],"wp:attachment":[{"href":"https:\/\/www.ufmg.br\/ieat\/wp-json\/wp\/v2\/media?parent=634"}],"curies":[{"name":"wp","href":"https:\/\/api.w.org\/{rel}","templated":true}]}}

<p><img loading="lazy" decoding="async" class="alignnone size-medium wp-image-607" src="https://www.ufmg.br/ieat/wp-content/uploads/2022/06/MarisaRibeiro-300x159.png" alt="" width="300" height="159" srcset="https://www.ufmg.br/ieat/wp-content/uploads/2022/06/MarisaRibeiro-300x159.png 300w, https://www.ufmg.br/ieat/wp-content/uploads/2022/06/MarisaRibeiro.png 640w" sizes="auto, (max-width: 300px) 100vw, 300px" /></p>
<hr />
<p><strong>Período da Residência: </strong>1º deagosto de 2017 a 31 de julho de 2018</p>
<p>Residente do IEAT, professora <a href="http://somos.ufmg.br/professor/marisa-ribeiro-teixeira-duarte" target="_blank" rel="noopener noreferrer">Marisa Ribeiro Teixeira Duarte</a> concluiu graduação em Ciências Sociais (1977) e mestrado em Educação pela Universidade Federal de Minas Gerais (1988). Doutorado em Educação pela Universidade Federal Fluminense (2003) e estágio pós-doutoral sobre sociologia das regulações sociais, Universidade Católica de Louvain la Neuve, Belgica (2008) e sobre política educacional comparada na Universidade de Humbolt, Alemanha, 2013. Professora Associada do Departamento de Administração Escolar e pesquisadora do Programa de Pós-Graduação da Faculdade de Educação da UFMG. Área de pesquisa em: Políticas públicas de educação e gestão dos nos sistemas educacionais. Principais trabalhos publicados: Duarte, Adriana C. e Duarte, Marisa RT. Termos da legislação educacional brasileira. Belo Horizonte, Editora da UFMG, 2007; Recursos públicos para escolas públicas, Belo Horizonte, Editora RHJ: Fac Educação/UFMG, 2010; organizou com Souza, Donaldo B e Oliveira, Rosimar a coletânea: Sistemas educacionais: concepções, tensões e desafios, pela Edições Loyola, em 2015. Principais artigos publicados: DUARTE, Marisa Ribeiro Teixeira. Política, educação e desigualdades: três perspectivas, confinamentos e hibridizações. Revista de estudos da linguagem, v. 24, p. 841-866, 2016; Duarte, Marisa Ribeiro Teixeira; SANTOS, Maria Rosimary Soares dos. Sistema Nacional de Educação e relações intergovernamentais no Brasil. Educação &amp; Sociedade (Impresso), v. 35, p. 1115-1136, 2014; DUARTE, Marisa Ribeiro Teixeira; Junqueira, Deborah de S. A propagação de novos modos de regulação no sistema educacional brasileiro: o Plano de Ações Articuladas e as relações entre as escolas e a União. Pró-Posições (UNICAMP. Impresso), v. 24, p. 165-193, 2013.</p>
<p>Coordenação de pesquisa interinstitucional (UFMG-FJP de 2017 a 2021): relações intergovernamentais e a gestão de sistemas municipais de educação: capacidade institucional de implementação e regulação intermunicipal. Apoio financeiro: FAPEMIG.</p>
<hr />
<p><strong>PROJETO: </strong><strong>DESIGUALDADES EDUCACIONAIS: MAPAS, TRAJETÓRIAS E MEDIDAS.</strong></p>
<p>Pesquisa sobre sistemas de desigualdades educacionais, trajetórias de desenvolvimento e distribuição federativa. Será efetuada revisão da literatura em três áreas de conhecimento sobre desigualdades educacionais: políticas públicas de educação, sociologia da educação e gestão educacional. A abordagem contempla, ainda, análise da espacialização das medidas de desigualdades educacionais utilizadas no território da federação. A hipótese analítica considera que o arranjo federativo no Brasil espelha desigualdades educacionais. A pesquisa terá como produto mais significativo a preparação de obra sobre “desigualdades educacionais e a federação brasileira”, que poderá contribuir para uma abordagem mais integrada deste fenômeno social com os fundamentos legitimadores de diferentes políticas públicas da área.</p>

<p>Período da Residência: 1º deagosto de 2017 a 31 de [&hellip;]</p>
