{"id":700,"date":"2022-06-07T10:40:59","date_gmt":"2022-06-07T13:40:59","guid":{"rendered":"https:\/\/www.ufmg.br\/ieat_novosite\/?page_id=700"},"modified":"2023-03-13T13:02:13","modified_gmt":"2023-03-13T16:02:13","slug":"maria-fernanda-salcedo-repoles","status":"publish","type":"page","link":"https:\/\/www.ufmg.br\/ieat\/residentes\/maria-fernanda-salcedo-repoles\/","title":{"rendered":"Maria Fernanda Salcedo Repol\u00eas"},"content":{"rendered":"<p><img loading=\"lazy\" decoding=\"async\" class=\"alignnone size-medium wp-image-694\" src=\"https:\/\/www.ufmg.br\/ieat\/wp-content\/uploads\/2022\/06\/MariaFernanda-300x159.png\" alt=\"\" width=\"300\" height=\"159\" srcset=\"https:\/\/www.ufmg.br\/ieat\/wp-content\/uploads\/2022\/06\/MariaFernanda-300x159.png 300w, https:\/\/www.ufmg.br\/ieat\/wp-content\/uploads\/2022\/06\/MariaFernanda.png 640w\" sizes=\"auto, (max-width: 300px) 100vw, 300px\" \/><\/p>\n<hr \/>\n<p><strong>Per\u00edodo da Resid\u00eancia: <\/strong>1\u00ba de agosto de 2016 a 31 de julho de 2017<\/p>\n<p>Residente do IEAT, <a href=\"http:\/\/somos.ufmg.br\/professor\/maria-fernanda-salcedo-repoles\">Maria Fernanda Salcedo Repol\u00eas<\/a> \u00e9 Professora Adjunta da Faculdade de Direito da UFMG, no Departamento de Direito do Trabalho e Introdu\u00e7\u00e3o ao Estudo do Direito (DIT). Coordenadora do Projeto de Pesquisa Tempo, Espa\u00e7o e Sentidos de Constitui\u00e7\u00e3o. Membro do Programa de Pesquisa e Extens\u00e3o P\u00f3los de Cidadania. P\u00f3s-doutora pela Universidade Federal do Rio de Janeiro, com bolsa CNPq. Possui gradua\u00e7\u00e3o em Direito (1996), Mestrado em Filosofia Social e Pol\u00edtica (2000) e Doutorado em Direito Constitucional (2006), todos obtidos pela Universidade Federal de Minas Gerais. Foi Coordenadora do Programa de P\u00f3s-gradua\u00e7\u00e3o em Direito da UFMG (2013-2015). Seus principais interesses te\u00f3ricos na \u00e1rea de Direito s\u00e3o Sociologia Jur\u00eddica, Filosofia do Direito e Hist\u00f3ria do Direito, atuando principalmente nos seguintes temas: identidade constitucional, desobedi\u00eancia civil, hist\u00f3ria e cultura das institui\u00e7\u00f5es jur\u00eddicas brasileiras, efetividade dos direitos fundamentais, arte e direito, modernidade e pobreza.<\/p>\n<hr \/>\n<p><strong>TEMPO, ESPA\u00c7O E SENTIDOS DE CONSTITUI\u00c7\u00c3O<\/strong><\/p>\n<p>A pesquisa ora proposta visa discutir contextos como o brasileiro em que tempos e espa\u00e7os diversos convivem em tens\u00e3o e imp\u00f5e que coloquemos entre par\u00eantesis certas e j\u00e1 tradicionais representa\u00e7\u00f5es e tradu\u00e7\u00f5es de Brasil, as quais n\u00e3o conseguem visualizar que a pluralidade e a colonialidade s\u00e3o marcas dos processos de moderniza\u00e7\u00e3o. Vistos como tens\u00e3o, os significados da luta por direitos podem tornar vis\u00edvel a potencial conquista de igualdade e liberdade para todos, como um processo de constante aprendizado e sujeito a retrocessos. Da perspectiva do espa\u00e7o, n\u00e3o mais pensado como geografia f\u00edsica ou territ\u00f3rio nacional, mas, sobretudo, como rela\u00e7\u00f5es que delimitam o lugar de cada um no mundo, a Constitui\u00e7\u00e3o pode ser entendida como espa\u00e7o de disputa de direitos. Da perspectiva do tempo, essas disputadas ocorridas no presente concatenam disputas entre mem\u00f3ria e esquecimento do passado; e entre a prospec\u00e7\u00e3o ut\u00f3pica para o futuro e a tens\u00e3o entre a experi\u00eancia e expectativa.<\/p>\n<p>Por meio das atividades cient\u00edficas, dos col\u00f3quios e da intera\u00e7\u00e3o com grupos de pesquisa, objetiva-se discutir os processos de moderniza\u00e7\u00e3o no Brasil a partir de sua pluralidade e colonialidade; identificar suas linhas de continuidade e descontinuidade hist\u00f3rica; interpretar os processos de luta por direitos como giro espa\u00e7o-temporal do Direito; interpretar; a partir do olhar erigido pela Constitui\u00e7\u00e3o de 1988, situa\u00e7\u00f5es cotidianas que suscitam a legitimidade ou n\u00e3o de media\u00e7\u00f5es institucionais no que tange a efetiva\u00e7\u00e3o dos direitos fundamentais de grupos historicamente vulner\u00e1veis; construir respostas transdisciplinares que transcendam posturas polarizadas e unidimensionais de conhecimento, problematizando experi\u00eancias esquecidas de exclus\u00e3o social a partir das disputas dos sentidos do projeto constitucional democr\u00e1tico.<\/p>\n<p>Como resultado, pretende-se a produ\u00e7\u00e3o de um livro com a tem\u00e1tica \u201cTempo, Espa\u00e7o e os Sentidos de Constitui\u00e7\u00e3o\u201d.<\/p>\n","protected":false},"excerpt":{"rendered":"<p>Per\u00edodo da Resid\u00eancia: 1\u00ba de agosto de 2016 a 31 [&hellip;]<\/p>\n","protected":false},"author":4,"featured_media":0,"parent":355,"menu_order":0,"comment_status":"closed","ping_status":"closed","template":"","meta":{"_acf_changed":false,"footnotes":""},"class_list":["post-700","page","type-page","status-publish","hentry"],"acf":[],"_links":{"self":[{"href":"https:\/\/www.ufmg.br\/ieat\/wp-json\/wp\/v2\/pages\/700","targetHints":{"allow":["GET"]}}],"collection":[{"href":"https:\/\/www.ufmg.br\/ieat\/wp-json\/wp\/v2\/pages"}],"about":[{"href":"https:\/\/www.ufmg.br\/ieat\/wp-json\/wp\/v2\/types\/page"}],"author":[{"embeddable":true,"href":"https:\/\/www.ufmg.br\/ieat\/wp-json\/wp\/v2\/users\/4"}],"replies":[{"embeddable":true,"href":"https:\/\/www.ufmg.br\/ieat\/wp-json\/wp\/v2\/comments?post=700"}],"version-history":[{"count":4,"href":"https:\/\/www.ufmg.br\/ieat\/wp-json\/wp\/v2\/pages\/700\/revisions"}],"predecessor-version":[{"id":3134,"href":"https:\/\/www.ufmg.br\/ieat\/wp-json\/wp\/v2\/pages\/700\/revisions\/3134"}],"up":[{"embeddable":true,"href":"https:\/\/www.ufmg.br\/ieat\/wp-json\/wp\/v2\/pages\/355"}],"wp:attachment":[{"href":"https:\/\/www.ufmg.br\/ieat\/wp-json\/wp\/v2\/media?parent=700"}],"curies":[{"name":"wp","href":"https:\/\/api.w.org\/{rel}","templated":true}]}}

Maria Fernanda Salcedo Repolês

<p><img loading="lazy" decoding="async" class="alignnone size-medium wp-image-694" src="https://www.ufmg.br/ieat/wp-content/uploads/2022/06/MariaFernanda-300x159.png" alt="" width="300" height="159" srcset="https://www.ufmg.br/ieat/wp-content/uploads/2022/06/MariaFernanda-300x159.png 300w, https://www.ufmg.br/ieat/wp-content/uploads/2022/06/MariaFernanda.png 640w" sizes="auto, (max-width: 300px) 100vw, 300px" /></p>
<hr />
<p><strong>Período da Residência: </strong>1º de agosto de 2016 a 31 de julho de 2017</p>
<p>Residente do IEAT, <a href="http://somos.ufmg.br/professor/maria-fernanda-salcedo-repoles">Maria Fernanda Salcedo Repolês</a> é Professora Adjunta da Faculdade de Direito da UFMG, no Departamento de Direito do Trabalho e Introdução ao Estudo do Direito (DIT). Coordenadora do Projeto de Pesquisa Tempo, Espaço e Sentidos de Constituição. Membro do Programa de Pesquisa e Extensão Pólos de Cidadania. Pós-doutora pela Universidade Federal do Rio de Janeiro, com bolsa CNPq. Possui graduação em Direito (1996), Mestrado em Filosofia Social e Política (2000) e Doutorado em Direito Constitucional (2006), todos obtidos pela Universidade Federal de Minas Gerais. Foi Coordenadora do Programa de Pós-graduação em Direito da UFMG (2013-2015). Seus principais interesses teóricos na área de Direito são Sociologia Jurídica, Filosofia do Direito e História do Direito, atuando principalmente nos seguintes temas: identidade constitucional, desobediência civil, história e cultura das instituições jurídicas brasileiras, efetividade dos direitos fundamentais, arte e direito, modernidade e pobreza.</p>
<hr />
<p><strong>TEMPO, ESPAÇO E SENTIDOS DE CONSTITUIÇÃO</strong></p>
<p>A pesquisa ora proposta visa discutir contextos como o brasileiro em que tempos e espaços diversos convivem em tensão e impõe que coloquemos entre parêntesis certas e já tradicionais representações e traduções de Brasil, as quais não conseguem visualizar que a pluralidade e a colonialidade são marcas dos processos de modernização. Vistos como tensão, os significados da luta por direitos podem tornar visível a potencial conquista de igualdade e liberdade para todos, como um processo de constante aprendizado e sujeito a retrocessos. Da perspectiva do espaço, não mais pensado como geografia física ou território nacional, mas, sobretudo, como relações que delimitam o lugar de cada um no mundo, a Constituição pode ser entendida como espaço de disputa de direitos. Da perspectiva do tempo, essas disputadas ocorridas no presente concatenam disputas entre memória e esquecimento do passado; e entre a prospecção utópica para o futuro e a tensão entre a experiência e expectativa.</p>
<p>Por meio das atividades científicas, dos colóquios e da interação com grupos de pesquisa, objetiva-se discutir os processos de modernização no Brasil a partir de sua pluralidade e colonialidade; identificar suas linhas de continuidade e descontinuidade histórica; interpretar os processos de luta por direitos como giro espaço-temporal do Direito; interpretar; a partir do olhar erigido pela Constituição de 1988, situações cotidianas que suscitam a legitimidade ou não de mediações institucionais no que tange a efetivação dos direitos fundamentais de grupos historicamente vulneráveis; construir respostas transdisciplinares que transcendam posturas polarizadas e unidimensionais de conhecimento, problematizando experiências esquecidas de exclusão social a partir das disputas dos sentidos do projeto constitucional democrático.</p>
<p>Como resultado, pretende-se a produção de um livro com a temática “Tempo, Espaço e os Sentidos de Constituição”.</p>

<p>Período da Residência: 1º de agosto de 2016 a 31 [&hellip;]</p>
