{"id":7052,"date":"2022-10-17T11:24:08","date_gmt":"2022-10-17T14:24:08","guid":{"rendered":"https:\/\/www.ufmg.br\/ieat\/?page_id=7052"},"modified":"2025-08-13T11:07:31","modified_gmt":"2025-08-13T14:07:31","slug":"information-technology-or-science","status":"publish","type":"page","link":"https:\/\/www.ufmg.br\/ieat\/en\/events-2\/tansdisciplinary-meetings\/information-technology-or-science\/","title":{"rendered":"Information: Technology or science"},"content":{"rendered":"<p><strong>Date:<\/strong> May 31, 2001<br \/>\n<strong>Location:<\/strong> S\u00f4nia Viegas Auditorium of the School of Philosophy and Human Sciences at UFMG<\/p>\n<p><strong>Speakers:<\/strong> Professor Virg\u00edlio Almeida of the Institute of Exact Sciences at UFMG, Marta Aun of the School of Information Science at UFMG, and Ant\u00f4nio Em\u00edlio Ara\u00fajo of the School of Engineering at UFMG.<\/p>\n<style>#sp-ea-1980 .spcollapsing { height: 0; overflow: hidden; transition-property: height;transition-duration: 500ms;}#sp-ea-1980.sp-easy-accordion>.sp-ea-single {margin-bottom: 10px; border: 1px solid #e2e2e2; }#sp-ea-1980.sp-easy-accordion>.sp-ea-single>.ea-header a {color: #444;}#sp-ea-1980.sp-easy-accordion>.sp-ea-single>.sp-collapse>.ea-body {background: #fff; color: #444;}#sp-ea-1980.sp-easy-accordion>.sp-ea-single {background: #eee;}#sp-ea-1980.sp-easy-accordion>.sp-ea-single>.ea-header a .ea-expand-icon { float: left; color: #444;font-size: 16px;}<\/style><div id=\"sp_easy_accordion-1788686569\"><div id=\"sp-ea-1980\" class=\"sp-ea-one sp-easy-accordion\" data-ea-active=\"ea-click\" data-ea-mode=\"vertical\" data-preloader=\"\" data-scroll-active-item=\"\" data-offset-to-scroll=\"0\"><div class=\"ea-card ea-expand sp-ea-single\"><h3 class=\"ea-header\"><a class=\"collapsed\" id=\"ea-header-19800\" role=\"button\" data-sptoggle=\"spcollapse\" data-sptarget=\"#collapse19800\" aria-controls=\"collapse19800\" href=\"#\" aria-expanded=\"true\" tabindex=\"0\"><i aria-hidden=\"true\" role=\"presentation\" class=\"ea-expand-icon eap-icon-ea-expand-minus\"><\/i> Cartaz<\/a><\/h3><div class=\"sp-collapse spcollapse collapsed show\" id=\"collapse19800\" data-parent=\"#sp-ea-1980\" role=\"region\" aria-labelledby=\"ea-header-19800\"> <div class=\"ea-body\"><p><img decoding=\"async\" src=\"https:\/\/www.ufmg.br\/ieat_novosite\/wp-content\/uploads\/2022\/10\/2001_Encontros_trans_Virgilio_Almeida.jpg\" alt=\"\" \/><\/p><\/div><\/div><\/div><\/div><\/div>\n","protected":false},"excerpt":{"rendered":"<p>Date: May 31, 2001 Location: S\u00f4nia Viegas Auditorium of the [&hellip;]<\/p>\n","protected":false},"author":1,"featured_media":0,"parent":1526,"menu_order":0,"comment_status":"closed","ping_status":"closed","template":"","meta":{"_acf_changed":false,"footnotes":""},"class_list":["post-7052","page","type-page","status-publish","hentry"],"acf":[],"_links":{"self":[{"href":"https:\/\/www.ufmg.br\/ieat\/wp-json\/wp\/v2\/pages\/7052","targetHints":{"allow":["GET"]}}],"collection":[{"href":"https:\/\/www.ufmg.br\/ieat\/wp-json\/wp\/v2\/pages"}],"about":[{"href":"https:\/\/www.ufmg.br\/ieat\/wp-json\/wp\/v2\/types\/page"}],"author":[{"embeddable":true,"href":"https:\/\/www.ufmg.br\/ieat\/wp-json\/wp\/v2\/users\/1"}],"replies":[{"embeddable":true,"href":"https:\/\/www.ufmg.br\/ieat\/wp-json\/wp\/v2\/comments?post=7052"}],"version-history":[{"count":1,"href":"https:\/\/www.ufmg.br\/ieat\/wp-json\/wp\/v2\/pages\/7052\/revisions"}],"predecessor-version":[{"id":7053,"href":"https:\/\/www.ufmg.br\/ieat\/wp-json\/wp\/v2\/pages\/7052\/revisions\/7053"}],"up":[{"embeddable":true,"href":"https:\/\/www.ufmg.br\/ieat\/wp-json\/wp\/v2\/pages\/1526"}],"wp:attachment":[{"href":"https:\/\/www.ufmg.br\/ieat\/wp-json\/wp\/v2\/media?parent=7052"}],"curies":[{"name":"wp","href":"https:\/\/api.w.org\/{rel}","templated":true}]}}

<p><strong>Date:</strong> May 31, 2001<br />
<strong>Location:</strong> Sônia Viegas Auditorium of the School of Philosophy and Human Sciences at UFMG</p>
<p><strong>Speakers:</strong> Professor Virgílio Almeida of the Institute of Exact Sciences at UFMG, Marta Aun of the School of Information Science at UFMG, and Antônio Emílio Araújo of the School of Engineering at UFMG.</p>
<style>#sp-ea-1980 .spcollapsing { height: 0; overflow: hidden; transition-property: height;transition-duration: 500ms;}#sp-ea-1980.sp-easy-accordion>.sp-ea-single {margin-bottom: 10px; border: 1px solid #e2e2e2; }#sp-ea-1980.sp-easy-accordion>.sp-ea-single>.ea-header a {color: #444;}#sp-ea-1980.sp-easy-accordion>.sp-ea-single>.sp-collapse>.ea-body {background: #fff; color: #444;}#sp-ea-1980.sp-easy-accordion>.sp-ea-single {background: #eee;}#sp-ea-1980.sp-easy-accordion>.sp-ea-single>.ea-header a .ea-expand-icon { float: left; color: #444;font-size: 16px;}</style><div id="sp_easy_accordion-1788686569"><div id="sp-ea-1980" class="sp-ea-one sp-easy-accordion" data-ea-active="ea-click" data-ea-mode="vertical" data-preloader="" data-scroll-active-item="" data-offset-to-scroll="0"><div class="ea-card ea-expand sp-ea-single"><h3 class="ea-header"><a class="collapsed" id="ea-header-19800" role="button" data-sptoggle="spcollapse" data-sptarget="#collapse19800" aria-controls="collapse19800" href="#" aria-expanded="true" tabindex="0"><i aria-hidden="true" role="presentation" class="ea-expand-icon eap-icon-ea-expand-minus"></i> Cartaz</a></h3><div class="sp-collapse spcollapse collapsed show" id="collapse19800" data-parent="#sp-ea-1980" role="region" aria-labelledby="ea-header-19800"> <div class="ea-body"><p><img decoding="async" src="https://www.ufmg.br/ieat_novosite/wp-content/uploads/2022/10/2001_Encontros_trans_Virgilio_Almeida.jpg" alt="" /></p></div></div></div></div></div>

<p>Date: May 31, 2001 Location: Sônia Viegas Auditorium of the [&hellip;]</p>
