{"id":737,"date":"2022-06-07T11:30:35","date_gmt":"2022-06-07T14:30:35","guid":{"rendered":"https:\/\/www.ufmg.br\/ieat_novosite\/?page_id=737"},"modified":"2023-03-20T09:40:40","modified_gmt":"2023-03-20T12:40:40","slug":"patricia-franca-huchet","status":"publish","type":"page","link":"https:\/\/www.ufmg.br\/ieat\/residentes\/patricia-franca-huchet\/","title":{"rendered":"Patricia Franca-Huchet"},"content":{"rendered":"<p><img loading=\"lazy\" decoding=\"async\" class=\"alignnone size-medium wp-image-680\" src=\"https:\/\/www.ufmg.br\/ieat\/wp-content\/uploads\/2022\/06\/PatriciaFranca-Huchet-300x159.png\" alt=\"\" width=\"300\" height=\"159\" srcset=\"https:\/\/www.ufmg.br\/ieat\/wp-content\/uploads\/2022\/06\/PatriciaFranca-Huchet-300x159.png 300w, https:\/\/www.ufmg.br\/ieat\/wp-content\/uploads\/2022\/06\/PatriciaFranca-Huchet.png 640w\" sizes=\"auto, (max-width: 300px) 100vw, 300px\" \/><\/p>\n<hr \/>\n<p><strong>Per\u00edodo da Resid\u00eancia:<\/strong> 01\/03\/2013 a 28\/02\/2014<\/p>\n<p>Professora <a href=\"http:\/\/somos.ufmg.br\/professor\/patricia-dias-franca-huchet\" target=\"_blank\" rel=\"noopener noreferrer\">Patricia Franca-Huchet<\/a> \u00e9 professora titular da Escola de Belas Artes da Universidade Federal de Minas Gerais e pesquisadora do BE-IT: Bureau de estudos sobre a imagem e o tempo. <em>Doctorat<\/em> e <em>Master<\/em> pela <em>Universit\u00e9 de Paris I<\/em>, <em>Sorbonne. Master 1<\/em> pela <em>Universit\u00e9 de Paris VIII<\/em>. P\u00f3s-doutorado pela <em>Universit\u00e9 de Paris III Institut de Recherche sur le Cin\u00e9ma et l\u2019Audiovisuel<\/em> (IRCAV) e no <em>Centre de Recherche en Esth\u00e9tique du Cin\u00e9ma et des Images<\/em> (CRECI). Trabalha sobre a imagem focalizando seu interesse pela reconstru\u00e7\u00e3o cr\u00edtica da tradi\u00e7\u00e3o pictural. \u00c9 membro do IAWIS: <em>International Association of word and image studies<\/em>, atual sede na UQ\u00c3M, Montr\u00e9al. Coordena o grupo de pesquisa BE-IT: Bureau de estudos sobre a imagem e o tempo; que concebeu. \u00c9 membro do corpo permanente do PPGArtes da EBA\/UFMG que ajudou a fundar desde 1998. Foi professora da Universidade de S\u00e3o Paulo [ECA-CAP] de 1995 a 1997, a convite do Professor Walter Zanini e J\u00falio Plaza. Tem publica\u00e7\u00f5es em livros e revistas especializadas no Brasil e em outros paises. Foi professora convidada da <em>Universitat Polit\u00e8cnica<\/em> de Val\u00eancia. Pesquisou, exp\u00f4s e publicou na <em>Fondation Dan\u00e4e<\/em>\/Fran\u00e7a. Tem experi\u00eancia na \u00e1rea de Artes, atuando principalmente nos seguintes temas: imagem, fotografia, pintura, literatura.<\/p>\n<hr \/>\n<p><strong>ENTRE A HIST\u00d3RIA E A FIC\u00c7\u00c3O: A EXPERI\u00caNCIA DO HETER\u00d4NIMO NA PR\u00c1TICA FOTOGR\u00c1FICA E LITER\u00c1RIA<\/strong><\/p>\n<p>O projeto \u00e9 desenvolvido dentro da linha de pesquisa \u201cEstudos sobre a imagem e a hist\u00f3ria\u201d, do Grupo BE-IT: Bureau de estudos sobre a imagem e o tempo. Faz-se continuidade da pesquisa anterior A fotografia como categoria do pensamento art\u00edstico. Abrange a pr\u00e1tica com a imagem fotogr\u00e1fica e sua problematiza\u00e7\u00e3o art\u00edstica e te\u00f3rica. Mostra como objeto central a nossa rela\u00e7\u00e3o com as imagens \u2013 da hist\u00f3ria, e, sobretudo, da hist\u00f3ria da arte que s\u00e3o retrabalhadas pela fotografia. Essas se tornam o material de uma fic\u00e7\u00e3o e de uma experi\u00eancia do autor como heter\u00f4nimo. Em torno da fotografia e em decorr\u00eancia desse car\u00e1ter ficcional investigar-se-\u00e1 a no\u00e7\u00e3o de teatralidade em um trabalho de montagem que deseja resignificar imagens, refer\u00eancias visuais e textuais. Procuramos assim resituar fragmentos retirados da hist\u00f3ria [textos e imagens] em uma reatualiza\u00e7\u00e3o art\u00edstica que resulta em uma iconografia cr\u00edtica no presente. Intenta-se, pois, atrav\u00e9s da produ\u00e7\u00e3o, unir a pesquisa fotogr\u00e1fica e a reflexiva em torno de um mesmo objetivo: o heter\u00f4nimo, seu pensamento e sua produ\u00e7\u00e3o, na forma de livros, exposi\u00e7\u00f5es e apresenta\u00e7\u00f5es em v\u00e1rias modalidades, o que procura fazer dessa pesquisa um processo din\u00e2mico de montagem e edi\u00e7\u00e3o. A quest\u00e3o da teatralidade da imagem fotogr\u00e1fica revela-se fundamental nessa pesquisa, j\u00e1 que ela ressalta a pertin\u00eancia atual das produ\u00e7\u00f5es art\u00edsticas e cr\u00edticas que tomam como objetivo central nossa rela\u00e7\u00e3o amb\u00edgua com as imagens [a fic\u00e7\u00e3o] e consequentemente a experi\u00eancia do espectador. Atrav\u00e9s desse corpus de categorias cr\u00edticas e de procedimentos art\u00edsticos, essa pesquisa tem como horizonte ou como motiva\u00e7\u00e3o intr\u00ednseca a intensidade da presen\u00e7a das imagens na forma\u00e7\u00e3o do indiv\u00edduo e da coletividade.<\/p>\n","protected":false},"excerpt":{"rendered":"<p>Per\u00edodo da Resid\u00eancia: 01\/03\/2013 a 28\/02\/2014 Professora Patricia Franca-Huchet \u00e9 [&hellip;]<\/p>\n","protected":false},"author":4,"featured_media":0,"parent":355,"menu_order":0,"comment_status":"closed","ping_status":"closed","template":"","meta":{"_acf_changed":false,"footnotes":""},"class_list":["post-737","page","type-page","status-publish","hentry"],"acf":[],"_links":{"self":[{"href":"https:\/\/www.ufmg.br\/ieat\/wp-json\/wp\/v2\/pages\/737","targetHints":{"allow":["GET"]}}],"collection":[{"href":"https:\/\/www.ufmg.br\/ieat\/wp-json\/wp\/v2\/pages"}],"about":[{"href":"https:\/\/www.ufmg.br\/ieat\/wp-json\/wp\/v2\/types\/page"}],"author":[{"embeddable":true,"href":"https:\/\/www.ufmg.br\/ieat\/wp-json\/wp\/v2\/users\/4"}],"replies":[{"embeddable":true,"href":"https:\/\/www.ufmg.br\/ieat\/wp-json\/wp\/v2\/comments?post=737"}],"version-history":[{"count":5,"href":"https:\/\/www.ufmg.br\/ieat\/wp-json\/wp\/v2\/pages\/737\/revisions"}],"predecessor-version":[{"id":3196,"href":"https:\/\/www.ufmg.br\/ieat\/wp-json\/wp\/v2\/pages\/737\/revisions\/3196"}],"up":[{"embeddable":true,"href":"https:\/\/www.ufmg.br\/ieat\/wp-json\/wp\/v2\/pages\/355"}],"wp:attachment":[{"href":"https:\/\/www.ufmg.br\/ieat\/wp-json\/wp\/v2\/media?parent=737"}],"curies":[{"name":"wp","href":"https:\/\/api.w.org\/{rel}","templated":true}]}}

<p><img loading="lazy" decoding="async" class="alignnone size-medium wp-image-680" src="https://www.ufmg.br/ieat/wp-content/uploads/2022/06/PatriciaFranca-Huchet-300x159.png" alt="" width="300" height="159" srcset="https://www.ufmg.br/ieat/wp-content/uploads/2022/06/PatriciaFranca-Huchet-300x159.png 300w, https://www.ufmg.br/ieat/wp-content/uploads/2022/06/PatriciaFranca-Huchet.png 640w" sizes="auto, (max-width: 300px) 100vw, 300px" /></p>
<hr />
<p><strong>Período da Residência:</strong> 01/03/2013 a 28/02/2014</p>
<p>Professora <a href="http://somos.ufmg.br/professor/patricia-dias-franca-huchet" target="_blank" rel="noopener noreferrer">Patricia Franca-Huchet</a> é professora titular da Escola de Belas Artes da Universidade Federal de Minas Gerais e pesquisadora do BE-IT: Bureau de estudos sobre a imagem e o tempo. <em>Doctorat</em> e <em>Master</em> pela <em>Université de Paris I</em>, <em>Sorbonne. Master 1</em> pela <em>Université de Paris VIII</em>. Pós-doutorado pela <em>Université de Paris III Institut de Recherche sur le Cinéma et l’Audiovisuel</em> (IRCAV) e no <em>Centre de Recherche en Esthétique du Cinéma et des Images</em> (CRECI). Trabalha sobre a imagem focalizando seu interesse pela reconstrução crítica da tradição pictural. É membro do IAWIS: <em>International Association of word and image studies</em>, atual sede na UQÃM, Montréal. Coordena o grupo de pesquisa BE-IT: Bureau de estudos sobre a imagem e o tempo; que concebeu. É membro do corpo permanente do PPGArtes da EBA/UFMG que ajudou a fundar desde 1998. Foi professora da Universidade de São Paulo [ECA-CAP] de 1995 a 1997, a convite do Professor Walter Zanini e Júlio Plaza. Tem publicações em livros e revistas especializadas no Brasil e em outros paises. Foi professora convidada da <em>Universitat Politècnica</em> de Valência. Pesquisou, expôs e publicou na <em>Fondation Danäe</em>/França. Tem experiência na área de Artes, atuando principalmente nos seguintes temas: imagem, fotografia, pintura, literatura.</p>
<hr />
<p><strong>ENTRE A HISTÓRIA E A FICÇÃO: A EXPERIÊNCIA DO HETERÔNIMO NA PRÁTICA FOTOGRÁFICA E LITERÁRIA</strong></p>
<p>O projeto é desenvolvido dentro da linha de pesquisa “Estudos sobre a imagem e a história”, do Grupo BE-IT: Bureau de estudos sobre a imagem e o tempo. Faz-se continuidade da pesquisa anterior A fotografia como categoria do pensamento artístico. Abrange a prática com a imagem fotográfica e sua problematização artística e teórica. Mostra como objeto central a nossa relação com as imagens – da história, e, sobretudo, da história da arte que são retrabalhadas pela fotografia. Essas se tornam o material de uma ficção e de uma experiência do autor como heterônimo. Em torno da fotografia e em decorrência desse caráter ficcional investigar-se-á a noção de teatralidade em um trabalho de montagem que deseja resignificar imagens, referências visuais e textuais. Procuramos assim resituar fragmentos retirados da história [textos e imagens] em uma reatualização artística que resulta em uma iconografia crítica no presente. Intenta-se, pois, através da produção, unir a pesquisa fotográfica e a reflexiva em torno de um mesmo objetivo: o heterônimo, seu pensamento e sua produção, na forma de livros, exposições e apresentações em várias modalidades, o que procura fazer dessa pesquisa um processo dinâmico de montagem e edição. A questão da teatralidade da imagem fotográfica revela-se fundamental nessa pesquisa, já que ela ressalta a pertinência atual das produções artísticas e críticas que tomam como objetivo central nossa relação ambígua com as imagens [a ficção] e consequentemente a experiência do espectador. Através desse corpus de categorias críticas e de procedimentos artísticos, essa pesquisa tem como horizonte ou como motivação intrínseca a intensidade da presença das imagens na formação do indivíduo e da coletividade.</p>

<p>Período da Residência: 01/03/2013 a 28/02/2014 Professora Patricia Franca-Huchet é [&hellip;]</p>
