{"id":2289,"date":"2019-06-13T16:04:21","date_gmt":"2019-06-13T19:04:21","guid":{"rendered":"https:\/\/halley.adm-serv.ufmg.br\/sites\/imprensa\/?page_id=2289"},"modified":"2019-06-27T18:55:29","modified_gmt":"2019-06-27T21:55:29","slug":"historico","status":"publish","type":"page","link":"https:\/\/www.ufmg.br\/imprensa\/index.php\/historico\/","title":{"rendered":"Hist\u00f3rico"},"content":{"rendered":"<p>[vc_row][vc_column][vc_column_text]<\/p>\r\n<p>Autorizada pelo Conselho Universit\u00e1rio em nove de maio de 1955, sob a presid\u00eancia do Reitor Professor Lincoln Prates, a Imprensa Universit\u00e1ria contou com a aquisi\u00e7\u00e3o do seu maquin\u00e1rio neste mesmo ano. Inicialmente funcionando em um galp\u00e3o constru\u00eddo nos terrenos da antiga Cidade Universit\u00e1ria no bairro Santo Agostinho, o novo parque gr\u00e1fico da UFMG, destinado a atender a demanda universit\u00e1ria, teve seu funcionamento iniciado em nove de setembro de 1956. Depois deste per\u00edodo provis\u00f3rio no bairro Santo Agostinho, a Imprensa Universit\u00e1ria mudou-se definitivamente para o Campus Pampulha. Tamb\u00e9m em car\u00e1ter provis\u00f3rio, o parque gr\u00e1fico da UFMG ficou situado ao lado da Assufemg, at\u00e9 que em 21 de maio de 1993, na gest\u00e3o da Reitora Vanessa Guimar\u00e3es Pinto, a Imprensa Universit\u00e1ria ganhou um pr\u00e9dio novo e definitivo no Campus.<\/p>\r\n\r\n<p>Dentre as v\u00e1rias publica\u00e7\u00f5es da Imprensa Universit\u00e1ria, destacam-se: O boletim da Universidade, com periodicidade semanal; os livros da editora UFMG, cerca de 40 t\u00edtulos por ano; os jornais informativos de diversos \u00f3rg\u00e3os e unidades acad\u00eamicas, como o do Museu de Hist\u00f3ria Natural e Jardim Bot\u00e2nico e\u00a0 o da biblioteca; as provas do vestibular, da resid\u00eancia m\u00e9dica do Hospital das Cl\u00ednicas, do Hospital da Veterin\u00e1ria e dos concursos da Universidade; os livros e revistas da Faculdade de Direito, da Faculdade \u00a0Letras, da Escola de Veterin\u00e1ria, \u00a0da Faculdade de Educa\u00e7\u00e3o etc. A Imprensa produz tamb\u00e9m toda a papelaria e impressos padronizados da Universidade como cart\u00f5es de visita, envelopes, diplomas, blocos, papel timbrado.<\/p>\r\n<p>[\/vc_column_text][\/vc_column][\/vc_row][vc_row][vc_column][vc_custom_heading text=&#8221;&#8220;Visando sempre prestar um bom servi\u00e7o a toda Universidade, com os menores custos e qualidade compat\u00edvel com a encontrada no mercado gr\u00e1fico mineiro, a Imprensa Universit\u00e1ria tem investido continuamente na melhoria de sua estrutura f\u00edsica, de equipamentos e de pessoal&#8220;.&#8221; font_container=&#8221;tag:h2|font_size:45px|text_align:left|color:%231e73be|line_height:60px&#8221; google_fonts=&#8221;font_family:ABeeZee%3Aregular%2Citalic|font_style:400%20italic%3A400%3Aitalic&#8221;][\/vc_column][\/vc_row]<\/p>","protected":false},"excerpt":{"rendered":"<p>[vc_row][vc_column][vc_column_text] Autorizada pelo Conselho Universit\u00e1rio em nove de maio de 1955, sob a presid\u00eancia do Reitor Professor Lincoln Prates, a Imprensa Universit\u00e1ria contou com a&#8230;<\/p>\n<div class=\"more-link-wrapper\"><a class=\"more-link\" href=\"https:\/\/www.ufmg.br\/imprensa\/index.php\/historico\/\">Continue reading<span class=\"screen-reader-text\">Hist\u00f3rico<\/span><\/a><\/div>\n","protected":false},"author":1,"featured_media":2309,"parent":0,"menu_order":0,"comment_status":"closed","ping_status":"closed","template":"templates\/full-width.php","meta":[],"_links":{"self":[{"href":"https:\/\/www.ufmg.br\/imprensa\/index.php\/wp-json\/wp\/v2\/pages\/2289"}],"collection":[{"href":"https:\/\/www.ufmg.br\/imprensa\/index.php\/wp-json\/wp\/v2\/pages"}],"about":[{"href":"https:\/\/www.ufmg.br\/imprensa\/index.php\/wp-json\/wp\/v2\/types\/page"}],"author":[{"embeddable":true,"href":"https:\/\/www.ufmg.br\/imprensa\/index.php\/wp-json\/wp\/v2\/users\/1"}],"replies":[{"embeddable":true,"href":"https:\/\/www.ufmg.br\/imprensa\/index.php\/wp-json\/wp\/v2\/comments?post=2289"}],"version-history":[{"count":3,"href":"https:\/\/www.ufmg.br\/imprensa\/index.php\/wp-json\/wp\/v2\/pages\/2289\/revisions"}],"predecessor-version":[{"id":2423,"href":"https:\/\/www.ufmg.br\/imprensa\/index.php\/wp-json\/wp\/v2\/pages\/2289\/revisions\/2423"}],"wp:featuredmedia":[{"embeddable":true,"href":"https:\/\/www.ufmg.br\/imprensa\/index.php\/wp-json\/wp\/v2\/media\/2309"}],"wp:attachment":[{"href":"https:\/\/www.ufmg.br\/imprensa\/index.php\/wp-json\/wp\/v2\/media?parent=2289"}],"curies":[{"name":"wp","href":"https:\/\/api.w.org\/{rel}","templated":true}]}}