{"id":3510,"date":"2021-08-09T16:23:48","date_gmt":"2021-08-09T19:23:48","guid":{"rendered":"https:\/\/www.ufmg.br\/imprensa\/?page_id=3510"},"modified":"2021-09-13T11:19:06","modified_gmt":"2021-09-13T14:19:06","slug":"sistema-de-registro-de-precos-2021","status":"publish","type":"page","link":"https:\/\/www.ufmg.br\/imprensa\/index.php\/compras\/sistema-de-registro-de-precos\/sistema-de-registro-de-precos-2021\/","title":{"rendered":"Sistema de Registro de Pre\u00e7os 2021"},"content":{"rendered":"<p>[vc_row][vc_column][vc_column_text]<\/p>\r\n\r\n<p><span style=\"font-family: Times New Roman; font-size: large;\">EDITAL N\u00ba:\u00a0<\/span><span style=\"font-family: Times New Roman; font-size: large;\"><b>001\/2021<\/b><\/span><\/p>\r\n<p><span style=\"font-family: Times New Roman; font-size: large;\">OBJETO: Contrata\u00e7\u00e3o de servi\u00e7os gr\u00e1ficos diversos, incluindo fornecimento de facas para corte e vinco e clich\u00eas para hot stamping e relevo seco, atrav\u00e9s de Sistema de Registro de Pre\u00e7os\/SRP, destinados \u00e0 Imprensa Universit\u00e1ria da UFMG, por um per\u00edodo de 12 (doze) meses.<\/span>\u00a0<\/p>\r\n<p><span style=\"font-family: Times New Roman; font-size: large;\">VIG\u00caNCIA:\u00a0<\/span><span style=\"font-family: Times New Roman; font-size: large;\"><b>10\/09\/2021 a 10\/09\/2022<\/b><\/span><\/p>\r\n<p><a href=\"https:\/\/www.ufmg.br\/imprensa\/wp-content\/uploads\/2021\/09\/EDITAL-PE-SRP-No-01.2021-SEI.pdf\"><span style=\"font-family: sans-serif; font-size: medium;\">EDITAL \u2013 PREG\u00c3O ELETR\u00d4NICO SRP N\u00ba 01.2021<\/span><\/a><br \/><a href=\"https:\/\/www.ufmg.br\/imprensa\/wp-content\/uploads\/2021\/09\/ANEXO-IV-DO-EDITAL-ESTUDOS-TECNICOS-PRELIMINARES-PE-SRP-No-01.2021-SEI.pdf\"><span style=\"font-family: sans-serif; font-size: medium;\">ESTUDOS T\u00c9CNICOS PRELIMINARES \u2013 PREG\u00c3O ELETR\u00d4NICO SRP N\u00ba 01.2021<\/span><\/a><br \/><a href=\"https:\/\/www.ufmg.br\/imprensa\/wp-content\/uploads\/2021\/09\/ANEXO-I-DO-EDITAL-ESPECIFICACAO-DO-OBJETO-PREGAO-SRP-No-01.2021-SEI.pdf\"><span style=\"font-family: sans-serif; font-size: medium;\">ANEXO I \u2013 ESPECIFICA\u00c7\u00c3O DO OBJETO \u2013 PREG\u00c3O SRP N\u00ba 01.2021<\/span><\/a><br \/><a href=\"https:\/\/www.ufmg.br\/imprensa\/wp-content\/uploads\/2021\/09\/ANEXO-II-DO-EDITAL-TERMO-DE-REFERENCIA-PREGAO-ELETRONICO-SRP-No-01.2021-SEI.pdf\"><span style=\"font-family: sans-serif; font-size: medium;\">ANEXO II -TERMO DE REFER\u00caNCIA \u2013 PREG\u00c3O ELETR\u00d4NICO SRP N\u00ba 01.2021<\/span><\/a><br \/><a href=\"https:\/\/www.ufmg.br\/imprensa\/wp-content\/uploads\/2021\/09\/ANEXO-III-DO-EDITAL-MINUTA-DA-ATA-DE-REGISTRO-DE-PRECOS-PE-SRP-No-01.2021-DOU.pdf\"><span style=\"font-family: sans-serif; font-size: medium;\">ANEXO III \u2013 ATA DE REGISTRO DE PRE\u00c7OS \u2013 PREG\u00c3O SRP N\u00ba 01.2021<\/span><\/a><br \/><a href=\"https:\/\/www.ufmg.br\/imprensa\/wp-content\/uploads\/2021\/09\/ANEXO-IV-DO-EDITAL-ESTUDOS-TECNICOS-PRELIMINARES-PE-SRP-No-01.2021-SEI.pdf\"><span style=\"font-family: sans-serif; font-size: medium;\">ANEXO IV \u2013 ESTUDOS T\u00c9CNICOS PRELIMINARES &#8211; PREG\u00c3O SRP N\u00ba 01.2021<\/span><\/a><br \/><a href=\"https:\/\/www.ufmg.br\/imprensa\/wp-content\/uploads\/2021\/09\/ANEXO-V-DO-EDITAL-DECLARACAO-DE-SUSTENTABILIDADE-SOCIOAMBIENTAL-PE-SRP-No-01.2021-SEI.pdf\"><span style=\"font-family: sans-serif; font-size: medium;\">ANEXO V \u2013 DECLARA\u00c7\u00c3O DE SUSTENTABILIDADE SOCIOAMBIENTAL \u2013 PREG\u00c3O SRP N\u00ba 01.2021<\/span><\/a><br \/><a href=\"https:\/\/www.ufmg.br\/imprensa\/wp-content\/uploads\/2021\/09\/ATA-DE-REGISTRO-DE-PRECOS-No-08.2021.pdf\"><span style=\"font-family: sans-serif; font-size: medium;\">ATA DE REGISTRO DE PRE\u00c7OS N\u00ba 08\/2021 \u2013 PREG\u00c3O SRP N\u00ba 01.2021<\/span><\/a><br \/><a href=\"https:\/\/www.ufmg.br\/imprensa\/wp-content\/uploads\/2021\/09\/ATA-DE-REGISTRO-DE-PRECOS-No-09.2021.pdf\"><span style=\"font-family: sans-serif; font-size: medium;\">ATA DE REGISTRO DE PRE\u00c7OS N\u00ba 09\/2021 \u2013 PREG\u00c3O SRP N\u00ba 01.2021<\/span><\/a><br \/><a href=\"https:\/\/www.ufmg.br\/imprensa\/wp-content\/uploads\/2021\/09\/ATA-DE-REGISTRO-DE-PRECOS-No-10.2021.pdf\"><span style=\"font-family: sans-serif; font-size: medium;\">ATA DE REGISTRO DE PRE\u00c7OS N\u00ba 10\/2021 \u2013 PREG\u00c3O SRP N\u00ba 01.2021<\/span><\/a><br \/><a href=\"https:\/\/www.ufmg.br\/imprensa\/wp-content\/uploads\/2021\/09\/ATA-DE-REGISTRO-DE-PRECOS-No-11.2021.pdf\"><span style=\"font-family: sans-serif; font-size: medium;\">ATA DE REGISTRO DE PRE\u00c7OS N\u00ba 11\/2021 \u2013 PREG\u00c3O SRP N\u00ba 01.2021<\/span><\/a><br \/><a href=\"https:\/\/www.ufmg.br\/imprensa\/wp-content\/uploads\/2021\/09\/ATA-DE-REGISTRO-DE-PRECOS-No-12.2021.pdf\"><span style=\"font-family: sans-serif; font-size: medium;\">ATA DE REGISTRO DE PRE\u00c7OS N\u00ba 12\/2021 \u2013 PREG\u00c3O SRP N\u00ba 01.2021<\/span><\/a><\/p>\r\n<p>[\/vc_column_text][\/vc_column][\/vc_row][vc_row][vc_column][vc_separator color=&#8221;black&#8221;][\/vc_column][\/vc_row][vc_row][vc_column][vc_column_text]<\/p>\r\n<p><span style=\"font-family: Times New Roman; font-size: large;\">EDITAL N\u00ba:\u00a0<\/span><span style=\"font-family: Times New Roman; font-size: large;\"><b>003\/2020<\/b><\/span><\/p>\r\n<p><span style=\"font-family: Times New Roman; font-size: large;\">OBJETO: aquisi\u00e7\u00e3o parcelada de pap\u00e9is diversos, envelopes e cartolinas, destinados \u00e0 Imprensa Universit\u00e1ria\/UFMG.<\/span>\u00a0<\/p>\r\n<p><span style=\"font-family: Times New Roman; font-size: large;\">VIG\u00caNCIA:\u00a0<\/span><span style=\"font-family: Times New Roman; font-size: large;\"><b>04\/08\/2021 a 04\/08\/2022<\/b><\/span><\/p>\r\n<p><a href=\"https:\/\/www.ufmg.br\/imprensa\/wp-content\/uploads\/2021\/08\/EDITAL.pdf\"><span style=\"font-family: sans-serif; font-size: medium;\">EDITAL \u2013 PREG\u00c3O ELETR\u00d4NICO SRP N\u00ba 03.2020<\/span><\/a><br \/><a href=\"https:\/\/www.ufmg.br\/imprensa\/wp-content\/uploads\/2021\/08\/ESTUDO-TECNICO-PRELIMINAR.pdf\"><span style=\"font-family: sans-serif; font-size: medium;\">ESTUDOS T\u00c9CNICOS PRELIMINARES \u2013 PREG\u00c3O ELETR\u00d4NICO SRP N\u00ba 03.2020<\/span><\/a><br \/><a href=\"https:\/\/www.ufmg.br\/imprensa\/wp-content\/uploads\/2021\/08\/ANEXO-I-ESPECIFICACAO-DO-OBJETO.pdf\"><span style=\"font-family: sans-serif; font-size: medium;\">ANEXO I \u2013 ESPECIFICA\u00c7\u00c3O DO OBJETO \u2013 PREG\u00c3O SRP N\u00ba 03.2020<\/span><\/a><br \/><a href=\"https:\/\/www.ufmg.br\/imprensa\/wp-content\/uploads\/2021\/08\/ANEXO-II-TERMO-DE-REFERENCIA.pdf\"><span style=\"font-family: sans-serif; font-size: medium;\">ANEXO II -TERMO DE REFER\u00caNCIA \u2013 PREG\u00c3O ELETR\u00d4NICO SRP N\u00ba 03.2020<\/span><\/a><br \/><a href=\"https:\/\/www.ufmg.br\/imprensa\/wp-content\/uploads\/2021\/08\/ANEXO-III-MINUTA-DA-ATA-DE-REGISTRO-DE-PRECOS.pdf\"><span style=\"font-family: sans-serif; font-size: medium;\">ANEXO III \u2013 ATA DE REGISTRO DE PRE\u00c7OS \u2013 PREG\u00c3O SRP N\u00ba 03.2020<\/span><\/a><br \/><a href=\"https:\/\/www.ufmg.br\/imprensa\/wp-content\/uploads\/2021\/08\/ANEXO-IV-DECLARACAO-DE-SUSTENTABILIDADE-SOCIOAMBIENTAL.pdf\"><span style=\"font-family: sans-serif; font-size: medium;\">ANEXO IV \u2013 DECLARA\u00c7\u00c3O DE SUSTENTABILIDADE SOCIOAMBIENTAL \u2013 PREG\u00c3O SRP N\u00ba 03.2020<\/span><\/a><br \/><a href=\"https:\/\/www.ufmg.br\/imprensa\/wp-content\/uploads\/2021\/08\/ATA-DE-REGISTRO-DE-PRECOS-No-01.2021-EMPRESA-C2S-COMERCIAL-EIRELI.pdf\"><span style=\"font-family: sans-serif; font-size: medium;\">ATA DE REGISTRO DE PRE\u00c7OS N\u00ba 01\/2021 \u2013 PREG\u00c3O SRP N\u00ba <\/span><\/a><a href=\"https:\/\/www.ufmg.br\/imprensa\/wp-content\/uploads\/2021\/08\/ATA-DE-REGISTRO-DE-PRECOS-No-07.2021-EMPRESA-V-MAIS-COMERCIO-DE-PAPEIS-ESPECIAIS-LTDA.pdf\">03.202<\/a><a href=\"https:\/\/www.ufmg.br\/imprensa\/wp-content\/uploads\/2021\/08\/ATA-DE-REGISTRO-DE-PRECOS-No-07.2021-EMPRESA-V-MAIS-COMERCIO-DE-PAPEIS-ESPECIAIS-LTDA.pdf\">0<\/a><br \/><a href=\"https:\/\/www.ufmg.br\/imprensa\/wp-content\/uploads\/2021\/08\/ATA-DE-REGISTRO-DE-PRECOS-No-02.2021-EMPRESA-DM-PAPEIS-LTDA-EPP.pdf\"><span style=\"font-family: sans-serif; font-size: medium;\">ATA DE REGISTRO DE PRE\u00c7OS N\u00ba 02\/2021 \u2013 PREG\u00c3O SRP N\u00ba <\/span><\/a><a href=\"https:\/\/www.ufmg.br\/imprensa\/wp-content\/uploads\/2021\/08\/ATA-DE-REGISTRO-DE-PRECOS-No-07.2021-EMPRESA-V-MAIS-COMERCIO-DE-PAPEIS-ESPECIAIS-LTDA.pdf\">03.202<\/a><a href=\"https:\/\/www.ufmg.br\/imprensa\/wp-content\/uploads\/2021\/08\/ATA-DE-REGISTRO-DE-PRECOS-No-07.2021-EMPRESA-V-MAIS-COMERCIO-DE-PAPEIS-ESPECIAIS-LTDA.pdf\">0<\/a><br \/><a href=\"https:\/\/www.ufmg.br\/imprensa\/wp-content\/uploads\/2021\/08\/ATA-DE-REGISTRO-DE-PRECOS-No-03.2021-EMPRESA-RAS-COMERCIAL-EIRELI.pdf\"><span style=\"font-family: sans-serif; font-size: medium;\">ATA DE REGISTRO DE PRE\u00c7OS N\u00ba 03\/2021 \u2013 PREG\u00c3O SRP N\u00ba <\/span><\/a><a href=\"https:\/\/www.ufmg.br\/imprensa\/wp-content\/uploads\/2021\/08\/ATA-DE-REGISTRO-DE-PRECOS-No-07.2021-EMPRESA-V-MAIS-COMERCIO-DE-PAPEIS-ESPECIAIS-LTDA.pdf\">03.202<\/a><a href=\"https:\/\/www.ufmg.br\/imprensa\/wp-content\/uploads\/2021\/08\/ATA-DE-REGISTRO-DE-PRECOS-No-07.2021-EMPRESA-V-MAIS-COMERCIO-DE-PAPEIS-ESPECIAIS-LTDA.pdf\">0<\/a><br \/><a href=\"https:\/\/www.ufmg.br\/imprensa\/wp-content\/uploads\/2021\/08\/ATA-DE-REGISTRO-DE-PRECOS-No-04.2021-EMPRESA-BELCLIPS-DISTRIBUIDORA-LTDA.pdf\"><span style=\"font-family: sans-serif; font-size: medium;\">ATA DE REGISTRO DE PRE\u00c7OS N\u00ba 04\/2021 \u2013 PREG\u00c3O SRP N\u00ba <\/span><\/a><a href=\"https:\/\/www.ufmg.br\/imprensa\/wp-content\/uploads\/2021\/08\/ATA-DE-REGISTRO-DE-PRECOS-No-07.2021-EMPRESA-V-MAIS-COMERCIO-DE-PAPEIS-ESPECIAIS-LTDA.pdf\">03.202<\/a><a href=\"https:\/\/www.ufmg.br\/imprensa\/wp-content\/uploads\/2021\/08\/ATA-DE-REGISTRO-DE-PRECOS-No-07.2021-EMPRESA-V-MAIS-COMERCIO-DE-PAPEIS-ESPECIAIS-LTDA.pdf\">0<\/a><br \/><a href=\"https:\/\/www.ufmg.br\/imprensa\/wp-content\/uploads\/2021\/08\/ATA-DE-REGISTRO-DE-PRECOS-No-05.2021-EMPRESA-IPE-PAPEIS-EIRELI.pdf\"><span style=\"font-family: sans-serif; font-size: medium;\">ATA DE REGISTRO DE PRE\u00c7OS N\u00ba 05\/2021 \u2013 PREG\u00c3O SRP N\u00ba <\/span><\/a><a href=\"https:\/\/www.ufmg.br\/imprensa\/wp-content\/uploads\/2021\/08\/ATA-DE-REGISTRO-DE-PRECOS-No-07.2021-EMPRESA-V-MAIS-COMERCIO-DE-PAPEIS-ESPECIAIS-LTDA.pdf\">03.202<\/a><a href=\"https:\/\/www.ufmg.br\/imprensa\/wp-content\/uploads\/2021\/08\/ATA-DE-REGISTRO-DE-PRECOS-No-07.2021-EMPRESA-V-MAIS-COMERCIO-DE-PAPEIS-ESPECIAIS-LTDA.pdf\">0<\/a><br \/><a href=\"https:\/\/www.ufmg.br\/imprensa\/wp-content\/uploads\/2021\/08\/ATA-DE-REGISTRO-DE-PRECOS-No-06.2021-EMPRESA-ALIANCA-COMERCIO-E-DISTRIBUICAO-LTDA.pdf\"><span style=\"font-family: sans-serif; font-size: medium;\">ATA DE REGISTRO DE PRE\u00c7OS N\u00ba 06\/2021 \u2013 PREG\u00c3O SRP N\u00ba <\/span><\/a><a href=\"https:\/\/www.ufmg.br\/imprensa\/wp-content\/uploads\/2021\/08\/ATA-DE-REGISTRO-DE-PRECOS-No-07.2021-EMPRESA-V-MAIS-COMERCIO-DE-PAPEIS-ESPECIAIS-LTDA.pdf\">03.202<\/a><a href=\"https:\/\/www.ufmg.br\/imprensa\/wp-content\/uploads\/2021\/08\/ATA-DE-REGISTRO-DE-PRECOS-No-07.2021-EMPRESA-V-MAIS-COMERCIO-DE-PAPEIS-ESPECIAIS-LTDA.pdf\">0<\/a><br \/><a href=\"https:\/\/www.ufmg.br\/imprensa\/wp-content\/uploads\/2021\/08\/ATA-DE-REGISTRO-DE-PRECOS-No-07.2021-EMPRESA-V-MAIS-COMERCIO-DE-PAPEIS-ESPECIAIS-LTDA.pdf\"><span style=\"font-family: sans-serif; font-size: medium;\">ATA DE REGISTRO DE PRE\u00c7OS N\u00ba 07\/2021 \u2013 PREG\u00c3O SRP N\u00ba 03.202<\/span><\/a><a href=\"https:\/\/www.ufmg.br\/imprensa\/wp-content\/uploads\/2021\/08\/ATA-DE-REGISTRO-DE-PRECOS-No-07.2021-EMPRESA-V-MAIS-COMERCIO-DE-PAPEIS-ESPECIAIS-LTDA.pdf\"><span style=\"font-family: sans-serif; font-size: medium;\">0<\/span><\/a><\/p>\r\n<p>[\/vc_column_text][\/vc_column][\/vc_row][vc_row][vc_column][vc_separator color=&#8221;black&#8221;][\/vc_column][\/vc_row][vc_row][vc_column][vc_column_text] <a href=\"https:\/\/www.ufmg.br\/imprensa\/index.php\/compras\/\">Volte para Compras<\/a> [\/vc_column_text][\/vc_column][\/vc_row]<\/p>","protected":false},"excerpt":{"rendered":"<p>[vc_row][vc_column][vc_column_text] EDITAL N\u00ba:\u00a0001\/2021 OBJETO: Contrata\u00e7\u00e3o de servi\u00e7os gr\u00e1ficos diversos, incluindo fornecimento de facas para corte e vinco e clich\u00eas para hot stamping e relevo seco,&#8230;<\/p>\n<div class=\"more-link-wrapper\"><a class=\"more-link\" href=\"https:\/\/www.ufmg.br\/imprensa\/index.php\/compras\/sistema-de-registro-de-precos\/sistema-de-registro-de-precos-2021\/\">Continue reading<span class=\"screen-reader-text\">Sistema de Registro de Pre\u00e7os 2021<\/span><\/a><\/div>\n","protected":false},"author":1,"featured_media":0,"parent":2530,"menu_order":0,"comment_status":"closed","ping_status":"closed","template":"","meta":[],"_links":{"self":[{"href":"https:\/\/www.ufmg.br\/imprensa\/index.php\/wp-json\/wp\/v2\/pages\/3510"}],"collection":[{"href":"https:\/\/www.ufmg.br\/imprensa\/index.php\/wp-json\/wp\/v2\/pages"}],"about":[{"href":"https:\/\/www.ufmg.br\/imprensa\/index.php\/wp-json\/wp\/v2\/types\/page"}],"author":[{"embeddable":true,"href":"https:\/\/www.ufmg.br\/imprensa\/index.php\/wp-json\/wp\/v2\/users\/1"}],"replies":[{"embeddable":true,"href":"https:\/\/www.ufmg.br\/imprensa\/index.php\/wp-json\/wp\/v2\/comments?post=3510"}],"version-history":[{"count":13,"href":"https:\/\/www.ufmg.br\/imprensa\/index.php\/wp-json\/wp\/v2\/pages\/3510\/revisions"}],"predecessor-version":[{"id":3600,"href":"https:\/\/www.ufmg.br\/imprensa\/index.php\/wp-json\/wp\/v2\/pages\/3510\/revisions\/3600"}],"up":[{"embeddable":true,"href":"https:\/\/www.ufmg.br\/imprensa\/index.php\/wp-json\/wp\/v2\/pages\/2530"}],"wp:attachment":[{"href":"https:\/\/www.ufmg.br\/imprensa\/index.php\/wp-json\/wp\/v2\/media?parent=3510"}],"curies":[{"name":"wp","href":"https:\/\/api.w.org\/{rel}","templated":true}]}}