{"id":4093,"date":"2024-03-12T13:00:18","date_gmt":"2024-03-12T16:00:18","guid":{"rendered":"https:\/\/www.ufmg.br\/imprensa\/?page_id=4093"},"modified":"2026-02-19T08:43:20","modified_gmt":"2026-02-19T11:43:20","slug":"portaria-2024","status":"publish","type":"page","link":"https:\/\/www.ufmg.br\/imprensa\/index.php\/portarias\/portaria-2024\/","title":{"rendered":"Portarias 2024"},"content":{"rendered":"<p>[vc_row][vc_column][vc_column_text]<\/p>\r\n<p><a href=\"https:\/\/www.ufmg.br\/imprensa\/wp-content\/uploads\/2025\/01\/SEI_UFMG-3250391-Portaria-Designacao-de-Fiscal-Dedetizacao.pdf\">PORTARIA N\u00ba 4318<\/a><\/p>\r\n<p><a href=\"https:\/\/www.ufmg.br\/imprensa\/wp-content\/uploads\/2025\/01\/SEI_3684490_Portaria_9784-designacao-para-guarda-de-bens-_-Cristine-Souza.pdf\">PORTARIA N\u00ba 9784<\/a><\/p>\r\n<p><a href=\"https:\/\/www.ufmg.br\/imprensa\/wp-content\/uploads\/2025\/01\/SEI_3680067_Portaria_9727-Indicacao-da-Comissao.pdf\">PORTARIA N\u00ba 9727<\/a><\/p>\r\n<p><a href=\"https:\/\/www.ufmg.br\/imprensa\/wp-content\/uploads\/2024\/04\/PORTARIA-2526.2024.pdf\">PORTARIA N\u00ba 2526<\/a><\/p>\r\n<p><a href=\"https:\/\/www.ufmg.br\/imprensa\/wp-content\/uploads\/2024\/04\/PORTARIA-2524.2024.pdf\">PORTARIA N\u00ba 2524<\/a><\/p>\r\n<p><a href=\"https:\/\/www.ufmg.br\/imprensa\/wp-content\/uploads\/2024\/03\/PORTARIA-No-1888.pdf\">PORTARIA N\u00ba 1888<\/a><\/p>\r\n<p><a href=\"https:\/\/www.ufmg.br\/imprensa\/wp-content\/uploads\/2024\/03\/PORTARIA-No-1728.2024.pdf\">PORTARIA N\u00ba 1728<\/a><\/p>\r\n<p><a href=\"https:\/\/www.ufmg.br\/imprensa\/index.php\/transparencia\/\">Volte para a se\u00e7\u00e3o Transpar\u00eancia<\/a><\/p>\r\n\r\n<p>[\/vc_column_text][\/vc_column][\/vc_row]<\/p>","protected":false},"excerpt":{"rendered":"<p>[vc_row][vc_column][vc_column_text] PORTARIA N\u00ba 4318 PORTARIA N\u00ba 9784 PORTARIA N\u00ba 9727 PORTARIA N\u00ba 2526 PORTARIA N\u00ba 2524 PORTARIA N\u00ba 1888 PORTARIA N\u00ba 1728 Volte para a&#8230;<\/p>\n<div class=\"more-link-wrapper\"><a class=\"more-link\" href=\"https:\/\/www.ufmg.br\/imprensa\/index.php\/portarias\/portaria-2024\/\">Continue reading<span class=\"screen-reader-text\">Portarias 2024<\/span><\/a><\/div>\n","protected":false},"author":1,"featured_media":0,"parent":2613,"menu_order":0,"comment_status":"closed","ping_status":"closed","template":"","meta":[],"_links":{"self":[{"href":"https:\/\/www.ufmg.br\/imprensa\/index.php\/wp-json\/wp\/v2\/pages\/4093"}],"collection":[{"href":"https:\/\/www.ufmg.br\/imprensa\/index.php\/wp-json\/wp\/v2\/pages"}],"about":[{"href":"https:\/\/www.ufmg.br\/imprensa\/index.php\/wp-json\/wp\/v2\/types\/page"}],"author":[{"embeddable":true,"href":"https:\/\/www.ufmg.br\/imprensa\/index.php\/wp-json\/wp\/v2\/users\/1"}],"replies":[{"embeddable":true,"href":"https:\/\/www.ufmg.br\/imprensa\/index.php\/wp-json\/wp\/v2\/comments?post=4093"}],"version-history":[{"count":12,"href":"https:\/\/www.ufmg.br\/imprensa\/index.php\/wp-json\/wp\/v2\/pages\/4093\/revisions"}],"predecessor-version":[{"id":4305,"href":"https:\/\/www.ufmg.br\/imprensa\/index.php\/wp-json\/wp\/v2\/pages\/4093\/revisions\/4305"}],"up":[{"embeddable":true,"href":"https:\/\/www.ufmg.br\/imprensa\/index.php\/wp-json\/wp\/v2\/pages\/2613"}],"wp:attachment":[{"href":"https:\/\/www.ufmg.br\/imprensa\/index.php\/wp-json\/wp\/v2\/media?parent=4093"}],"curies":[{"name":"wp","href":"https:\/\/api.w.org\/{rel}","templated":true}]}}