{"id":194,"date":"2024-11-28T15:52:50","date_gmt":"2024-11-28T18:52:50","guid":{"rendered":"https:\/\/www.ufmg.br\/inovalab\/?page_id=194"},"modified":"2025-11-18T14:53:00","modified_gmt":"2025-11-18T17:53:00","slug":"parceiros","status":"publish","type":"page","link":"https:\/\/www.ufmg.br\/inovalab\/parceiros\/","title":{"rendered":"Parceiros"},"content":{"rendered":"\n<p>Quer contribuir ativamente para o fortalecimento do empreendedorismo cient\u00edfico na UFMG?<br><\/p>\n\n\n\n<p>Seja um de nossos parceiros e fa\u00e7a parte do nosso ecossistema. Ao apoiar o nosso programa de incuba\u00e7\u00e3o, voc\u00ea se conecta a projetos inovadores, impulsiona novas tecnologias, fomenta solu\u00e7\u00f5es de alto potencial e contribui diretamente para o desenvolvimento de iniciativas que podem transformar a sociedade.<\/p>\n\n\n\n<p>Junte-se a n\u00f3s, a inova\u00e7\u00e3o acontece quando criamos conex\u00f5es!<\/p>\n\n\n\n<style>\n.inovalab-full {\n    width: 100vw;\n    position: relative;\n    left: 50%;\n    right: 50%;\n    margin-left: -50vw;\n    margin-right: -50vw;\n    padding: 0;\n    overflow: hidden;\n}\n\n.inovalab-full img {\n    width: 100%;\n    height: auto;\n    display: block;\n    margin: 0 auto;\n}\n<\/style>\n\n<div class=\"inovalab-full\">\n    <img decoding=\"async\" src=\"https:\/\/www.ufmg.br\/inovalab\/wp-content\/uploads\/2025\/11\/Imagens-para-site-169-PARCEIRO.png\" alt=\"Banner InovaLab\">\n<\/div>\n\n\n\n<p><\/p>\n\n\n\n<p><\/p>\n\n\n\n<div style=\"width:100%; display:flex; justify-content:center; margin-top:20px;\">\n  <button onclick=\"window.location.href='https:\/\/docs.google.com\/forms\/d\/e\/1FAIpQLSc0CQU6SiMa-I8NOBZqH6pvAcmn2C-1pQ2cPLi6E9XbczS5zA\/viewform'\"\n          style=\"background:#131E30; color:#fff; width:50%; padding:16px; border:none; border-radius:0; cursor:pointer; font-size:18px;\">\n   Seja um parceiro ou mentor InovaLab!\n  <\/button>\n<\/div>\n","protected":false},"excerpt":{"rendered":"<p>Quer contribuir ativamente para o fortalecimento do empreendedorismo cient\u00edfico na UFMG? Seja um de nossos parceiros e fa\u00e7a parte do nosso ecossistema. Ao apoiar o nosso programa de incuba\u00e7\u00e3o, voc\u00ea se conecta a projetos inovadores, impulsiona novas tecnologias, fomenta solu\u00e7\u00f5es de alto potencial e contribui diretamente para o desenvolvimento de iniciativas que podem transformar a [&hellip;]<\/p>\n","protected":false},"author":3,"featured_media":0,"parent":0,"menu_order":0,"comment_status":"closed","ping_status":"closed","template":"","meta":{"_acf_changed":false,"footnotes":""},"class_list":["post-194","page","type-page","status-publish","hentry"],"acf":[],"_links":{"self":[{"href":"https:\/\/www.ufmg.br\/inovalab\/wp-json\/wp\/v2\/pages\/194"}],"collection":[{"href":"https:\/\/www.ufmg.br\/inovalab\/wp-json\/wp\/v2\/pages"}],"about":[{"href":"https:\/\/www.ufmg.br\/inovalab\/wp-json\/wp\/v2\/types\/page"}],"author":[{"embeddable":true,"href":"https:\/\/www.ufmg.br\/inovalab\/wp-json\/wp\/v2\/users\/3"}],"replies":[{"embeddable":true,"href":"https:\/\/www.ufmg.br\/inovalab\/wp-json\/wp\/v2\/comments?post=194"}],"version-history":[{"count":23,"href":"https:\/\/www.ufmg.br\/inovalab\/wp-json\/wp\/v2\/pages\/194\/revisions"}],"predecessor-version":[{"id":1056,"href":"https:\/\/www.ufmg.br\/inovalab\/wp-json\/wp\/v2\/pages\/194\/revisions\/1056"}],"wp:attachment":[{"href":"https:\/\/www.ufmg.br\/inovalab\/wp-json\/wp\/v2\/media?parent=194"}],"curies":[{"name":"wp","href":"https:\/\/api.w.org\/{rel}","templated":true}]}}