{"id":596,"date":"2024-12-11T11:31:12","date_gmt":"2024-12-11T14:31:12","guid":{"rendered":"https:\/\/www.ufmg.br\/inovalab\/?page_id=596"},"modified":"2025-07-23T22:04:05","modified_gmt":"2025-07-24T01:04:05","slug":"nanosignals","status":"publish","type":"page","link":"https:\/\/www.ufmg.br\/inovalab\/nanosignals\/","title":{"rendered":"NanoSignals"},"content":{"rendered":"<div class=\"wp-block-image\">\n<figure class=\"aligncenter size-large is-resized\"><img loading=\"lazy\" decoding=\"async\" width=\"1024\" height=\"489\" src=\"https:\/\/www.ufmg.br\/inovalab\/wp-content\/uploads\/2025\/07\/NANO-SIGNALS-1024x489.png\" alt=\"\" class=\"wp-image-741\" style=\"width:588px;height:auto\" srcset=\"https:\/\/www.ufmg.br\/inovalab\/wp-content\/uploads\/2025\/07\/NANO-SIGNALS-1024x489.png 1024w, https:\/\/www.ufmg.br\/inovalab\/wp-content\/uploads\/2025\/07\/NANO-SIGNALS-300x143.png 300w, https:\/\/www.ufmg.br\/inovalab\/wp-content\/uploads\/2025\/07\/NANO-SIGNALS-768x367.png 768w, https:\/\/www.ufmg.br\/inovalab\/wp-content\/uploads\/2025\/07\/NANO-SIGNALS-1536x733.png 1536w, https:\/\/www.ufmg.br\/inovalab\/wp-content\/uploads\/2025\/07\/NANO-SIGNALS-2048x978.png 2048w\" sizes=\"(max-width: 1024px) 100vw, 1024px\" \/><\/figure><\/div>\n\n\n<p><\/p>\n\n\n\n<p>A NanoSignals \u00e9 uma startup de inova\u00e7\u00e3o em nanotecnologia, dedicada a oferecer solu\u00e7\u00f5es de detec\u00e7\u00e3o precisa e acess\u00edvel de mol\u00e9culas.<\/p>\n\n\n\n<p>A tecnologia inovadora proposta fundamenta-se na detec\u00e7\u00e3o de mol\u00e9culas espec\u00edficas (analitos) por meio da ancoragem de um ligante a nanobast\u00f5es de ouro. O princ\u00edpio de funcionamento reside na explora\u00e7\u00e3o da Resson\u00e2ncia Plasm\u00f4nica de Superf\u00edcie Localizada (LSPR), um fen\u00f4meno f\u00edsico-qu\u00edmico de natureza \u00f3ptica que emerge das propriedades diel\u00e9tricas de metais nobres. Essa abordagem possibilita a identifica\u00e7\u00e3o de analitos em amostras biol\u00f3gicas com sensibilidade aprimorada.<\/p>\n\n\n\n<p>A elevada sensibilidade do sistema de detec\u00e7\u00e3o \u00e9 intrinsecamente ligada ao comportamento dos el\u00e9trons na superf\u00edcie do ouro. Essa caracter\u00edstica permite a detec\u00e7\u00e3o de concentra\u00e7\u00f5es \u00ednfimas da mol\u00e9cula-alvo presente na amostra. Um exemplo pr\u00e1tico reside na capacidade de detectar anticorpos direcionados a um ant\u00edgeno espec\u00edfico, previamente imobilizado na superf\u00edcie do ouro para a constru\u00e7\u00e3o do biossensor. A subsequente intera\u00e7\u00e3o entre os anticorpos presentes na amostra e os ant\u00edgenos fixados nos nanobast\u00f5es de ouro induz perturba\u00e7\u00f5es nas oscila\u00e7\u00f5es dos el\u00e9trons de superf\u00edcie \u2013 o efeito LSPR. Essas altera\u00e7\u00f5es espectrosc\u00f3picas podem ser quantificadas por um espectrofot\u00f4metro UV-Vis, um equipamento anal\u00edtico de uso corrente em laborat\u00f3rios cl\u00ednicos.<\/p>\n\n\n\n<p>A tecnologia \u00e9 desenvolvida pelo <a href=\"http:\/\/lattes.cnpq.br\/4028759481820525\">Professor Dr. Fl\u00e1vio Fonseca<\/a> e por sua equipe de pesquisadores especialistas no assunto.<\/p>\n\n\n\n<p><\/p>\n","protected":false},"excerpt":{"rendered":"<p>A NanoSignals \u00e9 uma startup de inova\u00e7\u00e3o em nanotecnologia, dedicada a oferecer solu\u00e7\u00f5es de detec\u00e7\u00e3o precisa e acess\u00edvel de mol\u00e9culas. A tecnologia inovadora proposta fundamenta-se na detec\u00e7\u00e3o de mol\u00e9culas espec\u00edficas (analitos) por meio da ancoragem de um ligante a nanobast\u00f5es de ouro. O princ\u00edpio de funcionamento reside na explora\u00e7\u00e3o da Resson\u00e2ncia Plasm\u00f4nica de Superf\u00edcie Localizada [&hellip;]<\/p>\n","protected":false},"author":3,"featured_media":0,"parent":0,"menu_order":0,"comment_status":"closed","ping_status":"closed","template":"","meta":{"_acf_changed":false,"footnotes":""},"class_list":["post-596","page","type-page","status-publish","hentry"],"acf":[],"_links":{"self":[{"href":"https:\/\/www.ufmg.br\/inovalab\/wp-json\/wp\/v2\/pages\/596"}],"collection":[{"href":"https:\/\/www.ufmg.br\/inovalab\/wp-json\/wp\/v2\/pages"}],"about":[{"href":"https:\/\/www.ufmg.br\/inovalab\/wp-json\/wp\/v2\/types\/page"}],"author":[{"embeddable":true,"href":"https:\/\/www.ufmg.br\/inovalab\/wp-json\/wp\/v2\/users\/3"}],"replies":[{"embeddable":true,"href":"https:\/\/www.ufmg.br\/inovalab\/wp-json\/wp\/v2\/comments?post=596"}],"version-history":[{"count":7,"href":"https:\/\/www.ufmg.br\/inovalab\/wp-json\/wp\/v2\/pages\/596\/revisions"}],"predecessor-version":[{"id":744,"href":"https:\/\/www.ufmg.br\/inovalab\/wp-json\/wp\/v2\/pages\/596\/revisions\/744"}],"wp:attachment":[{"href":"https:\/\/www.ufmg.br\/inovalab\/wp-json\/wp\/v2\/media?parent=596"}],"curies":[{"name":"wp","href":"https:\/\/api.w.org\/{rel}","templated":true}]}}