{"id":75,"date":"2014-05-19T16:06:07","date_gmt":"2014-05-19T19:06:07","guid":{"rendered":"http:\/\/localhost\/wordpress\/?page_id=75"},"modified":"2015-02-11T09:54:21","modified_gmt":"2015-02-11T11:54:21","slug":"sobre-arq-pre-hist","status":"publish","type":"page","link":"https:\/\/www.ufmg.br\/mhnjb\/acervo\/sobre-arq-pre-hist\/","title":{"rendered":"Arqueologia Pr\u00e9-Hist\u00f3rica"},"content":{"rendered":"<p style=\"text-align: justify;\">O acervo de Arqueologia Pr\u00e9-Hist\u00f3rica, formado por milhares de pe\u00e7as, destaca-se pelos restos l\u00edticos e esqueletais, como aqueles que integram a Cole\u00e7\u00e3o Harold Walter. Mas a maior parte dessas pe\u00e7as ou vest\u00edgios foi encontrada em s\u00edtios arqueol\u00f3gicos, como nos da prov\u00edncia arqueol\u00f3gica de Lagoa Santa\/MG, incluindo vest\u00edgios do s\u00edtio onde foi descoberto o cr\u00e2nio mais antigo das Am\u00e9ricas, conhecido como &#8220;Luzia&#8221; e que se encontra depositado em outra institui\u00e7\u00e3o.<\/p>\n<p style=\"text-align: justify;\">Vest\u00edgios encontrados nos s\u00edtios da prov\u00edncia arqueol\u00f3gica do vale do rio Perua\u00e7u, internacionalmente conhecida como a anterior e localizada na regi\u00e3o norte de Minas Gerais, bem como vest\u00edgios arqueol\u00f3gicos relacionados com pesquisas em andamento na regi\u00e3o de Diamantina\/MG, com destaque para os elementos mumificados, tamb\u00e9m fazem parte desse acervo.<\/p>\n<p style=\"text-align: justify;\">Das atividades implementadas por essa \u00e1rea da Arqueologia no MHNJB, resultou um dos mais ricos acervos do Brasil referente a arqueobot\u00e2nica e a restos esqueletais documentando as primeiras popula\u00e7\u00f5es americanas. Por conta disso, as visitas de pesquisadores de outras institui\u00e7\u00f5es nacionais e estrangeiras para consultas a esses acervos s\u00e3o muito frequentes.<\/p>\n<hr id='linha-lista-colecoes'><p><a id='lista-colecoes'>Cole\u00e7\u00f5es de Arqueologia Pr\u00e9-Hist\u00f3rica:<\/a><\/p><ul><li class='item-lista-colecoes'><a href=https:\/\/www.ufmg.br\/mhnjb\/acervo\/arq-pre-hist>Todas as cole\u00e7\u00f5es (553 itens)<\/a><\/li><ul><li class='item-lista-colecoes'><a href='https:\/\/www.ufmg.br\/mhnjb\/acervo\/col-arq-pre-hist\/abrigo-do-malhador'>Abrigo do Malhador (553 itens)<\/a><\/li><\/ul><\/ul>\n","protected":false},"excerpt":{"rendered":"<p>O acervo de Arqueologia Pr\u00e9-Hist\u00f3rica, formado por milhares de pe\u00e7as, destaca-se pelos restos l\u00edticos e esqueletais, como aqueles que integram a Cole\u00e7\u00e3o Harold Walter. Mas a maior parte dessas pe\u00e7as ou vest\u00edgios foi encontrada em s\u00edtios arqueol\u00f3gicos, como nos da&hellip; <\/p>\n","protected":false},"author":1,"featured_media":0,"parent":0,"menu_order":0,"comment_status":"closed","ping_status":"open","template":"","meta":[],"_links":{"self":[{"href":"https:\/\/www.ufmg.br\/mhnjb\/acervo\/wp-json\/wp\/v2\/pages\/75"}],"collection":[{"href":"https:\/\/www.ufmg.br\/mhnjb\/acervo\/wp-json\/wp\/v2\/pages"}],"about":[{"href":"https:\/\/www.ufmg.br\/mhnjb\/acervo\/wp-json\/wp\/v2\/types\/page"}],"author":[{"embeddable":true,"href":"https:\/\/www.ufmg.br\/mhnjb\/acervo\/wp-json\/wp\/v2\/users\/1"}],"replies":[{"embeddable":true,"href":"https:\/\/www.ufmg.br\/mhnjb\/acervo\/wp-json\/wp\/v2\/comments?post=75"}],"version-history":[{"count":5,"href":"https:\/\/www.ufmg.br\/mhnjb\/acervo\/wp-json\/wp\/v2\/pages\/75\/revisions"}],"predecessor-version":[{"id":1007,"href":"https:\/\/www.ufmg.br\/mhnjb\/acervo\/wp-json\/wp\/v2\/pages\/75\/revisions\/1007"}],"wp:attachment":[{"href":"https:\/\/www.ufmg.br\/mhnjb\/acervo\/wp-json\/wp\/v2\/media?parent=75"}],"curies":[{"name":"wp","href":"https:\/\/api.w.org\/{rel}","templated":true}]}}