{"id":1844,"date":"2025-03-31T11:00:36","date_gmt":"2025-03-31T14:00:36","guid":{"rendered":"https:\/\/www.ufmg.br\/mhnjb\/?page_id=1844"},"modified":"2025-07-10T12:41:59","modified_gmt":"2025-07-10T15:41:59","slug":"conselho-diretor","status":"publish","type":"page","link":"https:\/\/www.ufmg.br\/mhnjb\/quem-somos\/conselho-diretor\/","title":{"rendered":"Conselho Diretor"},"content":{"rendered":"\n<div class=\"wp-block-group alignfull has-custom-cor-5-color has-custom-cor-1-background-color has-text-color has-background has-link-color wp-elements-261e23e53f51fb3ee45e8c2d9e31427c has-global-padding is-layout-constrained wp-block-group-is-layout-constrained\" id=\"page-title\" style=\"padding-top:var(--wp--preset--spacing--50);padding-bottom:var(--wp--preset--spacing--50)\"><h2 class=\"has-text-align-center alignwide wp-block-post-title\">Conselho Diretor<\/h2><\/div>\n\n\n\n<div class=\"wp-block-group alignwide is-layout-flow wp-container-core-group-is-layout-7c5628b6 wp-block-group-is-layout-flow\" style=\"padding-top:var(--wp--preset--spacing--30);padding-bottom:var(--wp--preset--spacing--30)\">\n<div class=\"wp-block-columns are-vertically-aligned-top is-layout-flex wp-container-core-columns-is-layout-658170e2 wp-block-columns-is-layout-flex\">\n<div class=\"wp-block-column is-vertically-aligned-top stretch-col no-border-small-screen is-layout-flow wp-block-column-is-layout-flow\" style=\"border-right-color:var(--wp--preset--color--custom-cor-1);border-right-width:1px;flex-basis:25%\">\n<h4 class=\"wp-block-heading has-text-align-left\"><strong>Docentes<\/strong><\/h4>\n<\/div>\n\n\n\n<div class=\"wp-block-column is-vertically-aligned-top is-layout-flow wp-container-core-column-is-layout-fe0e2ea3 wp-block-column-is-layout-flow\" style=\"flex-basis:75%\">\n<p>Jo\u00e3o Renato Stehmann, do Instituto de Ci\u00eancias Biol\u00f3gicas (Diretor)<br>Fernanda Antunes Carvalho, do Instituto de Ci\u00eancias Biol\u00f3gicas (Vice-Diretora)<\/p>\n\n\n\n<p>Marina Scopel, da Faculdade de Farm\u00e1cia (Efetiva)<br>Hugo Maria de Mendon\u00e7a Houayek, da Escola de Belas Artes (Suplente) <\/p>\n\n\n\n<p>Pedro Rocha de Almeida e Castro, da Faculdade de Educa\u00e7\u00e3o (Efetivo)<br>Jonathas De Souza Bittencourt Rodrigues, do Instituto de Geoci\u00eancias (Suplente)<\/p>\n\n\n\n<p>Adriana Mortara Almeida, da Escola de Ci\u00eancia da Informa\u00e7\u00e3o (Efetiva)<br>Carlos Magno Guimar\u00e3es, da Faculdade de Filosofia e Ci\u00eancias Humanas (Suplente)<\/p>\n\n\n\n<p>Theo Rolla Paula Mota, do Instituto de Ci\u00eancias Biol\u00f3gicas (Efetivo)<br>R\u00fabia Santos Fonseca, do Instituto de Ci\u00eancias Agr\u00e1rias (Suplente)<\/p>\n<\/div>\n<\/div>\n\n\n\n<div class=\"wp-block-columns are-vertically-aligned-top is-layout-flex wp-container-core-columns-is-layout-658170e2 wp-block-columns-is-layout-flex\">\n<div class=\"wp-block-column is-vertically-aligned-top stretch-col no-border-small-screen is-layout-flow wp-block-column-is-layout-flow\" style=\"border-right-color:var(--wp--preset--color--custom-cor-1);border-right-width:1px;flex-basis:25%\">\n<h4 class=\"wp-block-heading has-text-align-left\"><strong>T\u00e9cnicos Administrativos<\/strong><\/h4>\n<\/div>\n\n\n\n<div class=\"wp-block-column is-vertically-aligned-top is-layout-flow wp-container-core-column-is-layout-fe0e2ea3 wp-block-column-is-layout-flow\" style=\"flex-basis:75%\">\n<p>Andr\u00e9 Leandro Gon\u00e7alves Silva (Titular)<br>Alessandra Abra\u00e3o Resende (Suplente)<\/p>\n<\/div>\n<\/div>\n<\/div>\n","protected":false},"excerpt":{"rendered":"<p>Docentes Jo\u00e3o Renato Stehmann, do Instituto de Ci\u00eancias Biol\u00f3gicas (Diretor)Fernanda Antunes Carvalho, do Instituto de Ci\u00eancias Biol\u00f3gicas (Vice-Diretora) Marina Scopel, da Faculdade de Farm\u00e1cia (Efetiva)Hugo Maria de Mendon\u00e7a Houayek, da Escola de Belas Artes (Suplente) Pedro Rocha de Almeida e Castro, da Faculdade de Educa\u00e7\u00e3o (Efetivo)Jonathas De Souza Bittencourt Rodrigues, do Instituto de Geoci\u00eancias (Suplente) [&hellip;]<\/p>\n","protected":false},"author":1,"featured_media":0,"parent":2526,"menu_order":0,"comment_status":"closed","ping_status":"closed","template":"","meta":{"footnotes":""},"class_list":["post-1844","page","type-page","status-publish","hentry"],"_links":{"self":[{"href":"https:\/\/www.ufmg.br\/mhnjb\/wp-json\/wp\/v2\/pages\/1844","targetHints":{"allow":["GET"]}}],"collection":[{"href":"https:\/\/www.ufmg.br\/mhnjb\/wp-json\/wp\/v2\/pages"}],"about":[{"href":"https:\/\/www.ufmg.br\/mhnjb\/wp-json\/wp\/v2\/types\/page"}],"author":[{"embeddable":true,"href":"https:\/\/www.ufmg.br\/mhnjb\/wp-json\/wp\/v2\/users\/1"}],"replies":[{"embeddable":true,"href":"https:\/\/www.ufmg.br\/mhnjb\/wp-json\/wp\/v2\/comments?post=1844"}],"version-history":[{"count":29,"href":"https:\/\/www.ufmg.br\/mhnjb\/wp-json\/wp\/v2\/pages\/1844\/revisions"}],"predecessor-version":[{"id":3372,"href":"https:\/\/www.ufmg.br\/mhnjb\/wp-json\/wp\/v2\/pages\/1844\/revisions\/3372"}],"up":[{"embeddable":true,"href":"https:\/\/www.ufmg.br\/mhnjb\/wp-json\/wp\/v2\/pages\/2526"}],"wp:attachment":[{"href":"https:\/\/www.ufmg.br\/mhnjb\/wp-json\/wp\/v2\/media?parent=1844"}],"curies":[{"name":"wp","href":"https:\/\/api.w.org\/{rel}","templated":true}]}}

<div class="wp-block-group alignfull has-custom-cor-5-color has-custom-cor-1-background-color has-text-color has-background has-link-color wp-elements-261e23e53f51fb3ee45e8c2d9e31427c has-global-padding is-layout-constrained wp-block-group-is-layout-constrained" id="page-title" style="padding-top:var(--wp--preset--spacing--50);padding-bottom:var(--wp--preset--spacing--50)"><h2 class="has-text-align-center alignwide wp-block-post-title">Conselho Diretor</h2></div>



<div class="wp-block-group alignwide is-layout-flow wp-container-core-group-is-layout-7c5628b6 wp-block-group-is-layout-flow" style="padding-top:var(--wp--preset--spacing--30);padding-bottom:var(--wp--preset--spacing--30)">
<div class="wp-block-columns are-vertically-aligned-top is-layout-flex wp-container-core-columns-is-layout-658170e2 wp-block-columns-is-layout-flex">
<div class="wp-block-column is-vertically-aligned-top stretch-col no-border-small-screen is-layout-flow wp-block-column-is-layout-flow" style="border-right-color:var(--wp--preset--color--custom-cor-1);border-right-width:1px;flex-basis:25%">
<h4 class="wp-block-heading has-text-align-left"><strong>Docentes</strong></h4>
</div>



<div class="wp-block-column is-vertically-aligned-top is-layout-flow wp-container-core-column-is-layout-fe0e2ea3 wp-block-column-is-layout-flow" style="flex-basis:75%">
<p>João Renato Stehmann, do Instituto de Ciências Biológicas (Diretor)<br>Fernanda Antunes Carvalho, do Instituto de Ciências Biológicas (Vice-Diretora)</p>



<p>Marina Scopel, da Faculdade de Farmácia (Efetiva)<br>Hugo Maria de Mendonça Houayek, da Escola de Belas Artes (Suplente) </p>



<p>Pedro Rocha de Almeida e Castro, da Faculdade de Educação (Efetivo)<br>Jonathas De Souza Bittencourt Rodrigues, do Instituto de Geociências (Suplente)</p>



<p>Adriana Mortara Almeida, da Escola de Ciência da Informação (Efetiva)<br>Carlos Magno Guimarães, da Faculdade de Filosofia e Ciências Humanas (Suplente)</p>



<p>Theo Rolla Paula Mota, do Instituto de Ciências Biológicas (Efetivo)<br>Rúbia Santos Fonseca, do Instituto de Ciências Agrárias (Suplente)</p>
</div>
</div>



<div class="wp-block-columns are-vertically-aligned-top is-layout-flex wp-container-core-columns-is-layout-658170e2 wp-block-columns-is-layout-flex">
<div class="wp-block-column is-vertically-aligned-top stretch-col no-border-small-screen is-layout-flow wp-block-column-is-layout-flow" style="border-right-color:var(--wp--preset--color--custom-cor-1);border-right-width:1px;flex-basis:25%">
<h4 class="wp-block-heading has-text-align-left"><strong>Técnicos Administrativos</strong></h4>
</div>



<div class="wp-block-column is-vertically-aligned-top is-layout-flow wp-container-core-column-is-layout-fe0e2ea3 wp-block-column-is-layout-flow" style="flex-basis:75%">
<p>André Leandro Gonçalves Silva (Titular)<br>Alessandra Abraão Resende (Suplente)</p>
</div>
</div>
</div>

<p>Docentes João Renato Stehmann, do Instituto de Ciências Biológicas (Diretor)Fernanda Antunes Carvalho, do Instituto de Ciências Biológicas (Vice-Diretora) Marina Scopel, da Faculdade de Farmácia (Efetiva)Hugo Maria de Mendonça Houayek, da Escola de Belas Artes (Suplente) Pedro Rocha de Almeida e Castro, da Faculdade de Educação (Efetivo)Jonathas De Souza Bittencourt Rodrigues, do Instituto de Geociências (Suplente) [&hellip;]</p>
