{"id":2529,"date":"2025-07-10T12:51:10","date_gmt":"2025-07-10T15:51:10","guid":{"rendered":"https:\/\/www.ufmg.br\/mhnjb\/?page_id=2529"},"modified":"2025-11-14T09:41:00","modified_gmt":"2025-11-14T12:41:00","slug":"visite","status":"publish","type":"page","link":"https:\/\/www.ufmg.br\/mhnjb\/visite\/","title":{"rendered":"Visite"},"content":{"rendered":"\n<div class=\"wp-block-group alignfull has-custom-cor-5-color has-custom-cor-1-background-color has-text-color has-background has-link-color wp-elements-261e23e53f51fb3ee45e8c2d9e31427c has-global-padding is-layout-constrained wp-block-group-is-layout-constrained\" id=\"page-title\" style=\"padding-top:var(--wp--preset--spacing--50);padding-bottom:var(--wp--preset--spacing--50)\"><h2 class=\"has-text-align-center alignwide wp-block-post-title\">Visite<\/h2><\/div>\n\n\n\n<div class=\"wp-block-group alignfull has-global-padding is-layout-constrained wp-block-group-is-layout-constrained\" id=\"planeje\">\n<div class=\"wp-block-columns alignwide colunas has-max-width is-layout-flex wp-container-core-columns-is-layout-b6e7f033 wp-block-columns-is-layout-flex\" style=\"padding-right:var(--wp--preset--spacing--20);padding-left:var(--wp--preset--spacing--20)\">\n<div class=\"wp-block-column is-vertically-aligned-stretch has-custom-cor-6-background-color has-background is-layout-flow wp-block-column-is-layout-flow\" style=\"padding-top:var(--wp--preset--spacing--40);padding-right:var(--wp--preset--spacing--30);padding-bottom:var(--wp--preset--spacing--40);padding-left:var(--wp--preset--spacing--30)\">\n<div class=\"wp-block-group has-global-padding is-layout-constrained wp-container-core-group-is-layout-e0082cf6 wp-block-group-is-layout-constrained\">\n<figure class=\"wp-block-image aligncenter size-full\" style=\"margin-top:-60px\"><img loading=\"lazy\" decoding=\"async\" width=\"70\" height=\"86\" src=\"https:\/\/www.ufmg.br\/mhnjb\/wp-content\/uploads\/2025\/05\/logoVerde-1.png\" alt=\"\" class=\"wp-image-2203\"\/><\/figure>\n\n\n\n<p class=\"has-text-align-center\" style=\"text-transform:uppercase\"><strong>Visita agendada COM MEDIA\u00c7\u00c3O <\/strong><\/p>\n\n\n\n<p class=\"has-text-align-center has-medium-font-size\">Grupos com mais de 10 integrantes, o agendamento \u00e9 indispens\u00e1vel<br>Escolas, institui\u00e7\u00f5es ou particulares<\/p>\n\n\n\n<hr class=\"wp-block-separator has-text-color has-custom-cor-7-color has-alpha-channel-opacity has-custom-cor-7-background-color has-background\" style=\"margin-top:var(--wp--preset--spacing--30);margin-bottom:var(--wp--preset--spacing--30)\"\/>\n\n\n\n<p class=\"has-text-align-center has-medium-font-size\"><strong>INGRESSO<\/strong>: R$ 12,00 por pessoa<\/p>\n\n\n\n<p class=\"has-text-align-center has-small-font-size\">Desconto para escolas e institui\u00e7\u00f5es p\u00fablicas<\/p>\n\n\n\n<div class=\"wp-block-buttons has-custom-font-size has-small-font-size is-content-justification-center is-layout-flex wp-container-core-buttons-is-layout-3b69fa93 wp-block-buttons-is-layout-flex\" style=\"margin-top:20px\">\n<div class=\"wp-block-button primary-button is-style-fill\"><a class=\"wp-block-button__link has-medium-font-size has-text-align-center has-custom-font-size wp-element-button\" href=\"https:\/\/www.ufmg.br\/mhnjb\/agendamento-grupos\/\" style=\"border-radius:0px;text-transform:uppercase\">Agendar visita para GRUPO <span class=\"wp-rich-text-font-awesome-icon wp-font-awesome-icon\"><svg aria-hidden=\"true\" focusable=\"false\" data-prefix=\"fas\" data-icon=\"arrow-right\" class=\"svg-inline--fa fa-arrow-right \" role=\"img\" xmlns=\"http:\/\/www.w3.org\/2000\/svg\" viewBox=\"0 0 448 512\"><path fill=\"currentColor\" d=\"M438.6 278.6c12.5-12.5 12.5-32.8 0-45.3l-160-160c-12.5-12.5-32.8-12.5-45.3 0s-12.5 32.8 0 45.3L338.8 224 32 224c-17.7 0-32 14.3-32 32s14.3 32 32 32l306.7 0L233.4 393.4c-12.5 12.5-12.5 32.8 0 45.3s32.8 12.5 45.3 0l160-160z\"><\/path><\/svg><\/span><\/a><\/div>\n<\/div>\n<\/div>\n<\/div>\n\n\n\n<div class=\"wp-block-column is-vertically-aligned-stretch has-custom-color-1-background-color has-background is-layout-flow wp-block-column-is-layout-flow\" style=\"padding-top:var(--wp--preset--spacing--40);padding-right:var(--wp--preset--spacing--30);padding-bottom:var(--wp--preset--spacing--40);padding-left:var(--wp--preset--spacing--30)\">\n<div class=\"wp-block-group has-global-padding is-layout-constrained wp-container-core-group-is-layout-e0082cf6 wp-block-group-is-layout-constrained\">\n<figure class=\"wp-block-image aligncenter size-full\" style=\"margin-top:-60px\"><img loading=\"lazy\" decoding=\"async\" width=\"70\" height=\"86\" src=\"https:\/\/www.ufmg.br\/mhnjb\/wp-content\/uploads\/2025\/05\/logoAmarela-1.png\" alt=\"\" class=\"wp-image-2202\"\/><\/figure>\n\n\n\n<p class=\"has-text-align-center\" style=\"text-transform:uppercase\"><strong>Visita espont\u00e2nea<\/strong><\/p>\n\n\n\n<p class=\"has-text-align-center has-medium-font-size\">Bem-vindo! O Museu \u00e9 aberto para visita\u00e7\u00e3o.<br>N\u00e3o \u00e9 necess\u00e1rio agendar.*<\/p>\n\n\n\n<p class=\"has-text-align-center has-small-font-size\">* Grupos escolares e institui\u00e7\u00f5es o agendamento \u00e9 obrigat\u00f3rio<\/p>\n\n\n\n<hr class=\"wp-block-separator has-text-color has-custom-cor-2-color has-alpha-channel-opacity has-custom-cor-2-background-color has-background\" style=\"margin-top:var(--wp--preset--spacing--30);margin-bottom:var(--wp--preset--spacing--30)\"\/>\n\n\n\n<p class=\"has-text-align-center has-medium-font-size\"><strong>INGRESSO<\/strong>: gratuito<br><strong>HOR\u00c1RIO<\/strong>*: quarta-feira a s\u00e1bado<br>8h30 \u00e0s 16h<br>perman\u00eancia at\u00e9 17h<\/p>\n\n\n\n<p class=\"has-text-align-center has-small-font-size\">* Fechado nos feriados<br>nacionais e municipais<\/p>\n<\/div>\n<\/div>\n<\/div>\n\n\n\n<div style=\"height:20px\" aria-hidden=\"true\" class=\"wp-block-spacer\"><\/div>\n\n\n\n<div class=\"wp-block-group alignwide is-layout-grid wp-container-core-group-is-layout-311ac9e6 wp-block-group-is-layout-grid\" style=\"padding-right:var(--wp--preset--spacing--20);padding-left:var(--wp--preset--spacing--20)\">\n<div class=\"wp-block-group informacoes-content has-border-color has-custom-cor-7-border-color has-global-padding is-layout-constrained wp-container-core-group-is-layout-c385debf wp-block-group-is-layout-constrained\" style=\"border-width:2px;min-height:100%;padding-top:var(--wp--preset--spacing--20);padding-right:var(--wp--preset--spacing--20);padding-bottom:var(--wp--preset--spacing--20);padding-left:var(--wp--preset--spacing--20)\">\n<p class=\"link-div informacoes\"><a href=\"https:\/\/www.ufmg.br\/mhnjb\/visite\/horarios\/\" data-type=\"page\" data-id=\"1491\">Link p hor\u00e1rios<\/a><\/p>\n\n\n\n<p class=\"has-text-align-center has-custom-cor-7-color has-text-color has-link-color wp-elements-391cea9eab6f29277ab40296241bdd89\"><span class=\"wp-rich-text-font-awesome-icon wp-font-awesome-icon\"><svg aria-hidden=\"true\" focusable=\"false\" data-prefix=\"fas\" data-icon=\"clock\" class=\"svg-inline--fa fa-clock \" role=\"img\" xmlns=\"http:\/\/www.w3.org\/2000\/svg\" viewBox=\"0 0 512 512\"><path fill=\"currentColor\" d=\"M256 0a256 256 0 1 1 0 512A256 256 0 1 1 256 0zM232 120V256c0 8 4 15.5 10.7 20l96 64c11 7.4 25.9 4.4 33.3-6.7s4.4-25.9-6.7-33.3L280 243.2V120c0-13.3-10.7-24-24-24s-24 10.7-24 24z\"><\/path><\/svg><\/span><\/p>\n\n\n\n<p class=\"has-text-align-center\" style=\"text-transform:uppercase\">Hor\u00e1rios<\/p>\n\n\n\n<p class=\"has-text-align-center has-small-font-size\">Hor\u00e1rio de funcionamento do Museu, dos espa\u00e7os e das sess\u00f5es do Pres\u00e9pio do Pipiripau.<\/p>\n\n\n\n<div class=\"wp-block-group has-global-padding is-content-justification-right is-layout-constrained wp-container-core-group-is-layout-f1f2ed93 wp-block-group-is-layout-constrained\">\n<p class=\"has-text-align-center arrow-button has-custom-cor-7-color has-custom-cor-6-background-color has-text-color has-background has-link-color has-medium-font-size wp-elements-c39e0580082bef51c82508e2920da0b2\" style=\"border-width:1px;border-radius:50%;padding-top:0px;padding-right:0px;padding-bottom:0px;padding-left:0px\"><span class=\"wp-rich-text-font-awesome-icon wp-font-awesome-icon\"><svg aria-hidden=\"true\" focusable=\"false\" data-prefix=\"fas\" data-icon=\"arrow-right\" class=\"svg-inline--fa fa-arrow-right \" role=\"img\" xmlns=\"http:\/\/www.w3.org\/2000\/svg\" viewBox=\"0 0 448 512\"><path fill=\"currentColor\" d=\"M438.6 278.6c12.5-12.5 12.5-32.8 0-45.3l-160-160c-12.5-12.5-32.8-12.5-45.3 0s-12.5 32.8 0 45.3L338.8 224 32 224c-17.7 0-32 14.3-32 32s14.3 32 32 32l306.7 0L233.4 393.4c-12.5 12.5-12.5 32.8 0 45.3s32.8 12.5 45.3 0l160-160z\"><\/path><\/svg><\/span><\/p>\n<\/div>\n<\/div>\n\n\n\n<div class=\"wp-block-group informacoes-content has-border-color has-custom-cor-2-border-color has-global-padding is-layout-constrained wp-container-core-group-is-layout-c385debf wp-block-group-is-layout-constrained\" style=\"border-width:2px;min-height:100%;padding-top:var(--wp--preset--spacing--20);padding-right:var(--wp--preset--spacing--20);padding-bottom:var(--wp--preset--spacing--20);padding-left:var(--wp--preset--spacing--20)\">\n<p class=\"link-div informacoes\"><a href=\"https:\/\/www.ufmg.br\/mhnjb\/visite\/regras\/\" data-type=\"page\" data-id=\"2410\">Link p regras<\/a><\/p>\n\n\n\n<p class=\"has-text-align-center has-custom-cor-2-color has-text-color has-link-color wp-elements-c37276483e5e8f7c947d8d6099f4141c\"><span class=\"wp-rich-text-font-awesome-icon wp-font-awesome-icon\"><svg aria-hidden=\"true\" focusable=\"false\" data-prefix=\"fas\" data-icon=\"clipboard-list\" class=\"svg-inline--fa fa-clipboard-list \" role=\"img\" xmlns=\"http:\/\/www.w3.org\/2000\/svg\" viewBox=\"0 0 384 512\"><path fill=\"currentColor\" d=\"M192 0c-41.8 0-77.4 26.7-90.5 64H64C28.7 64 0 92.7 0 128V448c0 35.3 28.7 64 64 64H320c35.3 0 64-28.7 64-64V128c0-35.3-28.7-64-64-64H282.5C269.4 26.7 233.8 0 192 0zm0 64a32 32 0 1 1 0 64 32 32 0 1 1 0-64zM72 272a24 24 0 1 1 48 0 24 24 0 1 1 -48 0zm104-16H304c8.8 0 16 7.2 16 16s-7.2 16-16 16H176c-8.8 0-16-7.2-16-16s7.2-16 16-16zM72 368a24 24 0 1 1 48 0 24 24 0 1 1 -48 0zm88 0c0-8.8 7.2-16 16-16H304c8.8 0 16 7.2 16 16s-7.2 16-16 16H176c-8.8 0-16-7.2-16-16z\"><\/path><\/svg><\/span><\/p>\n\n\n\n<p class=\"has-text-align-center\" style=\"text-transform:uppercase\">Regras<\/p>\n\n\n\n<p class=\"has-text-align-center has-small-font-size\">Confira as regras sobre visita\u00e7\u00e3o, uso do espa\u00e7o, pequenas comemora\u00e7\u00f5es e mais.<\/p>\n\n\n\n<div class=\"wp-block-group has-global-padding is-content-justification-right is-layout-constrained wp-container-core-group-is-layout-f1f2ed93 wp-block-group-is-layout-constrained\">\n<p class=\"has-text-align-center arrow-button has-custom-cor-2-color has-custom-color-1-background-color has-text-color has-background has-link-color has-medium-font-size wp-elements-4b6fe08317a40205b353b1a5406d2869\" style=\"border-width:1px;border-radius:50%;padding-top:0px;padding-right:0px;padding-bottom:0px;padding-left:0px\"><span class=\"wp-rich-text-font-awesome-icon wp-font-awesome-icon\"><svg aria-hidden=\"true\" focusable=\"false\" data-prefix=\"fas\" data-icon=\"arrow-right\" class=\"svg-inline--fa fa-arrow-right \" role=\"img\" xmlns=\"http:\/\/www.w3.org\/2000\/svg\" viewBox=\"0 0 448 512\"><path fill=\"currentColor\" d=\"M438.6 278.6c12.5-12.5 12.5-32.8 0-45.3l-160-160c-12.5-12.5-32.8-12.5-45.3 0s-12.5 32.8 0 45.3L338.8 224 32 224c-17.7 0-32 14.3-32 32s14.3 32 32 32l306.7 0L233.4 393.4c-12.5 12.5-12.5 32.8 0 45.3s32.8 12.5 45.3 0l160-160z\"><\/path><\/svg><\/span><\/p>\n<\/div>\n<\/div>\n\n\n\n<div class=\"wp-block-group informacoes-content has-border-color has-custom-cor-7-border-color has-global-padding is-layout-constrained wp-container-core-group-is-layout-c385debf wp-block-group-is-layout-constrained\" style=\"border-width:2px;min-height:100%;padding-top:var(--wp--preset--spacing--20);padding-right:var(--wp--preset--spacing--20);padding-bottom:var(--wp--preset--spacing--20);padding-left:var(--wp--preset--spacing--20)\">\n<p class=\"link-div informacoes\"><a href=\"https:\/\/www.ufmg.br\/mhnjb\/visite\/recomendacoes\/\" data-type=\"page\" data-id=\"1449\">Link p recomenda\u00e7\u00f5es<\/a><\/p>\n\n\n\n<p class=\"has-text-align-center has-custom-cor-7-color has-text-color has-link-color wp-elements-17621000500962cb7af5cf3b12717853\"><span class=\"wp-rich-text-font-awesome-icon wp-font-awesome-icon\"><svg aria-hidden=\"true\" focusable=\"false\" data-prefix=\"fas\" data-icon=\"lightbulb\" class=\"svg-inline--fa fa-lightbulb \" role=\"img\" xmlns=\"http:\/\/www.w3.org\/2000\/svg\" viewBox=\"0 0 384 512\"><path fill=\"currentColor\" d=\"M272 384c9.6-31.9 29.5-59.1 49.2-86.2l0 0c5.2-7.1 10.4-14.2 15.4-21.4c19.8-28.5 31.4-63 31.4-100.3C368 78.8 289.2 0 192 0S16 78.8 16 176c0 37.3 11.6 71.9 31.4 100.3c5 7.2 10.2 14.3 15.4 21.4l0 0c19.8 27.1 39.7 54.4 49.2 86.2H272zM192 512c44.2 0 80-35.8 80-80V416H112v16c0 44.2 35.8 80 80 80zM112 176c0 8.8-7.2 16-16 16s-16-7.2-16-16c0-61.9 50.1-112 112-112c8.8 0 16 7.2 16 16s-7.2 16-16 16c-44.2 0-80 35.8-80 80z\"><\/path><\/svg><\/span><\/p>\n\n\n\n<p class=\"has-text-align-center\" style=\"text-transform:uppercase\">recomenda\u00e7\u00f5es<\/p>\n\n\n\n<p class=\"has-text-align-center has-small-font-size\">Cal\u00e7ados leves, garrafa pessoal de hidrata\u00e7\u00e3o, protetor solar. Veja essas e outras recomenda\u00e7\u00f5es.<\/p>\n\n\n\n<div class=\"wp-block-group has-global-padding is-content-justification-right is-layout-constrained wp-container-core-group-is-layout-f1f2ed93 wp-block-group-is-layout-constrained\">\n<p class=\"has-text-align-center arrow-button has-custom-cor-7-color has-custom-cor-6-background-color has-text-color has-background has-link-color has-medium-font-size wp-elements-c39e0580082bef51c82508e2920da0b2\" style=\"border-width:1px;border-radius:50%;padding-top:0px;padding-right:0px;padding-bottom:0px;padding-left:0px\"><span class=\"wp-rich-text-font-awesome-icon wp-font-awesome-icon\"><svg aria-hidden=\"true\" focusable=\"false\" data-prefix=\"fas\" data-icon=\"arrow-right\" class=\"svg-inline--fa fa-arrow-right \" role=\"img\" xmlns=\"http:\/\/www.w3.org\/2000\/svg\" viewBox=\"0 0 448 512\"><path fill=\"currentColor\" d=\"M438.6 278.6c12.5-12.5 12.5-32.8 0-45.3l-160-160c-12.5-12.5-32.8-12.5-45.3 0s-12.5 32.8 0 45.3L338.8 224 32 224c-17.7 0-32 14.3-32 32s14.3 32 32 32l306.7 0L233.4 393.4c-12.5 12.5-12.5 32.8 0 45.3s32.8 12.5 45.3 0l160-160z\"><\/path><\/svg><\/span><\/p>\n<\/div>\n<\/div>\n\n\n\n<div class=\"wp-block-group informacoes-content has-border-color has-custom-cor-2-border-color has-global-padding is-layout-constrained wp-container-core-group-is-layout-c385debf wp-block-group-is-layout-constrained\" style=\"border-width:2px;min-height:100%;padding-top:var(--wp--preset--spacing--20);padding-right:var(--wp--preset--spacing--20);padding-bottom:var(--wp--preset--spacing--20);padding-left:var(--wp--preset--spacing--20)\">\n<p class=\"link-div informacoes\"><a href=\"https:\/\/www.ufmg.br\/mhnjb\/visite\/mapa-museu\/\" data-type=\"page\" data-id=\"1679\">Link p mapa do museu<\/a><\/p>\n\n\n\n<p class=\"has-text-align-center has-custom-cor-2-color has-text-color has-link-color wp-elements-7047b3413946f8162292f48c60c0d535\"><span class=\"wp-rich-text-font-awesome-icon wp-font-awesome-icon\"><svg aria-hidden=\"true\" focusable=\"false\" data-prefix=\"fas\" data-icon=\"map\" class=\"svg-inline--fa fa-map \" role=\"img\" xmlns=\"http:\/\/www.w3.org\/2000\/svg\" viewBox=\"0 0 576 512\"><path fill=\"currentColor\" d=\"M384 476.1L192 421.2V35.9L384 90.8V476.1zm32-1.2V88.4L543.1 37.5c15.8-6.3 32.9 5.3 32.9 22.3V394.6c0 9.8-6 18.6-15.1 22.3L416 474.8zM15.1 95.1L160 37.2V423.6L32.9 474.5C17.1 480.8 0 469.2 0 452.2V117.4c0-9.8 6-18.6 15.1-22.3z\"><\/path><\/svg><\/span><\/p>\n\n\n\n<p class=\"has-text-align-center\" style=\"text-transform:uppercase\">Mapa do museu<\/p>\n\n\n\n<div class=\"wp-block-group has-global-padding is-content-justification-right is-layout-constrained wp-container-core-group-is-layout-f1f2ed93 wp-block-group-is-layout-constrained\">\n<p class=\"has-text-align-center arrow-button has-custom-cor-2-color has-custom-color-1-background-color has-text-color has-background has-link-color has-medium-font-size wp-elements-4b6fe08317a40205b353b1a5406d2869\" style=\"border-width:1px;border-radius:50%;padding-top:0px;padding-right:0px;padding-bottom:0px;padding-left:0px\"><span class=\"wp-rich-text-font-awesome-icon wp-font-awesome-icon\"><svg aria-hidden=\"true\" focusable=\"false\" data-prefix=\"fas\" data-icon=\"arrow-right\" class=\"svg-inline--fa fa-arrow-right \" role=\"img\" xmlns=\"http:\/\/www.w3.org\/2000\/svg\" viewBox=\"0 0 448 512\"><path fill=\"currentColor\" d=\"M438.6 278.6c12.5-12.5 12.5-32.8 0-45.3l-160-160c-12.5-12.5-32.8-12.5-45.3 0s-12.5 32.8 0 45.3L338.8 224 32 224c-17.7 0-32 14.3-32 32s14.3 32 32 32l306.7 0L233.4 393.4c-12.5 12.5-12.5 32.8 0 45.3s32.8 12.5 45.3 0l160-160z\"><\/path><\/svg><\/span><\/p>\n<\/div>\n<\/div>\n<\/div>\n\n\n\n<div style=\"height:50px\" aria-hidden=\"true\" class=\"wp-block-spacer\"><\/div>\n<\/div>\n","protected":false},"excerpt":{"rendered":"","protected":false},"author":1,"featured_media":0,"parent":0,"menu_order":0,"comment_status":"closed","ping_status":"closed","template":"","meta":{"footnotes":""},"class_list":["post-2529","page","type-page","status-publish","hentry"],"_links":{"self":[{"href":"https:\/\/www.ufmg.br\/mhnjb\/wp-json\/wp\/v2\/pages\/2529","targetHints":{"allow":["GET"]}}],"collection":[{"href":"https:\/\/www.ufmg.br\/mhnjb\/wp-json\/wp\/v2\/pages"}],"about":[{"href":"https:\/\/www.ufmg.br\/mhnjb\/wp-json\/wp\/v2\/types\/page"}],"author":[{"embeddable":true,"href":"https:\/\/www.ufmg.br\/mhnjb\/wp-json\/wp\/v2\/users\/1"}],"replies":[{"embeddable":true,"href":"https:\/\/www.ufmg.br\/mhnjb\/wp-json\/wp\/v2\/comments?post=2529"}],"version-history":[{"count":3,"href":"https:\/\/www.ufmg.br\/mhnjb\/wp-json\/wp\/v2\/pages\/2529\/revisions"}],"predecessor-version":[{"id":2787,"href":"https:\/\/www.ufmg.br\/mhnjb\/wp-json\/wp\/v2\/pages\/2529\/revisions\/2787"}],"wp:attachment":[{"href":"https:\/\/www.ufmg.br\/mhnjb\/wp-json\/wp\/v2\/media?parent=2529"}],"curies":[{"name":"wp","href":"https:\/\/api.w.org\/{rel}","templated":true}]}}