{"id":2569,"date":"2025-07-10T15:01:52","date_gmt":"2025-07-10T18:01:52","guid":{"rendered":"https:\/\/www.ufmg.br\/mhnjb\/?page_id=2569"},"modified":"2025-07-10T15:01:52","modified_gmt":"2025-07-10T18:01:52","slug":"contato","status":"publish","type":"page","link":"https:\/\/www.ufmg.br\/mhnjb\/contato\/","title":{"rendered":"Contato"},"content":{"rendered":"\n<div class=\"wp-block-group alignfull has-custom-cor-5-color has-custom-cor-1-background-color has-text-color has-background has-link-color wp-elements-261e23e53f51fb3ee45e8c2d9e31427c has-global-padding is-layout-constrained wp-block-group-is-layout-constrained\" id=\"page-title\" style=\"padding-top:var(--wp--preset--spacing--50);padding-bottom:var(--wp--preset--spacing--50)\"><h2 class=\"has-text-align-center alignwide wp-block-post-title\">Contato<\/h2><\/div>\n\n\n\n<div class=\"wp-block-group alignfull has-custom-cor-7-background-color has-background has-global-padding is-layout-constrained wp-block-group-is-layout-constrained\">\n<div style=\"height:50px\" aria-hidden=\"true\" class=\"wp-block-spacer\"><\/div>\n\n\n\n<div class=\"wp-block-columns alignwide are-vertically-aligned-center is-layout-flex wp-container-core-columns-is-layout-87beb0d0 wp-block-columns-is-layout-flex\">\n<div class=\"wp-block-column is-vertically-aligned-center has-custom-cor-5-color has-custom-cor-6-background-color has-text-color has-background has-link-color wp-elements-3df7d23e1a4f72a8c0910301090bbcab is-layout-flow wp-container-core-column-is-layout-975f73a1 wp-block-column-is-layout-flow\" style=\"padding-top:var(--wp--preset--spacing--30);padding-right:var(--wp--preset--spacing--30);padding-bottom:var(--wp--preset--spacing--30);padding-left:var(--wp--preset--spacing--30);flex-basis:33.33%\" id=\"contato\">\n<h2 class=\"wp-block-heading title-opacity has-custom-cor-5-color has-text-color has-link-color wp-elements-7322b051a0dc92b5d1d262b2f60bc149\"><strong>Contato<\/strong><\/h2>\n\n\n\n<p class=\"has-custom-cor-5-color has-text-color has-link-color has-medium-font-size wp-elements-22648dc6276a0a6474ed37b8fc704a04\">Deixe aqui sua mensagem. Antes de enviar uma d\u00favida, leia nossa se\u00e7\u00e3o de Perguntas Frequentes (FAQ).<\/p>\n\n\n\n<div class=\"wp-block-contact-form-7-contact-form-selector\">\n<div class=\"wpcf7 no-js\" id=\"wpcf7-f474-o1\" lang=\"pt-BR\" dir=\"ltr\" data-wpcf7-id=\"474\">\n<div class=\"screen-reader-response\"><p role=\"status\" aria-live=\"polite\" aria-atomic=\"true\"><\/p> <ul><\/ul><\/div>\n<form action=\"\/mhnjb\/wp-json\/wp\/v2\/pages\/2569#wpcf7-f474-o1\" method=\"post\" class=\"wpcf7-form init\" aria-label=\"Formul\u00e1rios de contato\" novalidate=\"novalidate\" data-status=\"init\">\n<fieldset class=\"hidden-fields-container\"><input type=\"hidden\" name=\"_wpcf7\" value=\"474\" \/><input type=\"hidden\" name=\"_wpcf7_version\" value=\"6.1.3\" \/><input type=\"hidden\" name=\"_wpcf7_locale\" value=\"pt_BR\" \/><input type=\"hidden\" name=\"_wpcf7_unit_tag\" value=\"wpcf7-f474-o1\" \/><input type=\"hidden\" name=\"_wpcf7_container_post\" value=\"0\" \/><input type=\"hidden\" name=\"_wpcf7_posted_data_hash\" value=\"\" \/>\n<\/fieldset>\n<p><span class=\"wpcf7-form-control-wrap\" data-name=\"your-name\"><input size=\"40\" maxlength=\"400\" class=\"wpcf7-form-control wpcf7-text wpcf7-validates-as-required\" autocomplete=\"name\" aria-required=\"true\" aria-invalid=\"false\" placeholder=\"Seu nome\" value=\"\" type=\"text\" name=\"your-name\" \/><\/span>\n<\/p>\n<p><span class=\"wpcf7-form-control-wrap\" data-name=\"your-email\"><input size=\"40\" maxlength=\"400\" class=\"wpcf7-form-control wpcf7-email wpcf7-validates-as-required wpcf7-text wpcf7-validates-as-email\" autocomplete=\"email\" aria-required=\"true\" aria-invalid=\"false\" placeholder=\"Seu email\" value=\"\" type=\"email\" name=\"your-email\" \/><\/span>\n<\/p>\n<p><span class=\"wpcf7-form-control-wrap\" data-name=\"your-message\"><textarea cols=\"40\" rows=\"10\" maxlength=\"2000\" class=\"wpcf7-form-control wpcf7-textarea wpcf7-validates-as-required\" aria-required=\"true\" aria-invalid=\"false\" placeholder=\"Sua mensagem\" name=\"your-message\"><\/textarea><\/span>\n<\/p>\n<p><input class=\"wpcf7-form-control wpcf7-submit has-spinner has-medium-font-size\" type=\"submit\" value=\"Enviar\" \/>\n<\/p><p style=\"display: none !important;\" class=\"akismet-fields-container\" data-prefix=\"_wpcf7_ak_\"><label>&#916;<textarea name=\"_wpcf7_ak_hp_textarea\" cols=\"45\" rows=\"8\" maxlength=\"100\"><\/textarea><\/label><input type=\"hidden\" id=\"ak_js_1\" name=\"_wpcf7_ak_js\" value=\"164\"\/><script>document.getElementById( \"ak_js_1\" ).setAttribute( \"value\", ( new Date() ).getTime() );<\/script><\/p><div class=\"wpcf7-response-output\" aria-hidden=\"true\"><\/div>\n<\/form>\n<\/div>\n<\/div>\n<\/div>\n\n\n\n<div class=\"wp-block-column is-vertically-aligned-center is-layout-flow wp-container-core-column-is-layout-19eabfb7 wp-block-column-is-layout-flow\" style=\"flex-basis:66.66%\">\n<div class=\"wp-block-columns are-vertically-aligned-top has-text-align-center has-base-color has-text-color has-link-color wp-elements-362680d2af4af92e57056a08d2f8ed50 is-layout-flex wp-container-core-columns-is-layout-87beb0d0 wp-block-columns-is-layout-flex\">\n<div class=\"wp-block-column is-vertically-aligned-top is-layout-flow wp-container-core-column-is-layout-cca23091 wp-block-column-is-layout-flow\" style=\"padding-top:0;padding-bottom:0\">\n<a href=\"https:\/\/maps.app.goo.gl\/TmwGo35uFV2uNKWY9\"><i class=\"fa-solid fa-location-dot fa-2xl\"><\/i><\/a>\n\n\n\n<p class=\"has-text-align-center link-without-underline has-base-color has-text-color has-link-color has-medium-font-size wp-elements-edddfa140e2d870b026cd45cec5e040a\"><a href=\"https:\/\/maps.app.goo.gl\/TmwGo35uFV2uNKWY9\" target=\"_blank\" rel=\"noreferrer noopener nofollow\">Rua Gustavo da Silveira, 1035<br>Santa In\u00eas &#8211; Belo Horizonte\/MG<\/a><\/p>\n<\/div>\n\n\n\n<div class=\"wp-block-column is-vertically-aligned-top is-layout-flow wp-container-core-column-is-layout-c62d559e wp-block-column-is-layout-flow\">\n<i class=\"fa-solid fa-phone fa-2xl\"><\/i>\n\n\n\n<p class=\"has-text-align-center link-without-underline has-base-color has-text-color has-link-color has-medium-font-size wp-elements-74e8cc3d3c712e0c4c082d0a2703b271\"><a href=\"tel:+553134097600\">(31) 3409-7600<\/a><\/p>\n<\/div>\n\n\n\n<div class=\"wp-block-column is-vertically-aligned-top is-layout-flow wp-container-core-column-is-layout-e38e6d2d wp-block-column-is-layout-flow\">\n<i class=\"fa-regular fa-circle-question fa-2xl\"><\/i>\n\n\n\n<p class=\"has-text-align-center link-without-underline has-base-color has-text-color has-link-color has-medium-font-size wp-elements-ab7af8ced3fdb96a662cabe90a51ed94\"><a href=\"https:\/\/www.ufmg.br\/mhnjb\/contato\/perguntas-frequentes\/\" data-type=\"page\" data-id=\"2406\">Antes de enviar sua d\u00favida, leia nossa se\u00e7\u00e3o de Perguntas Frequentes<\/a><\/p>\n<\/div>\n<\/div>\n\n\n\n<div class=\"wp-block-group alignwide has-text-align-center is-layout-flow wp-block-group-is-layout-flow\">\n<iframe src=\"https:\/\/www.google.com\/maps\/embed?pb=!1m18!1m12!1m3!1d15007.246374595095!2d-43.91358365!3d-19.890176!2m3!1f0!2f0!3f0!3m2!1i1024!2i768!4f13.1!3m3!1m2!1s0xa69a4917d9e84d%3A0xfeab02131c7bf933!2sMuseu%20de%20Hist%C3%B3ria%20Natural%20e%20Jardim%20Bot%C3%A2nico%20da%20UFMG!5e0!3m2!1spt-BR!2sbr!4v1713790926210!5m2!1spt-BR!2sbr\" style=\"border:0; width:100%; height:450px;\" allowfullscreen=\"\" loading=\"lazy\" referrerpolicy=\"no-referrer-when-downgrade\"><\/iframe>\n<\/div>\n<\/div>\n<\/div>\n\n\n\n<div style=\"height:50px\" aria-hidden=\"true\" class=\"wp-block-spacer\"><\/div>\n<\/div>\n","protected":false},"excerpt":{"rendered":"","protected":false},"author":1,"featured_media":0,"parent":0,"menu_order":0,"comment_status":"closed","ping_status":"closed","template":"","meta":{"footnotes":""},"class_list":["post-2569","page","type-page","status-publish","hentry"],"_links":{"self":[{"href":"https:\/\/www.ufmg.br\/mhnjb\/wp-json\/wp\/v2\/pages\/2569","targetHints":{"allow":["GET"]}}],"collection":[{"href":"https:\/\/www.ufmg.br\/mhnjb\/wp-json\/wp\/v2\/pages"}],"about":[{"href":"https:\/\/www.ufmg.br\/mhnjb\/wp-json\/wp\/v2\/types\/page"}],"author":[{"embeddable":true,"href":"https:\/\/www.ufmg.br\/mhnjb\/wp-json\/wp\/v2\/users\/1"}],"replies":[{"embeddable":true,"href":"https:\/\/www.ufmg.br\/mhnjb\/wp-json\/wp\/v2\/comments?post=2569"}],"version-history":[{"count":1,"href":"https:\/\/www.ufmg.br\/mhnjb\/wp-json\/wp\/v2\/pages\/2569\/revisions"}],"predecessor-version":[{"id":2570,"href":"https:\/\/www.ufmg.br\/mhnjb\/wp-json\/wp\/v2\/pages\/2569\/revisions\/2570"}],"wp:attachment":[{"href":"https:\/\/www.ufmg.br\/mhnjb\/wp-json\/wp\/v2\/media?parent=2569"}],"curies":[{"name":"wp","href":"https:\/\/api.w.org\/{rel}","templated":true}]}}