{"id":2612,"date":"2025-08-04T18:38:13","date_gmt":"2025-08-04T21:38:13","guid":{"rendered":"https:\/\/www.ufmg.br\/mhnjb\/?page_id=2612"},"modified":"2026-03-23T12:44:11","modified_gmt":"2026-03-23T15:44:11","slug":"agendamento-grupos","status":"publish","type":"page","link":"https:\/\/www.ufmg.br\/mhnjb\/agendamento-grupos\/","title":{"rendered":"Agendamento de visita para grupos"},"content":{"rendered":"\n<div class=\"wp-block-group alignfull has-custom-cor-5-color has-custom-cor-1-background-color has-text-color has-background has-link-color wp-elements-261e23e53f51fb3ee45e8c2d9e31427c has-global-padding is-layout-constrained wp-block-group-is-layout-constrained\" id=\"page-title\" style=\"padding-top:var(--wp--preset--spacing--50);padding-bottom:var(--wp--preset--spacing--50)\"><h2 class=\"has-text-align-center alignwide wp-block-post-title\">Agendamento de visita para grupos<\/h2><\/div>\n\n\n\n<div class=\"wp-block-group has-global-padding is-layout-constrained wp-block-group-is-layout-constrained\">\n<p class=\"has-text-align-center has-x-large-font-size\">Informamos que o agendamento das visitas com media\u00e7\u00e3o (escolas\/grupos) est\u00e1 temporariamente suspenso, tendo em vista a greve dos servidores T\u00e9cnico-Administrativos em Educa\u00e7\u00e3o da UFMG. T\u00e3o logo a greve seja encerrada, abriremos o agendamento. Agradecemos a compreens\u00e3o!\u00a0<\/p>\n\n\n\n<div style=\"height:100px\" aria-hidden=\"true\" class=\"wp-block-spacer\"><\/div>\n\n\n\n<p class=\"has-text-align-center\"><\/p>\n<\/div>\n\n\n\n<div class=\"wp-block-group alignwide is-layout-flow wp-block-group-is-layout-flow\"><\/div>\n\n\n\n<p><\/p>\n","protected":false},"excerpt":{"rendered":"<p>Informamos que o agendamento das visitas com media\u00e7\u00e3o (escolas\/grupos) est\u00e1 temporariamente suspenso, tendo em vista a greve dos servidores T\u00e9cnico-Administrativos em Educa\u00e7\u00e3o da UFMG. T\u00e3o logo a greve seja encerrada, abriremos o agendamento. Agradecemos a compreens\u00e3o!\u00a0<\/p>\n","protected":false},"author":1,"featured_media":0,"parent":0,"menu_order":0,"comment_status":"closed","ping_status":"closed","template":"","meta":{"footnotes":""},"class_list":["post-2612","page","type-page","status-publish","hentry"],"_links":{"self":[{"href":"https:\/\/www.ufmg.br\/mhnjb\/wp-json\/wp\/v2\/pages\/2612","targetHints":{"allow":["GET"]}}],"collection":[{"href":"https:\/\/www.ufmg.br\/mhnjb\/wp-json\/wp\/v2\/pages"}],"about":[{"href":"https:\/\/www.ufmg.br\/mhnjb\/wp-json\/wp\/v2\/types\/page"}],"author":[{"embeddable":true,"href":"https:\/\/www.ufmg.br\/mhnjb\/wp-json\/wp\/v2\/users\/1"}],"replies":[{"embeddable":true,"href":"https:\/\/www.ufmg.br\/mhnjb\/wp-json\/wp\/v2\/comments?post=2612"}],"version-history":[{"count":27,"href":"https:\/\/www.ufmg.br\/mhnjb\/wp-json\/wp\/v2\/pages\/2612\/revisions"}],"predecessor-version":[{"id":3413,"href":"https:\/\/www.ufmg.br\/mhnjb\/wp-json\/wp\/v2\/pages\/2612\/revisions\/3413"}],"wp:attachment":[{"href":"https:\/\/www.ufmg.br\/mhnjb\/wp-json\/wp\/v2\/media?parent=2612"}],"curies":[{"name":"wp","href":"https:\/\/api.w.org\/{rel}","templated":true}]}}

<div class="wp-block-group alignfull has-custom-cor-5-color has-custom-cor-1-background-color has-text-color has-background has-link-color wp-elements-261e23e53f51fb3ee45e8c2d9e31427c has-global-padding is-layout-constrained wp-block-group-is-layout-constrained" id="page-title" style="padding-top:var(--wp--preset--spacing--50);padding-bottom:var(--wp--preset--spacing--50)"><h2 class="has-text-align-center alignwide wp-block-post-title">Agendamento de visita para grupos</h2></div>



<div class="wp-block-group has-global-padding is-layout-constrained wp-block-group-is-layout-constrained">
<p class="has-text-align-center has-x-large-font-size">Informamos que o agendamento das visitas com mediação (escolas/grupos) está temporariamente suspenso, tendo em vista a greve dos servidores Técnico-Administrativos em Educação da UFMG. Tão logo a greve seja encerrada, abriremos o agendamento. Agradecemos a compreensão! </p>



<div style="height:100px" aria-hidden="true" class="wp-block-spacer"></div>



<p class="has-text-align-center"></p>
</div>



<div class="wp-block-group alignwide is-layout-flow wp-block-group-is-layout-flow"></div>



<p></p>

<p>Informamos que o agendamento das visitas com mediação (escolas/grupos) está temporariamente suspenso, tendo em vista a greve dos servidores Técnico-Administrativos em Educação da UFMG. Tão logo a greve seja encerrada, abriremos o agendamento. Agradecemos a compreensão! </p>
