{"id":2782,"date":"2025-08-25T10:31:34","date_gmt":"2025-08-25T13:31:34","guid":{"rendered":"https:\/\/www.ufmg.br\/mhnjb\/?page_id=2782"},"modified":"2025-08-25T10:31:34","modified_gmt":"2025-08-25T13:31:34","slug":"selecao-profissionais-paleontologia","status":"publish","type":"page","link":"https:\/\/www.ufmg.br\/mhnjb\/trabalhe-conosco\/selecao-profissionais-paleontologia\/","title":{"rendered":"Sele\u00e7\u00e3o de profissionais Paleontologia &#8211; Projeto Finep-Acervos"},"content":{"rendered":"\n<div class=\"wp-block-group alignfull has-custom-cor-5-color has-custom-cor-1-background-color has-text-color has-background has-link-color wp-elements-261e23e53f51fb3ee45e8c2d9e31427c has-global-padding is-layout-constrained wp-block-group-is-layout-constrained\" id=\"page-title\" style=\"padding-top:var(--wp--preset--spacing--50);padding-bottom:var(--wp--preset--spacing--50)\"><h2 class=\"has-text-align-center alignwide wp-block-post-title\">Sele\u00e7\u00e3o de profissionais Paleontologia &#8211; Projeto Finep-Acervos<\/h2><\/div>\n\n\n\n<div class=\"wp-block-group is-layout-flow wp-container-core-group-is-layout-81d5c4b5 wp-block-group-is-layout-flow\">\n<p>O MHNJB, atrav\u00e9s do projeto \u201cPreserva\u00e7\u00e3o e Acesso a Acervos Culturais e Art\u00edsticos da UFMG\u201d, no \u00e2mbito do subprojeto \u201cAcervos arqueol\u00f3gicos, etnogr\u00e1ficos e paleontol\u00f3gicos da UFMG\u201d, com recursos da Finep, abre chamada para selecionar profissionais para trabalhar com o acervo atingido pelo inc\u00eandio em 2020.<\/p>\n\n\n\n<p>Ser\u00e3o contratados SERVI\u00c7OS DE PALEONTOLOGIA. Os profissionais ser\u00e3o selecionados atrav\u00e9s de an\u00e1lise de curr\u00edculo, carta de apresenta\u00e7\u00e3o e entrevista.<\/p>\n\n\n\n<p>As inscri\u00e7\u00f5es podem ser feitas at\u00e9 dia 14 de setembro e a data prevista para entrevistas \u00e9 entre 22 e 26 de setembro.<\/p>\n\n\n\n<p>Acesse: <\/p>\n\n\n\n<div class=\"wp-block-file\"><a id=\"wp-block-file--media-33680ff6-3e3e-46a0-a555-5f009af332b5\" href=\"https:\/\/www.ufmg.br\/mhnjb\/wp-content\/uploads\/2025\/08\/Chamada-paleonto.pdf\" target=\"_blank\" rel=\"noreferrer noopener\"><span class=\"wp-rich-text-font-awesome-icon wp-font-awesome-icon\"><svg aria-hidden=\"true\" focusable=\"false\" data-prefix=\"fas\" data-icon=\"file-pdf\" class=\"svg-inline--fa fa-file-pdf \" role=\"img\" xmlns=\"http:\/\/www.w3.org\/2000\/svg\" viewBox=\"0 0 512 512\"><path fill=\"currentColor\" d=\"M0 64C0 28.7 28.7 0 64 0H224V128c0 17.7 14.3 32 32 32H384V304H176c-35.3 0-64 28.7-64 64V512H64c-35.3 0-64-28.7-64-64V64zm384 64H256V0L384 128zM176 352h32c30.9 0 56 25.1 56 56s-25.1 56-56 56H192v32c0 8.8-7.2 16-16 16s-16-7.2-16-16V448 368c0-8.8 7.2-16 16-16zm32 80c13.3 0 24-10.7 24-24s-10.7-24-24-24H192v48h16zm96-80h32c26.5 0 48 21.5 48 48v64c0 26.5-21.5 48-48 48H304c-8.8 0-16-7.2-16-16V368c0-8.8 7.2-16 16-16zm32 128c8.8 0 16-7.2 16-16V400c0-8.8-7.2-16-16-16H320v96h16zm80-112c0-8.8 7.2-16 16-16h48c8.8 0 16 7.2 16 16s-7.2 16-16 16H448v32h32c8.8 0 16 7.2 16 16s-7.2 16-16 16H448v48c0 8.8-7.2 16-16 16s-16-7.2-16-16V432 368z\"><\/path><\/svg><\/span> Chamada para Paleontologia<\/a><\/div>\n<\/div>\n\n\n\n<div style=\"height:50px\" aria-hidden=\"true\" class=\"wp-block-spacer\"><\/div>\n","protected":false},"excerpt":{"rendered":"<p>O MHNJB, atrav\u00e9s do projeto \u201cPreserva\u00e7\u00e3o e Acesso a Acervos Culturais e Art\u00edsticos da UFMG\u201d, no \u00e2mbito do subprojeto \u201cAcervos arqueol\u00f3gicos, etnogr\u00e1ficos e paleontol\u00f3gicos da UFMG\u201d, com recursos da Finep, abre chamada para selecionar profissionais para trabalhar com o acervo atingido pelo inc\u00eandio em 2020. Ser\u00e3o contratados SERVI\u00c7OS DE PALEONTOLOGIA. Os profissionais ser\u00e3o selecionados atrav\u00e9s [&hellip;]<\/p>\n","protected":false},"author":1,"featured_media":0,"parent":2555,"menu_order":0,"comment_status":"closed","ping_status":"closed","template":"","meta":{"footnotes":""},"class_list":["post-2782","page","type-page","status-publish","hentry"],"_links":{"self":[{"href":"https:\/\/www.ufmg.br\/mhnjb\/wp-json\/wp\/v2\/pages\/2782","targetHints":{"allow":["GET"]}}],"collection":[{"href":"https:\/\/www.ufmg.br\/mhnjb\/wp-json\/wp\/v2\/pages"}],"about":[{"href":"https:\/\/www.ufmg.br\/mhnjb\/wp-json\/wp\/v2\/types\/page"}],"author":[{"embeddable":true,"href":"https:\/\/www.ufmg.br\/mhnjb\/wp-json\/wp\/v2\/users\/1"}],"replies":[{"embeddable":true,"href":"https:\/\/www.ufmg.br\/mhnjb\/wp-json\/wp\/v2\/comments?post=2782"}],"version-history":[{"count":1,"href":"https:\/\/www.ufmg.br\/mhnjb\/wp-json\/wp\/v2\/pages\/2782\/revisions"}],"predecessor-version":[{"id":2784,"href":"https:\/\/www.ufmg.br\/mhnjb\/wp-json\/wp\/v2\/pages\/2782\/revisions\/2784"}],"up":[{"embeddable":true,"href":"https:\/\/www.ufmg.br\/mhnjb\/wp-json\/wp\/v2\/pages\/2555"}],"wp:attachment":[{"href":"https:\/\/www.ufmg.br\/mhnjb\/wp-json\/wp\/v2\/media?parent=2782"}],"curies":[{"name":"wp","href":"https:\/\/api.w.org\/{rel}","templated":true}]}}

Seleção de profissionais Paleontologia &#8211; Projeto Finep-Acervos

<div class="wp-block-group alignfull has-custom-cor-5-color has-custom-cor-1-background-color has-text-color has-background has-link-color wp-elements-261e23e53f51fb3ee45e8c2d9e31427c has-global-padding is-layout-constrained wp-block-group-is-layout-constrained" id="page-title" style="padding-top:var(--wp--preset--spacing--50);padding-bottom:var(--wp--preset--spacing--50)"><h2 class="has-text-align-center alignwide wp-block-post-title">Seleção de profissionais Paleontologia &#8211; Projeto Finep-Acervos</h2></div>



<div class="wp-block-group is-layout-flow wp-container-core-group-is-layout-81d5c4b5 wp-block-group-is-layout-flow">
<p>O MHNJB, através do projeto “Preservação e Acesso a Acervos Culturais e Artísticos da UFMG”, no âmbito do subprojeto “Acervos arqueológicos, etnográficos e paleontológicos da UFMG”, com recursos da Finep, abre chamada para selecionar profissionais para trabalhar com o acervo atingido pelo incêndio em 2020.</p>



<p>Serão contratados SERVIÇOS DE PALEONTOLOGIA. Os profissionais serão selecionados através de análise de currículo, carta de apresentação e entrevista.</p>



<p>As inscrições podem ser feitas até dia 14 de setembro e a data prevista para entrevistas é entre 22 e 26 de setembro.</p>



<p>Acesse: </p>



<div class="wp-block-file"><a id="wp-block-file--media-33680ff6-3e3e-46a0-a555-5f009af332b5" href="https://www.ufmg.br/mhnjb/wp-content/uploads/2025/08/Chamada-paleonto.pdf" target="_blank" rel="noreferrer noopener"><span class="wp-rich-text-font-awesome-icon wp-font-awesome-icon"><svg aria-hidden="true" focusable="false" data-prefix="fas" data-icon="file-pdf" class="svg-inline--fa fa-file-pdf " role="img" xmlns="http://www.w3.org/2000/svg" viewBox="0 0 512 512"><path fill="currentColor" d="M0 64C0 28.7 28.7 0 64 0H224V128c0 17.7 14.3 32 32 32H384V304H176c-35.3 0-64 28.7-64 64V512H64c-35.3 0-64-28.7-64-64V64zm384 64H256V0L384 128zM176 352h32c30.9 0 56 25.1 56 56s-25.1 56-56 56H192v32c0 8.8-7.2 16-16 16s-16-7.2-16-16V448 368c0-8.8 7.2-16 16-16zm32 80c13.3 0 24-10.7 24-24s-10.7-24-24-24H192v48h16zm96-80h32c26.5 0 48 21.5 48 48v64c0 26.5-21.5 48-48 48H304c-8.8 0-16-7.2-16-16V368c0-8.8 7.2-16 16-16zm32 128c8.8 0 16-7.2 16-16V400c0-8.8-7.2-16-16-16H320v96h16zm80-112c0-8.8 7.2-16 16-16h48c8.8 0 16 7.2 16 16s-7.2 16-16 16H448v32h32c8.8 0 16 7.2 16 16s-7.2 16-16 16H448v48c0 8.8-7.2 16-16 16s-16-7.2-16-16V432 368z"></path></svg></span> Chamada para Paleontologia</a></div>
</div>



<div style="height:50px" aria-hidden="true" class="wp-block-spacer"></div>

<p>O MHNJB, através do projeto “Preservação e Acesso a Acervos Culturais e Artísticos da UFMG”, no âmbito do subprojeto “Acervos arqueológicos, etnográficos e paleontológicos da UFMG”, com recursos da Finep, abre chamada para selecionar profissionais para trabalhar com o acervo atingido pelo incêndio em 2020. Serão contratados SERVIÇOS DE PALEONTOLOGIA. Os profissionais serão selecionados através [&hellip;]</p>
