{"id":2988,"date":"2025-09-15T16:21:22","date_gmt":"2025-09-15T19:21:22","guid":{"rendered":"https:\/\/www.ufmg.br\/mhnjb\/?page_id=2988"},"modified":"2026-01-02T09:23:38","modified_gmt":"2026-01-02T12:23:38","slug":"nucleo-de-apoio-academico","status":"publish","type":"page","link":"https:\/\/www.ufmg.br\/mhnjb\/quem-somos\/nucleo-de-apoio-academico\/","title":{"rendered":"N\u00facleo de Apoio Acad\u00eamico"},"content":{"rendered":"\n<div class=\"wp-block-group alignfull has-custom-cor-5-color has-custom-cor-1-background-color has-text-color has-background has-link-color wp-elements-261e23e53f51fb3ee45e8c2d9e31427c has-global-padding is-layout-constrained wp-block-group-is-layout-constrained\" id=\"page-title\" style=\"padding-top:var(--wp--preset--spacing--50);padding-bottom:var(--wp--preset--spacing--50)\"><h2 class=\"has-text-align-center alignwide wp-block-post-title\">N\u00facleo de Apoio Acad\u00eamico<\/h2><\/div>\n\n\n\n<div class=\"wp-block-group has-global-padding is-layout-constrained wp-container-core-group-is-layout-92b9201d wp-block-group-is-layout-constrained\">\n<p>O N\u00facleo de Apoio Acad\u00eamico (NAA) do MHNJB \u00e9 respons\u00e1vel por centralizar e consolidar todas as informa\u00e7\u00f5es relacionadas \u00e0s a\u00e7\u00f5es de ensino, pesquisa e extens\u00e3o desenvolvidas no Museu e no Jardim Bot\u00e2nico.<\/p>\n\n\n\n<p>Entre suas principais atribui\u00e7\u00f5es, destacam-se a articula\u00e7\u00e3o entre os diferentes setores da institui\u00e7\u00e3o e os professores e pesquisadores que nela atuam, bem como a avalia\u00e7\u00e3o de cada proposta para viabilizar diferentes formas de apoio a atividades de pesquisa, ensino ou a\u00e7\u00f5es educativas em nosso espa\u00e7o.<\/p>\n\n\n\n<p>Caso tenha interesse em desenvolver atividades no MHNJB, preencha o formul\u00e1rio que melhor se adequa \u00e0 sua proposta:<\/p>\n\n\n\n<ul class=\"wp-block-list\">\n<li><a href=\"https:\/\/forms.gle\/Z6RXmo6reTyFnNNG6\" target=\"_blank\" rel=\"noreferrer noopener nofollow\">Solicita\u00e7\u00e3o de Cadastro de Projetos de Pesquisa e\/ou Ensino no MHNJB <\/a><a href=\"https:\/\/forms.gle\/Z6RXmo6reTyFnNNG6\" data-type=\"link\" data-id=\"https:\/\/forms.gle\/Z6RXmo6reTyFnNNG6\"><span class=\"wp-rich-text-font-awesome-icon wp-font-awesome-icon\"><svg aria-hidden=\"true\" focusable=\"false\" data-prefix=\"fas\" data-icon=\"arrow-up-right-from-square\" class=\"svg-inline--fa fa-arrow-up-right-from-square \" role=\"img\" xmlns=\"http:\/\/www.w3.org\/2000\/svg\" viewBox=\"0 0 512 512\"><path fill=\"currentColor\" d=\"M320 0c-17.7 0-32 14.3-32 32s14.3 32 32 32h82.7L201.4 265.4c-12.5 12.5-12.5 32.8 0 45.3s32.8 12.5 45.3 0L448 109.3V192c0 17.7 14.3 32 32 32s32-14.3 32-32V32c0-17.7-14.3-32-32-32H320zM80 32C35.8 32 0 67.8 0 112V432c0 44.2 35.8 80 80 80H400c44.2 0 80-35.8 80-80V320c0-17.7-14.3-32-32-32s-32 14.3-32 32V432c0 8.8-7.2 16-16 16H80c-8.8 0-16-7.2-16-16V112c0-8.8 7.2-16 16-16H192c17.7 0 32-14.3 32-32s-14.3-32-32-32H80z\"><\/path><\/svg><\/span><\/a><\/li>\n\n\n\n<li><a href=\"https:\/\/forms.gle\/NtwkJCQVZuFkuFLV8\" target=\"_blank\" rel=\"noreferrer noopener nofollow\">Solicita\u00e7\u00e3o de Aulas no MHNJB <\/a><span class=\"wp-rich-text-font-awesome-icon wp-font-awesome-icon\"><svg aria-hidden=\"true\" focusable=\"false\" data-prefix=\"fas\" data-icon=\"arrow-up-right-from-square\" class=\"svg-inline--fa fa-arrow-up-right-from-square \" role=\"img\" xmlns=\"http:\/\/www.w3.org\/2000\/svg\" viewBox=\"0 0 512 512\"><path fill=\"currentColor\" d=\"M320 0c-17.7 0-32 14.3-32 32s14.3 32 32 32h82.7L201.4 265.4c-12.5 12.5-12.5 32.8 0 45.3s32.8 12.5 45.3 0L448 109.3V192c0 17.7 14.3 32 32 32s32-14.3 32-32V32c0-17.7-14.3-32-32-32H320zM80 32C35.8 32 0 67.8 0 112V432c0 44.2 35.8 80 80 80H400c44.2 0 80-35.8 80-80V320c0-17.7-14.3-32-32-32s-32 14.3-32 32V432c0 8.8-7.2 16-16 16H80c-8.8 0-16-7.2-16-16V112c0-8.8 7.2-16 16-16H192c17.7 0 32-14.3 32-32s-14.3-32-32-32H80z\"><\/path><\/svg><\/span><\/li>\n\n\n\n<li><a href=\"https:\/\/forms.gle\/7AZb64Ged2PyP1796\" target=\"_blank\" rel=\"noreferrer noopener nofollow\">Solicita\u00e7\u00e3o de Atividades Educativas, Cient\u00edficas e Culturais no MHNJB <\/a><span class=\"wp-rich-text-font-awesome-icon wp-font-awesome-icon\"><svg aria-hidden=\"true\" focusable=\"false\" data-prefix=\"fas\" data-icon=\"arrow-up-right-from-square\" class=\"svg-inline--fa fa-arrow-up-right-from-square \" role=\"img\" xmlns=\"http:\/\/www.w3.org\/2000\/svg\" viewBox=\"0 0 512 512\"><path fill=\"currentColor\" d=\"M320 0c-17.7 0-32 14.3-32 32s14.3 32 32 32h82.7L201.4 265.4c-12.5 12.5-12.5 32.8 0 45.3s32.8 12.5 45.3 0L448 109.3V192c0 17.7 14.3 32 32 32s32-14.3 32-32V32c0-17.7-14.3-32-32-32H320zM80 32C35.8 32 0 67.8 0 112V432c0 44.2 35.8 80 80 80H400c44.2 0 80-35.8 80-80V320c0-17.7-14.3-32-32-32s-32 14.3-32 32V432c0 8.8-7.2 16-16 16H80c-8.8 0-16-7.2-16-16V112c0-8.8 7.2-16 16-16H192c17.7 0 32-14.3 32-32s-14.3-32-32-32H80z\"><\/path><\/svg><\/span><\/li>\n<\/ul>\n\n\n\n<p>Em caso de d\u00favidas, entre em contato pelo e-mail: <a href=\"mailto:nucleoacademico@mhnjb.ufmg.br\">nucleoacademico@mhnjb.ufmg.br<\/a><\/p>\n<\/div>\n\n\n\n<div style=\"height:50px\" aria-hidden=\"true\" class=\"wp-block-spacer\"><\/div>\n\n\n\n<p><\/p>\n","protected":false},"excerpt":{"rendered":"<p>O N\u00facleo de Apoio Acad\u00eamico (NAA) do MHNJB \u00e9 respons\u00e1vel por centralizar e consolidar todas as informa\u00e7\u00f5es relacionadas \u00e0s a\u00e7\u00f5es de ensino, pesquisa e extens\u00e3o desenvolvidas no Museu e no Jardim Bot\u00e2nico. Entre suas principais atribui\u00e7\u00f5es, destacam-se a articula\u00e7\u00e3o entre os diferentes setores da institui\u00e7\u00e3o e os professores e pesquisadores que nela atuam, bem como [&hellip;]<\/p>\n","protected":false},"author":1,"featured_media":0,"parent":2526,"menu_order":0,"comment_status":"closed","ping_status":"closed","template":"","meta":{"footnotes":""},"class_list":["post-2988","page","type-page","status-publish","hentry"],"_links":{"self":[{"href":"https:\/\/www.ufmg.br\/mhnjb\/wp-json\/wp\/v2\/pages\/2988","targetHints":{"allow":["GET"]}}],"collection":[{"href":"https:\/\/www.ufmg.br\/mhnjb\/wp-json\/wp\/v2\/pages"}],"about":[{"href":"https:\/\/www.ufmg.br\/mhnjb\/wp-json\/wp\/v2\/types\/page"}],"author":[{"embeddable":true,"href":"https:\/\/www.ufmg.br\/mhnjb\/wp-json\/wp\/v2\/users\/1"}],"replies":[{"embeddable":true,"href":"https:\/\/www.ufmg.br\/mhnjb\/wp-json\/wp\/v2\/comments?post=2988"}],"version-history":[{"count":7,"href":"https:\/\/www.ufmg.br\/mhnjb\/wp-json\/wp\/v2\/pages\/2988\/revisions"}],"predecessor-version":[{"id":3269,"href":"https:\/\/www.ufmg.br\/mhnjb\/wp-json\/wp\/v2\/pages\/2988\/revisions\/3269"}],"up":[{"embeddable":true,"href":"https:\/\/www.ufmg.br\/mhnjb\/wp-json\/wp\/v2\/pages\/2526"}],"wp:attachment":[{"href":"https:\/\/www.ufmg.br\/mhnjb\/wp-json\/wp\/v2\/media?parent=2988"}],"curies":[{"name":"wp","href":"https:\/\/api.w.org\/{rel}","templated":true}]}}