{"id":65,"date":"2022-09-15T09:05:17","date_gmt":"2022-09-15T12:05:17","guid":{"rendered":"http:\/\/www.ica.ufmg.br\/lqi\/?page_id=65"},"modified":"2022-11-04T15:03:45","modified_gmt":"2022-11-04T18:03:45","slug":"sistemas-de-purificacao-de-agua","status":"publish","type":"page","link":"https:\/\/www.ufmg.br\/montesclaros\/lqi\/?page_id=65","title":{"rendered":"Preparo de amostra &#8211; Sistemas de purifica\u00e7\u00e3o de \u00e1gua"},"content":{"rendered":"\r\n<p><\/p>\r\n\r\n\r\n\r\n<figure class=\"wp-block-image\"><img decoding=\"async\" src=\"http:\/\/www.ica.ufmg.br\/lqi\/wp-content\/uploads\/2022\/09\/purificacao-de-agua.jpg\" alt=\"\" width=\"100%\" class=\"wp-image-67\" srcset=\"https:\/\/www.ufmg.br\/montesclaros\/lqi\/wp-content\/uploads\/2022\/09\/purificacao-de-agua.jpg 890w, https:\/\/www.ufmg.br\/montesclaros\/lqi\/wp-content\/uploads\/2022\/09\/purificacao-de-agua-300x163.jpg 300w, https:\/\/www.ufmg.br\/montesclaros\/lqi\/wp-content\/uploads\/2022\/09\/purificacao-de-agua-768x417.jpg 768w, https:\/\/www.ufmg.br\/montesclaros\/lqi\/wp-content\/uploads\/2022\/09\/purificacao-de-agua-624x339.jpg 624w\" sizes=\"(max-width: 890px) 100vw, 890px\" \/><\/figure>\r\n\r\n\r\n\r\n<p>Os sistemas de purifica\u00e7\u00e3o de \u00e1gua Synergy\u00ae UV e Elix\u00ae 100&nbsp;s\u00e3o usados na produ\u00e7\u00e3o de \u00e1gua ultrapura. O sistema Elix&nbsp;\u00ae&nbsp;\u00e9 projetado para fornecer a \u00e1gua ultrapura do tipo 2 com qualidade de destilada e deionizada, al\u00e9m de ser&nbsp;ecologicamente sustent\u00e1vel em compara\u00e7\u00e3o com os sistemas convencionais. Essa \u00e1gua pode ser utilizada para o preparo de solu\u00e7\u00f5es, limpeza de vidrarias e irriga\u00e7\u00e3o de cultivos controlados sem a interfer\u00eancia de elementos como Ca e Mg. O Synergy\u00ae fornece a \u00e1gua do tipo 1 (Milli-Q\u00ae) utilizada em sistemas que necessitam de \u00e1gua com maior pureza como cromat\u00f3grafo \u00e0 liquido (HPLC), preparo de solu\u00e7\u00f5es padr\u00e3o e meios de cultura.&nbsp;<\/p>\r\n\r\n\r\n\r\n<p>Esses sistemas de purifica\u00e7\u00e3o de \u00e1gua atendem os grupos de pesquisa da gradua\u00e7\u00e3o e p\u00f3s-gradua\u00e7\u00e3o da UFMG, al\u00e9m das atividades de ensino da institui\u00e7\u00e3o.&nbsp;<\/p>\r\n\r\n\r\n\r\n<p>Para solicita\u00e7\u00e3o de \u00e1gua ultrapura pelo LQI entre em contato: <a href=\"mailto:lqi@ica.ufmg.br\">lqi@ica.ufmg.br<\/a><\/p>\r\n","protected":false},"excerpt":{"rendered":"<p>Os sistemas de purifica\u00e7\u00e3o de \u00e1gua Synergy\u00ae UV e Elix\u00ae 100&nbsp;s\u00e3o usados na produ\u00e7\u00e3o de \u00e1gua ultrapura. O sistema Elix&nbsp;\u00ae&nbsp;\u00e9 projetado para fornecer a \u00e1gua ultrapura do tipo 2 com qualidade de destilada e deionizada, al\u00e9m de ser&nbsp;ecologicamente sustent\u00e1vel em compara\u00e7\u00e3o com os sistemas convencionais. Essa \u00e1gua pode ser utilizada para o preparo de solu\u00e7\u00f5es, [&hellip;]<\/p>\n","protected":false},"author":1,"featured_media":0,"parent":0,"menu_order":0,"comment_status":"closed","ping_status":"closed","template":"","meta":{"footnotes":""},"class_list":["post-65","page","type-page","status-publish","hentry"],"_links":{"self":[{"href":"https:\/\/www.ufmg.br\/montesclaros\/lqi\/index.php?rest_route=\/wp\/v2\/pages\/65","targetHints":{"allow":["GET"]}}],"collection":[{"href":"https:\/\/www.ufmg.br\/montesclaros\/lqi\/index.php?rest_route=\/wp\/v2\/pages"}],"about":[{"href":"https:\/\/www.ufmg.br\/montesclaros\/lqi\/index.php?rest_route=\/wp\/v2\/types\/page"}],"author":[{"embeddable":true,"href":"https:\/\/www.ufmg.br\/montesclaros\/lqi\/index.php?rest_route=\/wp\/v2\/users\/1"}],"replies":[{"embeddable":true,"href":"https:\/\/www.ufmg.br\/montesclaros\/lqi\/index.php?rest_route=%2Fwp%2Fv2%2Fcomments&post=65"}],"version-history":[{"count":5,"href":"https:\/\/www.ufmg.br\/montesclaros\/lqi\/index.php?rest_route=\/wp\/v2\/pages\/65\/revisions"}],"predecessor-version":[{"id":152,"href":"https:\/\/www.ufmg.br\/montesclaros\/lqi\/index.php?rest_route=\/wp\/v2\/pages\/65\/revisions\/152"}],"wp:attachment":[{"href":"https:\/\/www.ufmg.br\/montesclaros\/lqi\/index.php?rest_route=%2Fwp%2Fv2%2Fmedia&parent=65"}],"curies":[{"name":"wp","href":"https:\/\/api.w.org\/{rel}","templated":true}]}}