{"id":725,"date":"2025-09-01T16:05:49","date_gmt":"2025-09-01T16:05:49","guid":{"rendered":"https:\/\/www.ufmg.br\/montesclaros\/saude\/?page_id=725"},"modified":"2025-09-17T15:24:02","modified_gmt":"2025-09-17T15:24:02","slug":"saude-do-trabalhador","status":"publish","type":"page","link":"https:\/\/www.ufmg.br\/montesclaros\/saude\/saude-do-trabalhador\/","title":{"rendered":"Seguran\u00e7a do Trabalhador"},"content":{"rendered":"\n<p><a href=\"https:\/\/www.ufmg.br\/montesclaros\/saude\/programa-de-gerenciamento-de-riscos-pgr\/\" data-type=\"link\" data-id=\"https:\/\/www.ufmg.br\/montesclaros\/saude\/programa-de-gerenciamento-de-riscos-pgr\/\">Programa de Gerenciamento de Riscos (PGR) e Avali\u00e7\u00e3o de riscos laborais<\/a><\/p>\n\n\n\n<p><a href=\"https:\/\/www.ufmg.br\/montesclaros\/saude\/%e2%9a%a0%ef%b8%8f-acidente-de-trabalho\/\" target=\"_blank\" rel=\"noreferrer noopener\">Acidente de trabalho<\/a><\/p>\n\n\n\n<p><a href=\"https:\/\/www.ufmg.br\/montesclaros\/saude\/relatorio-de-nao-conformidade\/\" target=\"_blank\" rel=\"noreferrer noopener\">Relat\u00f3rio de n\u00e3o conformidade <\/a><\/p>\n\n\n\n<p><a href=\"https:\/\/www.ufmg.br\/montesclaros\/saude\/brigada-de-incendio\/\" target=\"_blank\" rel=\"noreferrer noopener\">Brigada de Inc\u00eandio <\/a><\/p>\n\n\n\n<p><a href=\"https:\/\/www.ufmg.br\/montesclaros\/saude\/curso-de-seguranca-em-laboratorio-e-boas-praticas-laboratoriais-ica-ufmg\/\" target=\"_blank\" rel=\"noreferrer noopener\">Curso de Seguran\u00e7a em Laborat\u00f3rio e Boas Pr\u00e1ticas Laboratoriais ICA &#8211; UFMG<\/a><\/p>\n\n\n\n<h3 class=\"wp-block-heading\"><\/h3>\n\n\n\n<p><\/p>\n","protected":false},"excerpt":{"rendered":"<p>Programa de Gerenciamento de Riscos (PGR) e Avali\u00e7\u00e3o de riscos laborais Acidente de trabalho Relat\u00f3rio de n\u00e3o conformidade Brigada de Inc\u00eandio Curso de Seguran\u00e7a em Laborat\u00f3rio e Boas Pr\u00e1ticas Laboratoriais ICA &#8211; UFMG<\/p>\n","protected":false},"author":2,"featured_media":0,"parent":0,"menu_order":0,"comment_status":"closed","ping_status":"closed","template":"","meta":{"_acf_changed":false,"footnotes":""},"class_list":["post-725","page","type-page","status-publish"],"acf":[],"_links":{"self":[{"href":"https:\/\/www.ufmg.br\/montesclaros\/saude\/wp-json\/wp\/v2\/pages\/725","targetHints":{"allow":["GET"]}}],"collection":[{"href":"https:\/\/www.ufmg.br\/montesclaros\/saude\/wp-json\/wp\/v2\/pages"}],"about":[{"href":"https:\/\/www.ufmg.br\/montesclaros\/saude\/wp-json\/wp\/v2\/types\/page"}],"author":[{"embeddable":true,"href":"https:\/\/www.ufmg.br\/montesclaros\/saude\/wp-json\/wp\/v2\/users\/2"}],"replies":[{"embeddable":true,"href":"https:\/\/www.ufmg.br\/montesclaros\/saude\/wp-json\/wp\/v2\/comments?post=725"}],"version-history":[{"count":7,"href":"https:\/\/www.ufmg.br\/montesclaros\/saude\/wp-json\/wp\/v2\/pages\/725\/revisions"}],"predecessor-version":[{"id":874,"href":"https:\/\/www.ufmg.br\/montesclaros\/saude\/wp-json\/wp\/v2\/pages\/725\/revisions\/874"}],"wp:attachment":[{"href":"https:\/\/www.ufmg.br\/montesclaros\/saude\/wp-json\/wp\/v2\/media?parent=725"}],"curies":[{"name":"wp","href":"https:\/\/api.w.org\/{rel}","templated":true}]}}