{"id":1121,"date":"2024-07-01T15:17:54","date_gmt":"2024-07-01T18:17:54","guid":{"rendered":"https:\/\/www.ufmg.br\/montesclaros\/?page_id=1121"},"modified":"2024-12-20T11:04:31","modified_gmt":"2024-12-20T14:04:31","slug":"trabalhos-de-conclusao-de-curso-2021","status":"publish","type":"page","link":"https:\/\/www.ufmg.br\/montesclaros\/trabalhos-de-conclusao-de-curso-2021\/","title":{"rendered":"Trabalhos de Conclus\u00e3o de Curso &#8211; 2021"},"content":{"rendered":"\n<p><strong>Trabalhos de Conclus\u00e3o de Curso<\/strong><\/p>\n\n\n\n<p><strong>Ano: 2021<\/strong><\/p>\n\n\n\n<p><strong>Curso: Administra\u00e7\u00e3o<\/strong><\/p>\n\n\n\n<figure class=\"wp-block-table\"><table><tbody><tr><td><strong>Discente<\/strong><\/td><td><strong>T\u00edtulo<\/strong><\/td><td><strong>Orientador<\/strong><\/td><\/tr><tr><td><a href=\"..\/tccs\/2021\/TCC-AneCarolinePereiraAlves.pdf\" target=\"_blank\" rel=\"noreferrer noopener\">Ane Caroline Pereira Alves<\/a><\/td><td>INOVA\u00c7\u00d5ES NO SISTEMA \u00daNICO DE SA\u00daDE: UMA REVIS\u00c3O BIBLIOM\u00c9TRICA DE LITERATURA SOBRE O USO DE TECNOLOGIAS DA INFORMA\u00c7\u00c3O E COMUNICA\u00c7\u00c3O NO APOIO \u00c0 GEST\u00c3O \u2013 2011 A 2020<\/td><td>Giovanni Campos Fonseca<\/td><\/tr><tr><td><a href=\"..\/tccs\/2021\/TCC-AneKarolineRochaRodrigues.pdf\" target=\"_blank\" rel=\"noreferrer noopener\">Ane Karoline Rocha Rodrigues<\/a><\/td><td>GEST\u00c3O EMPRESARIAL: OS DESAFIOS ENCONTRADO POR MULHERES EM CARGOS GERENCIAIS<\/td><td>Dalton Rocha Pereira<\/td><\/tr><tr><td><a href=\"..\/tccs\/2021\/TCC-DayanaFerreiraNovaisBraz.pdf\" target=\"_blank\" rel=\"noreferrer noopener\">Dayana Ferreira Novais Braz<\/a><\/td><td>A INFLU\u00caNCIA DE VALORES PESSOAIS NA SATISFA\u00c7\u00c3O NO TRABALHO: Um estudo de caso na Universidade Federal de Minas Gerais \u2013 Campus Montes Claros<\/td><td>Andr\u00e9 Luiz Mendes Athayde<\/td><\/tr><tr><td><a href=\"..\/tccs\/2021\/TCC-ElvesWillianAlvesMozzoni.pdf\" target=\"_blank\" rel=\"noreferrer noopener\">Elves Willian Alves Mozzoni<\/a><\/td><td>ARRANJOS PRODUTIVOS LOCAIS: UMA AN\u00c1LISE DA PRODU\u00c7\u00c3O CIENT\u00cdFICA NAS DUAS PRIMEIRAS D\u00c9CADAS DO S\u00c9CULO XXI<\/td><td>Vanessa Marzano Ara\u00fajo<\/td><\/tr><tr><td><a href=\"..\/tccs\/2021\/TCC-IsabelaCarolineSantosVieira.pdf\" target=\"_blank\" rel=\"noreferrer noopener\">Isabela Caroline Santos Vieira<\/a><\/td><td>PLANEJAMENTO E GEST\u00c3O OMNICHANNEL EM UMA EMPRESA DE PEQUENO PORTE NO SETOR DE ARTIGOS INFANTIS: Caso da Isabela Kids em Bocai\u00fava-MG<\/td><td>Fausto Makishi<\/td><\/tr><tr><td><a href=\"..\/tccs\/2021\/TCC-JaimeBaptistaBastos.pdf\" target=\"_blank\" rel=\"noreferrer noopener\">Jaime Baptista Bastos<\/a><\/td><td>CURVA ABC COMO INSTRUMENTO DE APOIO \u00c0 GEST\u00c3O DE ESTOQUES EM UMA EMPRESA DE DISTRIBUI\u00c7\u00c3O DE BEBIDAS SEDIADA EM MINAS GERAIS<\/td><td>Giovanni Campos Fonseca<\/td><\/tr><tr><td><a href=\"..\/tccs\/2021\/TCC-LaraVelosoAlencar.pdf\" target=\"_blank\" rel=\"noreferrer noopener\">Lara Veloso Alencar<\/a><\/td><td>IMPACTOS DA PANDEMIA DE COVID-19 NO SETOR DE TRANSPORTES: uma an\u00e1lise sob a perspectiva de gestores<\/td><td>Andr\u00e9 Luiz Mendes Athayde<\/td><\/tr><tr><td><a href=\"..\/tccs\/2021\/TCC-LaraVelosoOliva.pdf\" target=\"_blank\" rel=\"noreferrer noopener\">Lara Veloso Oliva<\/a><\/td><td>BANDEIRA OU SEM BANDEIRA: UM ESTUDO SOBRE O V\u00cdNCULO DE EXCLUSIVIDADE ENTRE POSTOS DE ABASTECIMENTO DE COMBUST\u00cdVEL E DISTRIBUIDORAS<\/td><td>Fausto Makishi<\/td><\/tr><tr><td><a href=\"..\/tccs\/2021\/TCC-LeoneFernandesEvangelista.pdf\" target=\"_blank\" rel=\"noreferrer noopener\">Leone Fernandes Evangelista<\/a><\/td><td>CUSTOMER RELATIONSHIP MANAGEMENT COMO ESTRAT\u00c9GIA DE VENDAS NA DISTRIBUI\u00c7\u00c3O DE BEBIDAS: UMA AN\u00c1LISE SOBRE A EFETIVIDADE DE VENDAS ENTRE EMPRESAS DO SETOR NA CIDADE DE MONTES CLAROS<\/td><td>Fausto Makishi<\/td><\/tr><tr><td><a href=\"..\/tccs\/2021\/TCC-LucasAlmeidaXavier.pdf\" target=\"_blank\" rel=\"noreferrer noopener\">Lucas Almeida Xavier<\/a><\/td><td>TRABALHO E SA\u00daDE OCUPACIONAL: UM ESTUDO DE CASO NA SOMAI NORDESTE S\/A<\/td><td>Cledinaldo Aparecido Dias<\/td><\/tr><tr><td><a href=\"..\/tccs\/2021\/TCC-PabloOliveiraSilvaCaires.pdf\" target=\"_blank\" rel=\"noreferrer noopener\">Pablo Oliveira Silva Caires<\/a><\/td><td>O IMPACTO DA DIVERSIDADE SOCIAL NA GEST\u00c3O DE EMPRESAS<\/td><td>Maximiliano Soares Pinto<\/td><\/tr><tr><td><a href=\"..\/tccs\/2021\/TCC-PedroHenriqueOliveiraAlves.pdf\" target=\"_blank\" rel=\"noreferrer noopener\">Pedro Henrique Oliveira Alves<\/a><\/td><td>A INFLU\u00caNCIA DE TRA\u00c7OS SOMBRIOS DE PERSONALIDADE NO COMPROMETIMENTO ORGANIZACIONAL: um estudo de caso na Universidade Federal de Minas Gerais \u2013 Campus Montes Claros<\/td><td>Andr\u00e9 Luiz Mendes Athayde<\/td><\/tr><tr><td><a href=\"..\/tccs\/2021\/TCC-RodolfoFerreiraSilvaFilho.pdf\" target=\"_blank\" rel=\"noreferrer noopener\">Rodolfo Ferreira Silva Filho<\/a><\/td><td>REVIS\u00c3O SISTEM\u00c1TICA DA LITERATURA CIENT\u00cdFICA EM PERI\u00d3DICOS BrazILEIROS SOBRE GEST\u00c3O DE MATERIAIS M\u00c9DICO-HOSPITALARES EM ORGANIZA\u00c7\u00d5ES DE SA\u00daDE, 2001 A 2020<\/td><td>Giovanni Campos Fonseca<\/td><\/tr><tr><td><a href=\"..\/tccs\/2021\/TCC-RozenirSantosRibeiro.pdf\" target=\"_blank\" rel=\"noreferrer noopener\">Rozenir Santos Ribeiro<\/a><\/td><td>UNIVERSIDADE E EDUCA\u00c7\u00c3O EMPREENDEDORA: UM ESTUDO DO CURSO DE ADMINISTRA\u00c7\u00c3O DA UFMG DE MONTES CLAROS, MINAS GERAIS<\/td><td>Fausto Makishi<\/td><\/tr><tr><td><a href=\"..\/tccs\/2021\/TCC-SarahSilvaAguilar.pdf\" target=\"_blank\" rel=\"noreferrer noopener\">Sarah Silva Aguilar<\/a><\/td><td>A INFLU\u00caNCIA DE VALORES PESSOAIS NO COMPROMETIMENTO ORGANIZACIONAL: Um estudo de caso na Universidade Federal de Minas Gerais \u2013 Campus Montes Claros<\/td><td>Andr\u00e9 Luiz Mendes Athayde<\/td><\/tr><tr><td><a href=\"..\/tccs\/2021\/TCC-SonyFranthiescoCaldeira.pdf\" target=\"_blank\" rel=\"noreferrer noopener\">Sony Franthiesco Caldeira<\/a><\/td><td>A IMPORT\u00c2NCIA DADA AO TRABALHO: uma compara\u00e7\u00e3o transcultural entre o Brazil e os Estados Unidos<\/td><td>Andr\u00e9 Luiz Mendes Athayde<\/td><\/tr><tr><td><a href=\"..\/tccs\/2021\/TCC-ThallysonMiranda.pdf\" target=\"_blank\" rel=\"noreferrer noopener\">Thallyson Miranda<\/a><\/td><td>DESIGUALDADE SEXUAL NO MERCADO DE TRABALHO MINEIRO NAS \u00c1REAS DE ADMINISTRA\u00c7\u00c3O E CI\u00caNCIAS CONT\u00c1BEIS<\/td><td>Cledinaldo Aparecido Dias<\/td><\/tr><\/tbody><\/table><\/figure>\n\n\n\n<p><strong>Curso: Agronomia<\/strong><\/p>\n\n\n\n<figure class=\"wp-block-table\"><table><tbody><tr><td><strong>Discente<\/strong><\/td><td><strong>T\u00edtulo<\/strong><\/td><td><strong>Orientador<\/strong><\/td><\/tr><tr><td><a href=\"..\/tccs\/2021\/TCC-Alo\u00edzioPelinsonPereiraGomes.pdf\" target=\"_blank\" rel=\"noreferrer noopener\">Alo\u00edzio Pelinson Pereira Gomes<\/a><\/td><td>ASSEPSIA E GERMINA\u00c7\u00c3O IN VITRO DE ARNICA (Lychnophora salicifolia Mart.)<\/td><td>Claudin\u00e9ia Ferreira Nunes<\/td><\/tr><tr><td><a href=\"..\/tccs\/2021\/TCC-CamilaMariaAguiarFlores.pdf\" target=\"_blank\" rel=\"noreferrer noopener\">Camila Maria Aguiar Flores<\/a><\/td><td>M\u00c9TODOS DE REMO\u00c7\u00c3O DA SARCOTESTA NA GERMINA\u00c7\u00c3O DE SEMENTES DE MAMOEIRO \u2018FORMOSA\u2019<\/td><td>Delacyr da Silva Brand\u00e3o J\u00fanior<\/td><\/tr><tr><td><a href=\"..\/tccs\/2021\/TCC-Carl\u00facioMartinsVeloso.pdf\" target=\"_blank\" rel=\"noreferrer noopener\">Carl\u00facio Martins Veloso<\/a><\/td><td>DESEMPENHO DE GEN\u00d3TIPOS \u2013 ELITE DE SOJA QUANTO A PRODUTIVIDADE E ESTABILIDADE NO MUNIC\u00cdPIO DE CORRENTINA &#8211; BA<\/td><td>Demerson Arruda Sanglard<\/td><\/tr><tr><td><a href=\"..\/tccs\/2021\/TCC-DivalloF\u00e9lixKpadonou.pdf\" target=\"_blank\" rel=\"noreferrer noopener\">Divallo F\u00e9lix Kpadonou<\/a><\/td><td>AVALIA\u00c7\u00c3O DE ACESSOS DE ADENIUM OBESUM<\/td><td>Silvia Nietsche<\/td><\/tr><tr><td><a href=\"..\/tccs\/2021\/TCC-FredsonMarcosSoutoLauton.pdf\" target=\"_blank\" rel=\"noreferrer noopener\">Fredson Marcos Souto Lauton<\/a><\/td><td>PRODU\u00c7\u00c3O DE SEMENTES DE CAPIM-BENGO POR COLHEITA MANUAL NO NORTE DE MINAS GERAIS<\/td><td>Thiago Gomes dos Santos Braz<\/td><\/tr><tr><td><a href=\"..\/tccs\/2021\/TCC-GabrielMendesOlivaSantos.pdf\" target=\"_blank\" rel=\"noreferrer noopener\">Gabriel Mendes Oliva Santos<\/a><\/td><td>TESTE DO pH DO EXSUDATO PARA AVALIA\u00c7\u00c3O DA QUALIDADE FISIOL\u00d3GICA DE SEMENTES DE R\u00daCULA<\/td><td>Delacyr da Silva Brand\u00e3o J\u00fanior<\/td><\/tr><tr><td><a href=\"..\/tccs\/2021\/TCC-GeorgeLucasOliveiraMacedo.pdf\" target=\"_blank\" rel=\"noreferrer noopener\">George Lucas Oliveira Macedo<\/a><\/td><td>ENXERTIA E REA\u00c7\u00c3O DE CULTIVARES DE PIMENT\u00c3O E PIMENTA NO MANEJO DOS PRINCIPAIS PAT\u00d3GENOS: REVIS\u00c3O DE LITERATURA<\/td><td>Fernando da Silva Rocha<\/td><\/tr><tr><td><a href=\"..\/tccs\/2021\/TCC-GustavodeOliveiraAlves.pdf\" target=\"_blank\" rel=\"noreferrer noopener\">Gustavo de Oliveira Alves<\/a><\/td><td>LODO DE ESGOTO AUMENTA A CAPACIDADE DE TAMPONAMENTO DO pH DE SOLO CULTIVADO COM ABACAXIZEIRO<\/td><td>Regynaldo Arruda Sampaio<\/td><\/tr><tr><td><a href=\"..\/tccs\/2021\/TCC-HemelynSoaresMagalhaes.pdf\" target=\"_blank\" rel=\"noreferrer noopener\">Hemelyn Soares Magalh\u00e3es<\/a><\/td><td>ESTUDO DO POTENCIAL ORNAMENTAL, CARACTERIZA\u00c7\u00c3O MORFOL\u00d3GICA E GERMINA\u00c7\u00c3O IN VITRO DE Vellozia abietina<\/td><td>Claudin\u00e9ia Ferreira Nunes<\/td><\/tr><tr><td><a href=\"..\/tccs\/2021\/TCC-HenriqueMarinzekTeixeira.pdf\" target=\"_blank\" rel=\"noreferrer noopener\">Henrique Marinzek Teixeira<\/a><\/td><td>LEVANTAMENTO FLOR\u00cdSTICO DA PRA\u00c7A COMENDADOR JOS\u00c9 HON\u00d3RIO, S\u00c3O SEBASTI\u00c3O DO PARA\u00cdSO &#8211; MG<\/td><td>Elka Fabiana Aparecida Almeida<\/td><\/tr><tr><td><a href=\"..\/tccs\/2021\/TCC-JanineRamosdaSilva.pdf\" target=\"_blank\" rel=\"noreferrer noopener\">Janine Ramos da Silva<\/a><\/td><td>POTENCIAL ORNAMENTAL DE MARCELA DO CAMPO EM CONS\u00d3RCIO COM TRAPOERABA E CAMAR\u00c1<\/td><td>Elka Fabiana Aparecida Almeida<\/td><\/tr><tr><td><a href=\"..\/tccs\/2021\/TCC-Jos\u00e9VictorMaur\u00edciodeJesus.pdf\" target=\"_blank\" rel=\"noreferrer noopener\">Jos\u00e9 Victor Maur\u00edcio de Jesus<\/a><\/td><td>TRATAMENTOS PR\u00c9-GERMINATIVOS E PADR\u00c3O DE ABSOR\u00c7\u00c3O DE \u00c1GUA EM SEMENTES DE VINAGREIRA<\/td><td>Delacyr da Silva Brand\u00e3o J\u00fanior<\/td><\/tr><tr><td><a href=\"..\/tccs\/2021\/TCC-L\u00edciaSilvaAguilar.pdf\" target=\"_blank\" rel=\"noreferrer noopener\">L\u00edcia Silva Aguilar<\/a><\/td><td>PALMA FORRAGEIRA: ESTRAT\u00c9GIA NUTRICIONAL PARA RUMINANTES DO SEMI\u00c1RIDO<\/td><td>M\u00e1rio Henrique Fran\u00e7a Mourth\u00e9<\/td><\/tr><tr><td><a href=\"..\/tccs\/2021\/TCC-MacielGodinhoBatista.pdf\" target=\"_blank\" rel=\"noreferrer noopener\">Maciel Godinho Batista<\/a><\/td><td>ARBORIZA\u00c7\u00c3O NO PLANEJAMENTO AMBIENTAL URBANO: BIODIVERSIDADE E QUALIDADE DE VIDA<\/td><td>Elka Fabiana Aparecida Almeida<\/td><\/tr><tr><td><a href=\"..\/tccs\/2021\/TCC-MaikomBrunoGon\u00e7alves.pdf\" target=\"_blank\" rel=\"noreferrer noopener\">Maikom Bruno Gon\u00e7alves<\/a><\/td><td>PRODU\u00c7\u00c3O DE FORRAGEM E EFICI\u00caNCIA NO USO DO NITROG\u00caNIO NO CAPIM-CORRENTE<\/td><td>Thiago Gomes dos Santos Braz<\/td><\/tr><tr><td><a href=\"..\/tccs\/2021\/TCC-MariaAnt\u00f4niaSantosdeCarvalho.pdf\" target=\"_blank\" rel=\"noreferrer noopener\">Maria Ant\u00f4nia Santos de Carvalho<\/a><\/td><td>BACILLUS sp. E SUBPRODUTOS DO METABOLISMO BACTERIANO NA QUALIDADE DE MUDAS MICROPROPAGADAS DE BANANANEIRA<\/td><td>Silvia Nietsche<\/td><\/tr><tr><td><a href=\"..\/tccs\/2021\/TCC-Tain\u00e1FerreiradaRocha.pdf\" target=\"_blank\" rel=\"noreferrer noopener\">Tain\u00e1 Ferreira da Rocha<\/a><\/td><td>A AGRICULTURA URBANA EM ALGUNS BAIRROS DE MONTES CLAROS \u2013 MG<\/td><td>Helder dos Anjos Augusto<\/td><\/tr><tr><td><a href=\"..\/tccs\/2021\/TCC-WellingtonRafaelBrusiquesi.pdf\" target=\"_blank\" rel=\"noreferrer noopener\">Wellington Rafael Brusiquesi<\/a><\/td><td>pH DO EXSUDATO PARA A AVALIA\u00c7\u00c3O DA QUALIDADE FISIOL\u00d3GICA DE SEMENTES GR\u00c3O-DE-BICO<\/td><td>C\u00e2ndido Alves da Costa<\/td><\/tr><\/tbody><\/table><\/figure>\n\n\n\n<p><strong>Curso: Engenharia Agr\u00edcola e Ambiental<\/strong><\/p>\n\n\n\n<figure class=\"wp-block-table\"><table><tbody><tr><td><strong>Discente<\/strong><\/td><td><strong>T\u00edtulo<\/strong><\/td><td><strong>Orientador<\/strong><\/td><\/tr><tr><td><a href=\"..\/tccs\/2021\/TCC-AnaPaulaChavesPereira.pdf\" target=\"_blank\" rel=\"noreferrer noopener\">Ana Paula Chaves Pereira<\/a><\/td><td>DIAGN\u00d3STICO DOS IMPACTOS AMBIENTAIS DA CRIA\u00c7\u00c3O DE GADO EM FAZENDA NO NORTE DE MINAS GERAIS<\/td><td>J\u00falia Ferreira da Silva<\/td><\/tr><tr><td><a href=\"..\/tccs\/2021\/TCC-AndreyDiasFerreira.pdf\" target=\"_blank\" rel=\"noreferrer noopener\">Andrey Dias Ferreira<\/a><\/td><td>ESTUDO SOBRE A ENERGIA FOTOVOLTAICA NO BrazIL<\/td><td>Gustavo Leal Teixeira<\/td><\/tr><tr><td><a href=\"..\/tccs\/2021\/TCC-AthosFelipeSantosMarques.pdf\" target=\"_blank\" rel=\"noreferrer noopener\">Athos Felipe Santos Marques<\/a><\/td><td>LEVANTAMENTO DE DADOS PARA PARAMETRIZA\u00c7\u00c3O DE INVERSOR DE FREQU\u00caNCIA EM \u00c1REA DE PIV\u00d4 CENTRAL NO NORTE DE MINAS<\/td><td>Rodolpho C\u00e9sar dos Reis Tinini<\/td><\/tr><tr><td><a href=\"..\/tccs\/2021\/TCC-B\u00e1rbaraEmanueladeAlmeida.pdf\" target=\"_blank\" rel=\"noreferrer noopener\">B\u00e1rbara Emanuela de Almeida<\/a><\/td><td>ESTUDO SOBRE A ENERGIA E\u00d3LICA NO BrazIL<\/td><td>Gustavo Leal Teixeira<\/td><\/tr><tr><td><a href=\"..\/tccs\/2021\/TCC-BrunoNogueiraSilva.pdf\" target=\"_blank\" rel=\"noreferrer noopener\">Bruno Nogueira Silva<\/a><\/td><td>DIAGN\u00d3STICO AMBIENTAL DO RIACHO CANABRAVA, DA NASCENTE AT\u00c9 A ESTA\u00c7\u00c3O DE TRATAMENTOS DE EFLUENTES (ETE), NO MUNIC\u00cdPIO DE CORA\u00c7\u00c3O DE JESUS &#8211; MG<\/td><td>J\u00falia Ferreira da Silva<\/td><\/tr><tr><td><a href=\"..\/tccs\/2021\/TCC-CassiaPereiraLima.pdf\" target=\"_blank\" rel=\"noreferrer noopener\">C\u00e1ssia Pereira Lima<\/a><\/td><td>CARACTERIZA\u00c7\u00c3O MORFOM\u00c9TRICA E DO USO E OCUPA\u00c7\u00c3O DO SOLO DA MICROBACIA DO C\u00d3RREGO RIBEIR\u00c3O DE AREIAS, OLHOS D&#8217;\u00c1GUA, MG<\/td><td>J\u00falia Ferreira da Silva<\/td><\/tr><tr><td><a href=\"..\/tccs\/2021\/TCC-EderRamosdaSilva.pdf\" target=\"_blank\" rel=\"noreferrer noopener\">\u00c9der Ramos da Silva<\/a><\/td><td>AVALIA\u00c7\u00c3O DE UM SISTEMA DE IRRIGA\u00c7\u00c3O POR ASPERS\u00c3O CONVENCIONAL<\/td><td>J\u00falia Ferreira da Silva<\/td><\/tr><tr><td><a href=\"..\/tccs\/2021\/TCC-HelderGon\u00e7alvesdeAra\u00fajo.pdf\" target=\"_blank\" rel=\"noreferrer noopener\">Helder Gon\u00e7alves de Ara\u00fajo<\/a><\/td><td>AN\u00c1LISE TEMPORAL DO USO E OCUPA\u00c7\u00c3O DO SOLO EM UMA BACIA HIDROGR\u00c1FICA EM \u00c1REA PRIORIT\u00c1RIA PARA A CONSERVA\u00c7\u00c3O NA REGI\u00c3O NORTE DO ESTADO DE MINAS GERAIS<\/td><td>Fl\u00e1via Mazzer Rodrigues<\/td><\/tr><tr><td><a href=\"..\/tccs\/2021\/TCC-HerleyFelicianoGomes.pdf\" target=\"_blank\" rel=\"noreferrer noopener\">Herley Feliciano Gomes<\/a><\/td><td>IMPLANTA\u00c7\u00c3O DO M\u00c9TODO DE GEST\u00c3O 5S EM PLANTA DE CARBONIZA\u00c7\u00c3O DE EUCALIPTO<\/td><td>J\u00falia Ferreira da Silva<\/td><\/tr><tr><td><a href=\"..\/tccs\/2021\/TCC-Jo\u00e3oEvandrodaFonsecaFilho.pdf\" target=\"_blank\" rel=\"noreferrer noopener\">Jo\u00e3o Evandro da Fonseca Filho<\/a><\/td><td>FUN\u00c7\u00c3O DE PRODU\u00c7\u00c3O DA \u00c1GUA DE DUAS CULTIVARES DO RABANETE<\/td><td>Fl\u00e1vio Gon\u00e7alves de Oliveira<\/td><\/tr><tr><td><a href=\"..\/tccs\/2021\/TCC-Jos\u00e9FranciscoVieiraFilho.pdf\" target=\"_blank\" rel=\"noreferrer noopener\">Jos\u00e9 Francisco Vieira Filho<\/a><\/td><td>AN\u00c1LISE AMBIENTAL DA CACHOEIRA DO RIO ARAPOIM, S\u00c3O JO\u00c3O DA PONTE, MG<\/td><td>J\u00falia Ferreira da Silva<\/td><\/tr><tr><td><a href=\"..\/tccs\/2021\/TCC-M\u00f4nicaTamiresCardosoAra\u00fajo.pdf\" target=\"_blank\" rel=\"noreferrer noopener\">M\u00f4nica Tamires Cardoso Ara\u00fajo<\/a><\/td><td>UTILIZA\u00c7\u00c3O DE SISTEMA FOTOVOLTAICO PARA BOMBEAMENTO DE \u00c1GUA NA IRRIGA\u00c7\u00c3O DE FEIJ\u00c3O-CAUPI NO MUNIC\u00cdPIO DE MONTES CLAROS (MG)<\/td><td>Sidney Pereira<\/td><\/tr><tr><td><a href=\"..\/tccs\/2021\/TCC-ThiagoPazdeAlmeida.pdf\" target=\"_blank\" rel=\"noreferrer noopener\">Thiago Paz de Almeida<\/a><\/td><td>ESTUDO DE CASO SOBRE A COLETA DE RES\u00cdDUOS DE S\u00d3LIDOS ELETR\u00d4NICOS NA CIDADE DE MONTES CLAROS-MG ENTRE OS ANOS DE 2016 A 2021<\/td><td>Sidney Pereira<\/td><\/tr><\/tbody><\/table><\/figure>\n\n\n\n<p><strong>Curso: Engenharia de Alimentos<\/strong><\/p>\n\n\n\n<figure class=\"wp-block-table\"><table><tbody><tr><td><strong>Discente<\/strong><\/td><td><strong>T\u00edtulo<\/strong><\/td><td><strong>Orientador<\/strong><\/td><\/tr><tr><td><a href=\"..\/tccs\/2021\/TCC-DeyseKarolinedeSouzaLima.pdf\" target=\"_blank\" rel=\"noreferrer noopener\">Deyse Karoline de Souza Lima<\/a><\/td><td>CARACTER\u00cdSTICAS F\u00cdSICO-QU\u00cdMICAS DE GR\u00c3OS DE CAF\u00c9 AR\u00c1BICA (Coffea arabica L.) FERMENTADOS POR Lactobacillus plantarum<\/td><td>Gabriela da Rocha Lemos Mendes<\/td><\/tr><tr><td><a href=\"..\/tccs\/2021\/TCC-\u00cdtaloMagnoMatosdeFreitas.pdf\" target=\"_blank\" rel=\"noreferrer noopener\">\u00cdtalo Magno Matos de Freitas<\/a><\/td><td>EMPREGO DO CONTROLE ESTAT\u00cdTICO DE PROCESSOS PARA A OTIMIZA\u00c7\u00c3O DA EXTRA\u00c7\u00c3O DO \u00d3LEO DE BURITI<\/td><td>Bruna Mara Aparecida de Carvalho<\/td><\/tr><tr><td><a href=\"..\/tccs\/2021\/TCC-JoanesPereiraAndradeJ\u00fanior.pdf\" target=\"_blank\" rel=\"noreferrer noopener\">Joanes Pereira Andrade J\u00fanior<\/a><\/td><td>ADES\u00c3O DE Pseudomonas aeruginosa EM GAL\u00d5ES DE POLIPROPILENO E CONTROLE POR SANITIZA\u00c7\u00c3O QU\u00cdMICA<\/td><td>Roberta Torres Careli<\/td><\/tr><tr><td><a href=\"..\/tccs\/2021\/TCC-MartaBatistaRamalho.pdf\" target=\"_blank\" rel=\"noreferrer noopener\">Marta Batista Ramalho<\/a><\/td><td>DETERMINATION OF THREE CRESOL ISOMERS IN SEWAGE SLUDGE BY&nbsp; SOLID-LIQUID EXTRACTION WITH LOW TEMPERATURE PURIFICATION AND GAS CHROMATOGRAPHY-MASS SPECTROMETRY<\/td><td>Gevany Paulino de Pinho<\/td><\/tr><tr><td><a href=\"..\/tccs\/2021\/TCC-WalesskadeSouzaNunes.pdf\" target=\"_blank\" rel=\"noreferrer noopener\">Walesska de Souza Nunes<\/a><\/td><td>EMBALAGENS CELUL\u00d3SICAS PARA PRODUTOS ALIMENT\u00cdCIOS E SUSTENTABILIDADE<\/td><td>\u00c9rika Endo Alves<\/td><\/tr><\/tbody><\/table><\/figure>\n\n\n\n<p><strong>Curso: Engenharia Florestal<\/strong><\/p>\n\n\n\n<figure class=\"wp-block-table\"><table><tbody><tr><td><strong>Discente<\/strong><\/td><td><strong>T\u00edtulo<\/strong><\/td><td><strong>Orientador<\/strong><\/td><\/tr><tr><td><a href=\"..\/tccs\/2021\/TCC-ArianedaSilvaNogueira.pdf\" target=\"_blank\" rel=\"noreferrer noopener\">Ariane da Silva Nogueira<\/a><\/td><td>QUALIDADE F\u00cdSICA E FISIOL\u00d3GICA DE SEMENTES DE Lachesiodendron viridiflorum (Kunth) P.G.Ribeiro et al.<\/td><td>Let\u00edcia Renata de Carvalho<\/td><\/tr><tr><td><a href=\"..\/tccs\/2021\/TCC-CibellePinheiroMourao.pdf\" target=\"_blank\" rel=\"noreferrer noopener\">Cibelle Pinheiro Mour\u00e3o<\/a><\/td><td>TECNOLOGIAS PARA A COLHEITA E PROCESSAMENTO DE MAURITIA FLEXUOSA L. F. EM COMUNIDADES RURAIS DO NORTE DE MINAS<\/td><td>Ernane Ronie Martins<\/td><\/tr><tr><td><a href=\"..\/tccs\/2021\/TCC-EmmyleKatterineSouzaSantos.pdf\" target=\"_blank\" rel=\"noreferrer noopener\">Emmyle Katterine Souza Santos<\/a><\/td><td>ANATOMIA ECOL\u00d3GICA DA MADEIRA DE Guarea kunthiana A. Juss.<\/td><td>Talita Baldin<\/td><\/tr><tr><td><a href=\"..\/tccs\/2021\/TCC-LucasdeJesusFreitas.pdf\" target=\"_blank\" rel=\"noreferrer noopener\">Lucas de Jesus Freitas<\/a><\/td><td>VALORA\u00c7\u00c3O DA MADEIRA PRODUZIDA POR PEQUENOS PRODUTORES FLORESTAIS NO SEMI\u00c1RIDO MINEIRO<\/td><td>Stanley Schettino<\/td><\/tr><tr><td><a href=\"..\/tccs\/2021\/TCC-NailaThaianeRodriguesLeao.pdf\" target=\"_blank\" rel=\"noreferrer noopener\">Naila Thaiane Rodrigues Le\u00e3o<\/a><\/td><td>COMPORTAMENTO DE DIFERENTES ABORDAGENS NA MODELAGEM DE RELA\u00c7\u00c3O HIPSOM\u00c9TRICA NA PRESEN\u00c7A DE Outliers<\/td><td>Christian Dias Cabacinha<\/td><\/tr><tr><td><a href=\"..\/tccs\/2021\/TCC-RamonDiegoLimaPaiva.pdf\" target=\"_blank\" rel=\"noreferrer noopener\">Ramon Diego Lima Paiva<\/a><\/td><td>CARACTERIZA\u00c7\u00c3O DO PERFIL DOS TRABALHADORES E DAS CONDI\u00c7\u00d5ES DE TRABALHO NAS ATIVIDADES SEMIMECANIZADAS DE IMPLANTA\u00c7\u00c3O FLORESTAL E TRATOS CULTURAIS EM REGI\u00d5ES MONTANHOSAS<\/td><td>Stanley Schettino<\/td><\/tr><tr><td><a href=\"..\/tccs\/2021\/TCC-ThaisSalesGon\u00e7alves.pdf\" target=\"_blank\" rel=\"noreferrer noopener\">Thais Sales Gon\u00e7alves<\/a><\/td><td>DETERMINA\u00c7\u00c3O DAS VARI\u00c1VEIS DE INFLU\u00caNCIA SOBRE A EFICI\u00caNCIA ENERG\u00c9TICA NO TRANSPORTE DE MADEIRA<\/td><td>Stanley Schettino<\/td><\/tr><tr><td><a href=\"..\/tccs\/2021\/TCC-ThiagoRuasSouto.pdf\" target=\"_blank\" rel=\"noreferrer noopener\">Thiago Ruas Souto<\/a><\/td><td>MONITORAMENTO REMOTO COMO FERRAMENTA PARA DETEC\u00c7\u00c3O DE INC\u00caNDIOS FLORESTAIS<\/td><td>Stanley Schettino<\/td><\/tr><\/tbody><\/table><\/figure>\n\n\n\n<p><strong>Curso: Zootecnia<\/strong><\/p>\n\n\n\n<figure class=\"wp-block-table\"><table><tbody><tr><td><strong>Discente<\/strong><\/td><td><strong>T\u00edtulo<\/strong><\/td><td><strong>Orientador<\/strong><\/td><\/tr><tr><td><a href=\"..\/tccs\/2021\/TCC-DanielDantasPereira.pdf\" target=\"_blank\" rel=\"noreferrer noopener\">Daniel Dantas Pereira<\/a><\/td><td>OVOS F\u00c9RTEIS DE CODORNAS EUROPEIAS SUBMETIDOS A DIFERENTES TEMPOS E TEMPERATURA DE ARMAZENAMENTO<\/td><td>Fabiana Ferreira<\/td><\/tr><tr><td><a href=\"..\/tccs\/2021\/TCC-EdnarAntunesSales.pdf\" target=\"_blank\" rel=\"noreferrer noopener\">Ednar Antunes Sales<\/a><\/td><td>BEM-ESTAR NA PRODU\u00c7\u00c3O DE AVES POEDEIRAS &#8211; REVIS\u00c3O DE LITERATURA<\/td><td>Cristina Maria Lima S\u00e1 Fortes<\/td><\/tr><tr><td><a href=\"..\/tccs\/2021\/TCC-IsabelRodriguesMatinhoMaia.pdf\" target=\"_blank\" rel=\"noreferrer noopener\">Isabel Rodrigues Matinho Maia<\/a><\/td><td>QUALIDADE DE OVOS DE CODORNAS EUROPEIAS SOB TRATAMENTO SUPERFICIAL DA CASCA<\/td><td>Fabiana Ferreira<\/td><\/tr><tr><td><a href=\"..\/tccs\/2021\/TCC-Jo\u00e3oVitorSantanaPrates.pdf\" target=\"_blank\" rel=\"noreferrer noopener\">Jo\u00e3o Vitor Santana Prates<\/a><\/td><td>VINAGRE DE MA\u00c7\u00c3 COMO FONTE DE \u00c1CIDO ORG\u00c2NICO SOBRE O DESEMPENHO DE CODORNAS DE CORTE<\/td><td>Fabiana Ferreira<\/td><\/tr><tr><td><a href=\"..\/tccs\/2021\/TCC-LarissaCristianePereiraArruda.pdf\" target=\"_blank\" rel=\"noreferrer noopener\">Larissa Cristiane Pereira Arruda<\/a><\/td><td>EFEITOS DA FARINHA DE T\u00e9nebrio molitor SOBRE OS PAR\u00c2METROS HEP\u00c1TICOS DE CAMUNDONGOS OBESOS INDUZIDOS POR DIETA HIPERLIP\u00cdDICA<\/td><td>S\u00e9rgio Henrique Sousa Santos<\/td><\/tr><tr><td><a href=\"..\/tccs\/2021\/TCC-MatheusOliveiradosAnjos.pdf\" target=\"_blank\" rel=\"noreferrer noopener\">Matheus Oliveira dos Anjos<\/a><\/td><td>ESTUDO DE CASO: VIABILIDADE FINANCEIRA DA CRIA\u00c7\u00c3O DE EQUINOS MANGALARGA MARCHADOR EM HARAS DO NORTE DE MINAS GERAIS<\/td><td>Fl\u00e1vio Gon\u00e7alves de Oliveira<\/td><\/tr><tr><td><a href=\"..\/tccs\/2021\/TCC-MatheusPereiraLima.pdf\" target=\"_blank\" rel=\"noreferrer noopener\">Matheus Pereira Lima<\/a><\/td><td>EFEITOS DA ADUBA\u00c7\u00c3O NITROGENADA EM PLANTAS FORRAGEIRAS: UMA REVIS\u00c3O<\/td><td>Thiago Gomes dos Santos Braz<\/td><\/tr><tr><td><a href=\"..\/tccs\/2021\/TCC-PauloHenriqueSoaresMaia.pdf\" target=\"_blank\" rel=\"noreferrer noopener\">Paulo Henrique Soares Maia<\/a><\/td><td>ALIMENTOS ALTERNATIVOS NA CRIA\u00c7\u00c3O DE BEZERROS LEITEIROS AT\u00c9 O DESMAME: REVIS\u00c3O DE LITERATURA<\/td><td>Eduardo Robson Duarte<\/td><\/tr><tr><td><a href=\"..\/tccs\/2021\/TCC-RaphaelColomboGaspar.pdf\" target=\"_blank\" rel=\"noreferrer noopener\">Raphael Colombo Gaspar<\/a><\/td><td>MEDIDAS MORFOM\u00c9TRICAS EM OVINOS ALIMENTADOS COM N\u00cdVEIS CRESCENTES DE FARELO DE GIRASSOL<\/td><td>Let\u00edcia Ferrari Crocomo<\/td><\/tr><tr><td><a href=\"..\/tccs\/2021\/TCC-StephaneAlverinaBriguenteDaMotta.pdf\" target=\"_blank\" rel=\"noreferrer noopener\">Stephane Alverina Briguente Da Motta<\/a><\/td><td>ARABINASES E XILANASES E GR\u00c3OS SECOS DESTILADOS COM SOL\u00daVEIS PARA SU\u00cdNOS EM CRESCIMENTO: DIGESTIBILIDADE E METABOLISMO<\/td><td>Bruno Alexander Nunes Silva<\/td><\/tr><tr><td><a href=\"..\/tccs\/2021\/TCC-TawanyKathleenCostaCardoso.pdf\">Tawany Kathleen Costa Cardoso<\/a><\/td><td>AN\u00c1LISE ECON\u00d4MICA DE COPRODUTOS DA BANANICULTURA NA ALIMENTA\u00c7\u00c3O DE CORDEIROS<\/td><td>Luciana Castro Geraseev<\/td><\/tr><tr><td><a href=\"..\/tccs\/2021\/TCC-TulioCezarCaiafadeAlkmim.pdf\" target=\"_blank\" rel=\"noreferrer noopener\">Tulio Cezar Caiafa de Alkmim<\/a><\/td><td>DESEMPENHO E CIN\u00c9TICA DE COMPORTAMENTO ALIMENTAR DE SU\u00cdNOS DE LINHAGEM COMERCIAL, PORCO DO CERRADO E RA\u00c7A PIAU EM FASE DE CRESCIMENTO<\/td><td>Bruno Alexander Nunes Silva<\/td><\/tr><\/tbody><\/table><\/figure>\n","protected":false},"excerpt":{"rendered":"<p>Trabalhos de Conclus\u00e3o de Curso Ano: 2021 Curso: Administra\u00e7\u00e3o Discente T\u00edtulo Orientador Ane Caroline Pereira Alves INOVA\u00c7\u00d5ES NO SISTEMA \u00daNICO DE SA\u00daDE: UMA REVIS\u00c3O BIBLIOM\u00c9TRICA DE LITERATURA SOBRE O USO DE TECNOLOGIAS DA INFORMA\u00c7\u00c3O E COMUNICA\u00c7\u00c3O NO APOIO \u00c0 GEST\u00c3O \u2013 2011 A 2020 Giovanni Campos Fonseca Ane Karoline Rocha Rodrigues GEST\u00c3O EMPRESARIAL: OS DESAFIOS [&hellip;]<\/p>\n","protected":false},"author":3,"featured_media":0,"parent":0,"menu_order":0,"comment_status":"closed","ping_status":"closed","template":"","meta":[],"acf":[],"_links":{"self":[{"href":"https:\/\/www.ufmg.br\/montesclaros\/wp-json\/wp\/v2\/pages\/1121"}],"collection":[{"href":"https:\/\/www.ufmg.br\/montesclaros\/wp-json\/wp\/v2\/pages"}],"about":[{"href":"https:\/\/www.ufmg.br\/montesclaros\/wp-json\/wp\/v2\/types\/page"}],"author":[{"embeddable":true,"href":"https:\/\/www.ufmg.br\/montesclaros\/wp-json\/wp\/v2\/users\/3"}],"replies":[{"embeddable":true,"href":"https:\/\/www.ufmg.br\/montesclaros\/wp-json\/wp\/v2\/comments?post=1121"}],"version-history":[{"count":3,"href":"https:\/\/www.ufmg.br\/montesclaros\/wp-json\/wp\/v2\/pages\/1121\/revisions"}],"predecessor-version":[{"id":2157,"href":"https:\/\/www.ufmg.br\/montesclaros\/wp-json\/wp\/v2\/pages\/1121\/revisions\/2157"}],"wp:attachment":[{"href":"https:\/\/www.ufmg.br\/montesclaros\/wp-json\/wp\/v2\/media?parent=1121"}],"curies":[{"name":"wp","href":"https:\/\/api.w.org\/{rel}","templated":true}]}}