{"id":1205,"date":"2024-07-10T11:05:20","date_gmt":"2024-07-10T14:05:20","guid":{"rendered":"https:\/\/www.ufmg.br\/montesclaros\/?page_id=1205"},"modified":"2024-07-10T11:05:20","modified_gmt":"2024-07-10T14:05:20","slug":"exame-especial","status":"publish","type":"page","link":"https:\/\/www.ufmg.br\/montesclaros\/exame-especial\/","title":{"rendered":"Exame Especial"},"content":{"rendered":"\n<p>De acordo com art. 15 da <a href=\"https:\/\/www.ufmg.br\/montesclaros\/wp-content\/uploads\/2022\/08\/Resolucao-Complementar-n-01-2018-NORMAS-GERAIS-DE-GRADUACAO.pdf\" data-type=\"URL\" data-id=\"https:\/\/www.ufmg.br\/montesclaros\/wp-content\/uploads\/2022\/08\/Resolucao-Complementar-n-01-2018-NORMAS-GERAIS-DE-GRADUACAO.pdf\" target=\"_blank\" rel=\"noreferrer noopener\"><u>Resolu\u00e7\u00e3o Complementar CEPE\/UFMG n\u00ba 01\/2018<\/u><\/a>, \u201ca atividade acad\u00eamica curricular poder\u00e1, a crit\u00e9rio da C\u00e2mara Departamental ou da estrutura equivalente, prever a possibilidade de exame especial para estudante que nela obtiver conceito \u201cE\u201d (nota total entre 40 (quarenta) e 59 (cinquenta e nove) pontos durante per\u00edodo letivo) e assiduidade suficiente.<\/p>\n\n\n\n<p>O exame especial deve ser valorado em 100 (cem) pontos.<\/p>\n\n\n\n<p>Para os(as) estudantes que realizarem o exame especial, \u201ca nota final da atividade acad\u00eamica curricular ser\u00e1:<\/p>\n\n\n\n<p>I &#8211; igual a 60 (sessenta), caso a nota no exame especial seja maior que ou igual a 60 (sessenta);<\/p>\n\n\n\n<p>II &#8211; igual \u00e0 do exame especial, caso esta seja menor que 60 (sessenta) e maior que a nota anterior; e<\/p>\n\n\n\n<p>III &#8211; igual \u00e0 nota anterior, caso esta seja maior que a do exame especial.\u201d<\/p>\n\n\n\n<p>O exame especial n\u00e3o pode mais ser usado para melhorar a nota final na AAC. Ou seja, estudantes que atingirem nota igual ou superior a 60 (sessenta) pontos durante o per\u00edodo letivo n\u00e3o podem mais realizar o exame especial.<\/p>\n\n\n\n<p>Para mais informa\u00e7\u00f5es acesse o <a href=\"https:\/\/www.ufmg.br\/montesclaros\/wp-content\/uploads\/2022\/08\/Oficio-Circular-n-04-2019-PROGRAD-UFMG.pdf\" data-type=\"URL\" data-id=\"https:\/\/www.ufmg.br\/montesclaros\/wp-content\/uploads\/2022\/08\/Oficio-Circular-n-04-2019-PROGRAD-UFMG.pdf\" target=\"_blank\" rel=\"noreferrer noopener\"><u>Oficio Circular N\u00ba 04\/2019\/PROGRAD\/UFMG<\/u><\/a>, que regulamenta o Exame Especial.<\/p>\n","protected":false},"excerpt":{"rendered":"<p>De acordo com art. 15 da Resolu\u00e7\u00e3o Complementar CEPE\/UFMG n\u00ba 01\/2018, \u201ca atividade acad\u00eamica curricular poder\u00e1, a crit\u00e9rio da C\u00e2mara Departamental ou da estrutura equivalente, prever a possibilidade de exame especial para estudante que nela obtiver conceito \u201cE\u201d (nota total entre 40 (quarenta) e 59 (cinquenta e nove) pontos durante per\u00edodo letivo) e assiduidade suficiente. [&hellip;]<\/p>\n","protected":false},"author":3,"featured_media":0,"parent":0,"menu_order":0,"comment_status":"closed","ping_status":"closed","template":"","meta":[],"acf":[],"_links":{"self":[{"href":"https:\/\/www.ufmg.br\/montesclaros\/wp-json\/wp\/v2\/pages\/1205"}],"collection":[{"href":"https:\/\/www.ufmg.br\/montesclaros\/wp-json\/wp\/v2\/pages"}],"about":[{"href":"https:\/\/www.ufmg.br\/montesclaros\/wp-json\/wp\/v2\/types\/page"}],"author":[{"embeddable":true,"href":"https:\/\/www.ufmg.br\/montesclaros\/wp-json\/wp\/v2\/users\/3"}],"replies":[{"embeddable":true,"href":"https:\/\/www.ufmg.br\/montesclaros\/wp-json\/wp\/v2\/comments?post=1205"}],"version-history":[{"count":1,"href":"https:\/\/www.ufmg.br\/montesclaros\/wp-json\/wp\/v2\/pages\/1205\/revisions"}],"predecessor-version":[{"id":1206,"href":"https:\/\/www.ufmg.br\/montesclaros\/wp-json\/wp\/v2\/pages\/1205\/revisions\/1206"}],"wp:attachment":[{"href":"https:\/\/www.ufmg.br\/montesclaros\/wp-json\/wp\/v2\/media?parent=1205"}],"curies":[{"name":"wp","href":"https:\/\/api.w.org\/{rel}","templated":true}]}}

<p>De acordo com art. 15 da <a href="https://www.ufmg.br/montesclaros/wp-content/uploads/2022/08/Resolucao-Complementar-n-01-2018-NORMAS-GERAIS-DE-GRADUACAO.pdf" data-type="URL" data-id="https://www.ufmg.br/montesclaros/wp-content/uploads/2022/08/Resolucao-Complementar-n-01-2018-NORMAS-GERAIS-DE-GRADUACAO.pdf" target="_blank" rel="noreferrer noopener"><u>Resolução Complementar CEPE/UFMG nº 01/2018</u></a>, “a atividade acadêmica curricular poderá, a critério da Câmara Departamental ou da estrutura equivalente, prever a possibilidade de exame especial para estudante que nela obtiver conceito “E” (nota total entre 40 (quarenta) e 59 (cinquenta e nove) pontos durante período letivo) e assiduidade suficiente.</p>



<p>O exame especial deve ser valorado em 100 (cem) pontos.</p>



<p>Para os(as) estudantes que realizarem o exame especial, “a nota final da atividade acadêmica curricular será:</p>



<p>I &#8211; igual a 60 (sessenta), caso a nota no exame especial seja maior que ou igual a 60 (sessenta);</p>



<p>II &#8211; igual à do exame especial, caso esta seja menor que 60 (sessenta) e maior que a nota anterior; e</p>



<p>III &#8211; igual à nota anterior, caso esta seja maior que a do exame especial.”</p>



<p>O exame especial não pode mais ser usado para melhorar a nota final na AAC. Ou seja, estudantes que atingirem nota igual ou superior a 60 (sessenta) pontos durante o período letivo não podem mais realizar o exame especial.</p>



<p>Para mais informações acesse o <a href="https://www.ufmg.br/montesclaros/wp-content/uploads/2022/08/Oficio-Circular-n-04-2019-PROGRAD-UFMG.pdf" data-type="URL" data-id="https://www.ufmg.br/montesclaros/wp-content/uploads/2022/08/Oficio-Circular-n-04-2019-PROGRAD-UFMG.pdf" target="_blank" rel="noreferrer noopener"><u>Oficio Circular Nº 04/2019/PROGRAD/UFMG</u></a>, que regulamenta o Exame Especial.</p>

<p>De acordo com art. 15 da Resolução Complementar CEPE/UFMG nº 01/2018, “a atividade acadêmica curricular poderá, a critério da Câmara Departamental ou da estrutura equivalente, prever a possibilidade de exame especial para estudante que nela obtiver conceito “E” (nota total entre 40 (quarenta) e 59 (cinquenta e nove) pontos durante período letivo) e assiduidade suficiente. [&hellip;]</p>
