{"id":1232,"date":"2024-07-10T13:18:11","date_gmt":"2024-07-10T16:18:11","guid":{"rendered":"https:\/\/www.ufmg.br\/montesclaros\/?page_id=1232"},"modified":"2024-07-10T13:18:11","modified_gmt":"2024-07-10T16:18:11","slug":"comprovante-de-matricula","status":"publish","type":"page","link":"https:\/\/www.ufmg.br\/montesclaros\/comprovante-de-matricula\/","title":{"rendered":"Comprovante de Matr\u00edcula"},"content":{"rendered":"\n<p>O estudante dever\u00e1 gerar o documento atrav\u00e9s do MinhaUFMG, at\u00e9 a data correspondente a 1\/3 do per\u00edodo letivo, em SIGA UFMG: Acesso para alunos de gradua\u00e7\u00e3o &#8211; Meus documentos autentic\u00e1veis, podendo ser validado atrav\u00e9s de um c\u00f3digo de autentica\u00e7\u00e3o e QR Code. Sugerimos que o documento seja salvo pelo estudante, uma vez que n\u00e3o permanece dispon\u00edvel no sistema durante todo o semestre.<\/p>\n\n\n\n<p>Para d\u00favidas e outras orienta\u00e7\u00f5es, entre em contato com a <a href=\"https:\/\/www.ica.ufmg.br\/?ica=secao-de-ensino\">Se\u00e7\u00e3o de Ensino.<\/a><\/p>\n","protected":false},"excerpt":{"rendered":"<p>O estudante dever\u00e1 gerar o documento atrav\u00e9s do MinhaUFMG, at\u00e9 a data correspondente a 1\/3 do per\u00edodo letivo, em SIGA UFMG: Acesso para alunos de gradua\u00e7\u00e3o &#8211; Meus documentos autentic\u00e1veis, podendo ser validado atrav\u00e9s de um c\u00f3digo de autentica\u00e7\u00e3o e QR Code. Sugerimos que o documento seja salvo pelo estudante, uma vez que n\u00e3o permanece [&hellip;]<\/p>\n","protected":false},"author":3,"featured_media":0,"parent":0,"menu_order":0,"comment_status":"closed","ping_status":"closed","template":"","meta":[],"acf":[],"_links":{"self":[{"href":"https:\/\/www.ufmg.br\/montesclaros\/wp-json\/wp\/v2\/pages\/1232"}],"collection":[{"href":"https:\/\/www.ufmg.br\/montesclaros\/wp-json\/wp\/v2\/pages"}],"about":[{"href":"https:\/\/www.ufmg.br\/montesclaros\/wp-json\/wp\/v2\/types\/page"}],"author":[{"embeddable":true,"href":"https:\/\/www.ufmg.br\/montesclaros\/wp-json\/wp\/v2\/users\/3"}],"replies":[{"embeddable":true,"href":"https:\/\/www.ufmg.br\/montesclaros\/wp-json\/wp\/v2\/comments?post=1232"}],"version-history":[{"count":1,"href":"https:\/\/www.ufmg.br\/montesclaros\/wp-json\/wp\/v2\/pages\/1232\/revisions"}],"predecessor-version":[{"id":1233,"href":"https:\/\/www.ufmg.br\/montesclaros\/wp-json\/wp\/v2\/pages\/1232\/revisions\/1233"}],"wp:attachment":[{"href":"https:\/\/www.ufmg.br\/montesclaros\/wp-json\/wp\/v2\/media?parent=1232"}],"curies":[{"name":"wp","href":"https:\/\/api.w.org\/{rel}","templated":true}]}}