{"id":1889,"date":"2024-10-25T08:49:00","date_gmt":"2024-10-25T11:49:00","guid":{"rendered":"https:\/\/www.ufmg.br\/montesclaros\/?page_id=1889"},"modified":"2024-10-25T08:49:00","modified_gmt":"2024-10-25T11:49:00","slug":"secao-de-psicologia-e-servico-social","status":"publish","type":"page","link":"https:\/\/www.ufmg.br\/montesclaros\/secao-de-psicologia-e-servico-social\/","title":{"rendered":"Se\u00e7\u00e3o de Psicologia e Servi\u00e7o Social"},"content":{"rendered":"<div ><style>#sp-ea-1888 .spcollapsing { height: 0; overflow: hidden; transition-property: height;transition-duration: 300ms;}#sp-ea-1888.sp-easy-accordion>.sp-ea-single {border: 1px solid #e2e2e2; }#sp-ea-1888.sp-easy-accordion>.sp-ea-single>.ea-header a {color: #444;}#sp-ea-1888.sp-easy-accordion>.sp-ea-single>.sp-collapse>.ea-body {background: #fff; color: #444;}#sp-ea-1888.sp-easy-accordion>.sp-ea-single {background: #eee;}#sp-ea-1888.sp-easy-accordion>.sp-ea-single>.ea-header a .ea-expand-icon.fa { float: left; color: #444;font-size: 16px;}<\/style><div id=\"sp_easy_accordion-1729856592\"><div id=\"sp-ea-1888\" class=\"sp-ea-one sp-easy-accordion\" data-ex-icon=\"fa-minus\" data-col-icon=\"fa-plus\"  data-ea-active=\"ea-click\"  data-ea-mode=\"vertical\" data-preloader=\"\" data-scroll-active-item=\"\" data-offset-to-scroll=\"0\"><div class=\"ea-card ea-expand sp-ea-single\"><h3 class=\"ea-header\"><a class=\"collapsed\" data-sptoggle=\"spcollapse\" data-sptarget=#collapse18880 href=\"javascript:void(0)\"  aria-expanded=\"true\"><i class=\"ea-expand-icon fa fa-minus\"><\/i> Psicologia<\/a><\/h3><div class=\"sp-collapse spcollapse collapsed show\" id=\"collapse18880\" data-parent=#sp-ea-1888><div class=\"ea-body\"><p>O setor de Psicologia atua no \u00e2mbito da educa\u00e7\u00e3o, sa\u00fade, trabalho e intera\u00e7\u00e3o social com o objetivo de propiciar ao indiv\u00edduo melhor conhecimento de si mesmo, melhor adapta\u00e7\u00e3o ao trabalho e bem estar, considerando sua individualidade, interesses e possibilidades.<\/p>\n<p>Psic\u00f3loga respons\u00e1vel: Elaine Barreto Gama Emediato<\/p>\n<p>(38) 2101-7709<\/p>\n<p>e-mail: elainebarreto@yahoo.com.br<\/p>\n<p>Atendimento: 7:30 \u00e0s 16:30<\/p>\n<\/div><\/div><\/div><div class=\"ea-card  sp-ea-single\"><h3 class=\"ea-header\"><a class=\"collapsed\" data-sptoggle=\"spcollapse\" data-sptarget=#collapse18881 href=\"javascript:void(0)\"  aria-expanded=\"false\"><i class=\"ea-expand-icon fa fa-plus\"><\/i> Servi\u00e7o Social<\/a><\/h3><div class=\"sp-collapse spcollapse \" id=\"collapse18881\" data-parent=#sp-ea-1888><div class=\"ea-body\"><p>O setor de Servi\u00e7o Social busca identificar quest\u00f5es sociais no ambiente de trabalho buscando a garantia de direitos, incentivando a participa\u00e7\u00e3o dos trabalhadores em atividades voltadas a sa\u00fade integral, estilo de vida e pol\u00edtica organizacional, compondo equipe multiprofissional para desenvolvimento de atividades voltadas \u00e0 preven\u00e7\u00e3o e promo\u00e7\u00e3o a sa\u00fade dos trabalhadores e da comunidade acad\u00eamica, bem como apoio a a\u00e7\u00f5es culturais e de direitos humanos.<\/p>\n<p>&nbsp;<\/p>\n<p>Assistente Social respons\u00e1vel: Michely Gon\u00e7alves Mota de Souza<\/p>\n<p>(38) 2101-7784<\/p>\n<p>e-mail: michely_mota@yahoo.com.br<\/p>\n<p>Atendimento: 07:30h \u00e0s 15:30<\/p>\n<\/div><\/div><\/div><\/div><\/div><\/div>","protected":false},"excerpt":{"rendered":"","protected":false},"author":3,"featured_media":0,"parent":0,"menu_order":0,"comment_status":"closed","ping_status":"closed","template":"","meta":[],"acf":[],"_links":{"self":[{"href":"https:\/\/www.ufmg.br\/montesclaros\/wp-json\/wp\/v2\/pages\/1889"}],"collection":[{"href":"https:\/\/www.ufmg.br\/montesclaros\/wp-json\/wp\/v2\/pages"}],"about":[{"href":"https:\/\/www.ufmg.br\/montesclaros\/wp-json\/wp\/v2\/types\/page"}],"author":[{"embeddable":true,"href":"https:\/\/www.ufmg.br\/montesclaros\/wp-json\/wp\/v2\/users\/3"}],"replies":[{"embeddable":true,"href":"https:\/\/www.ufmg.br\/montesclaros\/wp-json\/wp\/v2\/comments?post=1889"}],"version-history":[{"count":1,"href":"https:\/\/www.ufmg.br\/montesclaros\/wp-json\/wp\/v2\/pages\/1889\/revisions"}],"predecessor-version":[{"id":1890,"href":"https:\/\/www.ufmg.br\/montesclaros\/wp-json\/wp\/v2\/pages\/1889\/revisions\/1890"}],"wp:attachment":[{"href":"https:\/\/www.ufmg.br\/montesclaros\/wp-json\/wp\/v2\/media?parent=1889"}],"curies":[{"name":"wp","href":"https:\/\/api.w.org\/{rel}","templated":true}]}}

Seção de Psicologia e Serviço Social

<div ><style>#sp-ea-1888 .spcollapsing { height: 0; overflow: hidden; transition-property: height;transition-duration: 300ms;}#sp-ea-1888.sp-easy-accordion>.sp-ea-single {border: 1px solid #e2e2e2; }#sp-ea-1888.sp-easy-accordion>.sp-ea-single>.ea-header a {color: #444;}#sp-ea-1888.sp-easy-accordion>.sp-ea-single>.sp-collapse>.ea-body {background: #fff; color: #444;}#sp-ea-1888.sp-easy-accordion>.sp-ea-single {background: #eee;}#sp-ea-1888.sp-easy-accordion>.sp-ea-single>.ea-header a .ea-expand-icon.fa { float: left; color: #444;font-size: 16px;}</style><div id="sp_easy_accordion-1729856592"><div id="sp-ea-1888" class="sp-ea-one sp-easy-accordion" data-ex-icon="fa-minus" data-col-icon="fa-plus"  data-ea-active="ea-click"  data-ea-mode="vertical" data-preloader="" data-scroll-active-item="" data-offset-to-scroll="0"><div class="ea-card ea-expand sp-ea-single"><h3 class="ea-header"><a class="collapsed" data-sptoggle="spcollapse" data-sptarget=#collapse18880 href="javascript:void(0)"  aria-expanded="true"><i class="ea-expand-icon fa fa-minus"></i> Psicologia</a></h3><div class="sp-collapse spcollapse collapsed show" id="collapse18880" data-parent=#sp-ea-1888><div class="ea-body"><p>O setor de Psicologia atua no âmbito da educação, saúde, trabalho e interação social com o objetivo de propiciar ao indivíduo melhor conhecimento de si mesmo, melhor adaptação ao trabalho e bem estar, considerando sua individualidade, interesses e possibilidades.</p>
<p>Psicóloga responsável: Elaine Barreto Gama Emediato</p>
<p>(38) 2101-7709</p>
<p>e-mail: elainebarreto@yahoo.com.br</p>
<p>Atendimento: 7:30 às 16:30</p>
</div></div></div><div class="ea-card  sp-ea-single"><h3 class="ea-header"><a class="collapsed" data-sptoggle="spcollapse" data-sptarget=#collapse18881 href="javascript:void(0)"  aria-expanded="false"><i class="ea-expand-icon fa fa-plus"></i> Serviço Social</a></h3><div class="sp-collapse spcollapse " id="collapse18881" data-parent=#sp-ea-1888><div class="ea-body"><p>O setor de Serviço Social busca identificar questões sociais no ambiente de trabalho buscando a garantia de direitos, incentivando a participação dos trabalhadores em atividades voltadas a saúde integral, estilo de vida e política organizacional, compondo equipe multiprofissional para desenvolvimento de atividades voltadas à prevenção e promoção a saúde dos trabalhadores e da comunidade acadêmica, bem como apoio a ações culturais e de direitos humanos.</p>
<p>&nbsp;</p>
<p>Assistente Social responsável: Michely Gonçalves Mota de Souza</p>
<p>(38) 2101-7784</p>
<p>e-mail: michely_mota@yahoo.com.br</p>
<p>Atendimento: 07:30h às 15:30</p>
</div></div></div></div></div></div>
