{"id":311,"date":"2024-03-22T10:32:08","date_gmt":"2024-03-22T13:32:08","guid":{"rendered":"http:\/\/sites-hml.dti.ufmg.br\/ica\/ica-novo\/?page_id=311"},"modified":"2024-03-22T10:32:08","modified_gmt":"2024-03-22T13:32:08","slug":"centro-de-comunicacao","status":"publish","type":"page","link":"https:\/\/www.ufmg.br\/montesclaros\/centro-de-comunicacao\/","title":{"rendered":"Centro de Comunica\u00e7\u00e3o"},"content":{"rendered":"<div ><style>#sp-ea-310 .spcollapsing { height: 0; overflow: hidden; transition-property: height;transition-duration: 300ms;}#sp-ea-310.sp-easy-accordion>.sp-ea-single {border: 1px solid #e2e2e2; }#sp-ea-310.sp-easy-accordion>.sp-ea-single>.ea-header a {color: #444;}#sp-ea-310.sp-easy-accordion>.sp-ea-single>.sp-collapse>.ea-body {background: #fff; color: #444;}#sp-ea-310.sp-easy-accordion>.sp-ea-single {background: #eee;}#sp-ea-310.sp-easy-accordion>.sp-ea-single>.ea-header a .ea-expand-icon.fa { float: left; color: #444;font-size: 16px;}<\/style><div id=\"sp_easy_accordion-1711114243\"><div id=\"sp-ea-310\" class=\"sp-ea-one sp-easy-accordion\" data-ex-icon=\"fa-minus\" data-col-icon=\"fa-plus\"  data-ea-active=\"ea-click\"  data-ea-mode=\"vertical\" data-preloader=\"\" data-scroll-active-item=\"\" data-offset-to-scroll=\"0\"><div class=\"ea-card ea-expand sp-ea-single\"><h3 class=\"ea-header\"><a class=\"collapsed\" data-sptoggle=\"spcollapse\" data-sptarget=#collapse3100 href=\"javascript:void(0)\"  aria-expanded=\"true\"><i class=\"ea-expand-icon fa fa-minus\"><\/i> Apresenta\u00e7\u00e3o<\/a><\/h3><div class=\"sp-collapse spcollapse collapsed show\" id=\"collapse3100\" data-parent=#sp-ea-310><div class=\"ea-body\"><p>O Centro de Comunica\u00e7\u00e3o da UFMG (Cedecom)\u00a0\u00e9 a principal estrutura de comunica\u00e7\u00e3o institucional da Universidade, \u00f3rg\u00e3o auxiliar da Reitoria da UFMG,\u00a0e tem entre suas atribui\u00e7\u00f5es contribuir para que os programas, projetos e a\u00e7\u00f5es da UFMG nas \u00e1reas de ensino, pesquisa e extens\u00e3o se tornem conhecidos pela sociedade\u00a0e zelar pela imagem institucional. Para atingir seus objetivos institucionais, o Cedecom atua por meio de suas m\u00eddias e servi\u00e7os oferecidos \u00e0 comunidade acad\u00eamica, em uma perspectiva integrada.<\/p>\n<p><strong class=\"redactor-inline-converted\">Documentos:<\/strong><br \/>\n\u2013\u00a0<a href=\"https:\/\/ufmg.br\/storage\/e\/7\/a\/0\/e7a05e10b3fff17073890379e73ae9a8_16177345089237_1530595003.pdf\" target=\"_blank\" rel=\"external noopener\">Resolu\u00e7\u00e3o que institui o\u00a0Cedecom<\/a>, de 25 de mar\u00e7o de 2021.<br \/>\n\u2013\u00a0<a href=\"https:\/\/ufmg.br\/storage\/a\/9\/b\/6\/a9b61c07c71bb8d867c9039607e6cae6_16288972093602_998543238.pdf\" target=\"_blank\" rel=\"external noopener\">Regimento interno do Cedecom<\/a>, de 15 de abril de 2021.<br \/>\n\u2013\u00a0<a href=\"https:\/\/ufmg.br\/storage\/f\/5\/4\/4\/f544936607fa35ebcb19a15cbd7e4eed_16816995050375_337766259.pdf\" target=\"_blank\" rel=\"external noopener\">Resolu\u00e7\u00e3o que estabelece a Pol\u00edtica de Comunica\u00e7\u00e3o<\/a>, de 30 de mar\u00e7o de 2023.<\/p>\n<p>O Centro de Comunica\u00e7\u00e3o (Cedecom) do Instituto de Ci\u00eancias Agr\u00e1rias (ICA) atua com o objetivo de refor\u00e7ar a identidade institucional, garantindo uma boa repercuss\u00e3o das a\u00e7\u00f5es desenvolvidas no\u00a0<em>campus<\/em>\u00a0regional da UFMG em Montes Claros.\u00a0 O Cedecom do ICA se empenha na melhoria dos processos de comunica\u00e7\u00e3o com o p\u00fablico interno e externo, por meio de a\u00e7\u00f5es estrat\u00e9gicas direcionadas a cada um deles.<\/p>\n<p>O Cedecom do ICA possui diferentes frentes de atua\u00e7\u00e3o, das quais se destacam: produ\u00e7\u00e3o de not\u00edcias, relacionamento com a imprensa, eventos vinculados \u00e0 diretoria, desenvolvimento de a\u00e7\u00f5es de comunica\u00e7\u00e3o com a comunidade acad\u00eamica, produ\u00e7\u00e3o e encaminhamento de produtos institucionais de divulga\u00e7\u00e3o, orienta\u00e7\u00f5es em rela\u00e7\u00e3o ao uso da marca e identidade visual da UFMG, entre outras.<br \/>\nPara apoio do Cedecom em atividades institucionais, os crit\u00e9rios para os principais servi\u00e7os de comunica\u00e7\u00e3o est\u00e3o listados na aba \u201cServi\u00e7os\u201d para que os trabalhos sejam bem planejados e atendidos em tempo h\u00e1bil.<\/p>\n<p><strong>Imprensa<\/strong><\/p>\n<p>Os profissionais de imprensa que desejam receber nossos releases, noticiar a\u00e7\u00f5es da institui\u00e7\u00e3o, ou necessitam de sugest\u00e3o de fontes para not\u00edcias, podem nos contatar pelos endere\u00e7os de e-mail e tamb\u00e9m por telefone.<\/p>\n<p><strong>Contatos<\/strong><\/p>\n<p>E-mail: comunica@ica.ufmg.br<br \/>\nTelefone: (38) 2101-7754 \/ (38) 98401-9838<\/p>\n<\/div><\/div><\/div><div class=\"ea-card  sp-ea-single\"><h3 class=\"ea-header\"><a class=\"collapsed\" data-sptoggle=\"spcollapse\" data-sptarget=#collapse3101 href=\"javascript:void(0)\"  aria-expanded=\"false\"><i class=\"ea-expand-icon fa fa-plus\"><\/i> Servi\u00e7os<\/a><\/h3><div class=\"sp-collapse spcollapse \" id=\"collapse3101\" data-parent=#sp-ea-310><div class=\"ea-body\"><p><strong>Orienta\u00e7\u00e3o sobre os servi\u00e7os de comunica\u00e7\u00e3o realizados no ICA\/UFMG<\/strong><\/p>\n<p><strong>Identidade visual<\/strong><\/p>\n<p>A aplica\u00e7\u00e3o de logotipo do ICA deve ter concord\u00e2ncia com as diretrizes do\u00a0<a href=\"https:\/\/www.ufmg.br\/marca\/\" target=\"_blank\" rel=\"noopener\">Manual de Aplica\u00e7\u00e3o de Marca<\/a>\u00a0da Universidade Federal de Minas Gerais (UFMG), que devem ser seguidas em toda a comunica\u00e7\u00e3o institucional, seja em materiais gr\u00e1ficos, apresenta\u00e7\u00f5es e outras situa\u00e7\u00f5es de divulga\u00e7\u00e3o da Universidade. De acordo com o Manual de Marca, \u00f3rg\u00e3os e unidades assinam junto com a marca da UFMG. Portanto, as duas (ICA e UFMG) n\u00e3o podem ser aplicadas separadamente A exce\u00e7\u00e3o serve apenas a materiais para veicula\u00e7\u00e3o interna na Unidade Acad\u00eamica, em que o logotipo da UFMG pode ser suprimido. Para baixar os arquivos das diferentes aplica\u00e7\u00f5es da logo, consulte a\u00a0<a href=\"https:\/\/drive.google.com\/drive\/folders\/1Sf6GCJsaQUFac-sICPRvtBxoEWLnrD-2\" target=\"_blank\" rel=\"noopener\">pasta<\/a>.<\/p>\n<p>Arquivos para download:<\/p>\n<p><a href=\"https:\/\/www.ufmg.br\/montesclaros\/wp-content\/uploads\/2016\/02\/ICA-UFMG.jpg\"><img decoding=\"async\" class=\"alignleft wp-image-3248\" src=\"https:\/\/www.ufmg.br\/montesclaros\/wp-content\/uploads\/2016\/02\/ICA-UFMG.jpg\" alt=\"\" width=\"230\" \/><\/a><a href=\"https:\/\/www.ufmg.br\/montesclaros\/wp-content\/uploads\/2016\/02\/logo_ICA.jpg\"><img decoding=\"async\" class=\"alignleft wp-image-3249\" src=\"https:\/\/www.ufmg.br\/montesclaros\/wp-content\/uploads\/2016\/02\/logo_ICA.jpg\" alt=\"\" width=\"88\" \/><\/a><\/p>\n<p>&nbsp;<\/p>\n<p>&nbsp;<\/p>\n<p><a href=\"https:\/\/www.ufmg.br\/montesclaros\/wp-content\/uploads\/2016\/02\/ICA-UFMG.jpg\" target=\"_blank\" rel=\"noopener\">ICA\/UFMG<\/a>\u00a0 \u00a0 \u00a0 \u00a0 \u00a0 \u00a0 \u00a0 \u00a0 \u00a0 \u00a0 \u00a0 \u00a0 \u00a0 \u00a0 \u00a0 \u00a0 \u00a0 \u00a0 \u00a0 \u00a0 \u00a0 \u00a0 \u00a0\u00a0<a href=\"https:\/\/www.ufmg.br\/montesclaros\/wp-content\/uploads\/2016\/02\/logo_ICA.jpg\" target=\"_blank\" rel=\"noopener\">ICA<\/a><\/p>\n<p><strong>Mapa do campus<\/strong><\/p>\n<p><a href=\"https:\/\/www.ufmg.br\/montesclaros\/wp-content\/uploads\/2016\/02\/mapa-moc-2023.png\"><img decoding=\"async\" loading=\"lazy\" class=\"wp-image-12884 aligncenter\" src=\"https:\/\/www.ufmg.br\/montesclaros\/wp-content\/uploads\/2016\/02\/mapa-moc-2023.png\" alt=\"\" width=\"271\" height=\"239\" \/><\/a><\/p>\n<p>&nbsp;<\/p>\n<p><strong>Jornalismo<\/strong><\/p>\n<p>Para comunicar sugest\u00f5es de pautas, pode ser enviado um e-mail para\u00a0<a href=\"mailto:comunica@ica.ufmg.br\">comunica@ica.ufmg.br<\/a>. O Cedecom do ICA avalia a proposta e analisa sobre sua execu\u00e7\u00e3o de acordo com os interesses p\u00fablicos e coletivos da comunidade interna e externa da Institui\u00e7\u00e3o, assim como a capacidade de atendimento da equipe.<\/p>\n<p>A partir da avalia\u00e7\u00e3o da proposta, quando aceita, s\u00e3o delimitados os canais preferenciais para sua divulga\u00e7\u00e3o, que podem ser por meio de publica\u00e7\u00e3o de not\u00edcia no site do ICA, divulga\u00e7\u00e3o nas redes sociais, pela\u00a0<a href=\"https:\/\/www.facebook.com\/ica.ufmg\/\" target=\"_blank\" rel=\"noopener\"><em>fanpage<\/em>\u00a0do Instituto no Facebook<\/a>\u00a0ou no\u00a0<a href=\"https:\/\/www.instagram.com\/ufmg.montesclaros\/\">Instagram<\/a>, divulga\u00e7\u00e3o para a imprensa, nos murais ou publica\u00e7\u00e3o na \u00e1rea de eventos do site (melhor explicado no t\u00f3pico \u201cdivulga\u00e7\u00e3o de eventos e atividades\u201d).<\/p>\n<p>Podem ser propostas de pautas resultados de pesquisas cient\u00edficas, a\u00e7\u00f5es de extens\u00e3o, eventos e outras atividades institucionais. Solicitamos que a comunica\u00e7\u00e3o das atividades que possuem data estabelecida para realiza\u00e7\u00e3o seja feita, de prefer\u00eancia, com anteced\u00eancia m\u00ednima de cinco dias \u00fateis em rela\u00e7\u00e3o \u00e0 data do evento, in\u00edcio de inscri\u00e7\u00f5es ou a\u00e7\u00e3o a ser noticiada. Desta forma, \u00e9 poss\u00edvel obter melhores resultados na dispers\u00e3o e alcance da informa\u00e7\u00e3o. Para eventos j\u00e1 realizados, a solicita\u00e7\u00e3o deve ser feita em at\u00e9 dois dias ap\u00f3s a sua realiza\u00e7\u00e3o.<\/p>\n<p><strong>Edi\u00e7\u00e3o e atualiza\u00e7\u00e3o do site<\/strong><\/p>\n<p>O Cedecom do ICA atualiza as seguintes se\u00e7\u00f5es do site institucional: not\u00edcias, calend\u00e1rio de eventos e fotos.<\/p>\n<p>Os demais conte\u00fados s\u00e3o alimentados e atualizados pelo\u00a0<a href=\"https:\/\/halley.adm-serv.ufmg.br\/ica\/?setores=secao-de-informatica\" target=\"_blank\" rel=\"noopener\">Setor de Inform\u00e1tica<\/a>, com supervis\u00e3o da\u00a0<a href=\"https:\/\/halley.adm-serv.ufmg.br\/ica\/?setores=planejamento-e-infraestrutura\" target=\"_blank\" rel=\"noopener\">Coordenadoria de Planejamento e Infraestrutura<\/a>.<\/p>\n<p><strong>Registro fotogr\u00e1fico\u00a0<\/strong><\/p>\n<p>O registro fotogr\u00e1fico \u00e9 realizado eventualmente, exclusivamente quando vinculado \u00e0 cobertura jornal\u00edstica. Desta forma, a cobertura fotogr\u00e1fica realizada pelo Cedecom do ICA n\u00e3o cumpre objetivos como registro integral de eventos, registros para relat\u00f3rios e presta\u00e7\u00e3o de contas, registros pessoais, etc.<\/p>\n<p><strong>Divulga\u00e7\u00e3o de eventos e atividades<\/strong><\/p>\n<p>Para divulgar um evento, o solicitante deve enviar os dados abaixo por e-mail, de prefer\u00eancia, com anteced\u00eancia m\u00ednima de cinco dias \u00fateis. O Cedecom do ICA ir\u00e1 analisar e divulgar nos canais mais adequados (site, Facebook, murais, e-mail, entre outros) e de acordo com o perfil e objetivo do evento.<\/p>\n<p>Somente ser\u00e3o divulgados os eventos cujo uso da logomarca institucional no material de divulga\u00e7\u00e3o estiver alinhado \u00e0\u00a0<a href=\"https:\/\/www.ufmg.br\/marca\/\" target=\"_blank\" rel=\"noopener\">identidade visual da UFMG<\/a>.<\/p>\n<p>Nome e descri\u00e7\u00e3o do evento:<br \/>\nOrganizador ou coordenador:<br \/>\nData, hor\u00e1rio e local:<br \/>\nObjetivo:<br \/>\nP\u00fablico (a quem se destina o evento):<br \/>\nPrograma\u00e7\u00e3o:<br \/>\nForma de inscri\u00e7\u00e3o:<br \/>\nValor e forma de pagamento da inscri\u00e7\u00e3o:<br \/>\nMateriais de divulga\u00e7\u00e3o (quando possuir):<br \/>\nHaver\u00e1 certificado de participa\u00e7\u00e3o?<br \/>\nTelefones de contato:<\/p>\n<p>Destacamos a import\u00e2ncia do envio das informa\u00e7\u00f5es escritas, mesmo que estejam na arte, para incluirmos em uma descri\u00e7\u00e3o da imagem \u201cpra cego ver\u201d. Com o aux\u00edlio de programas de leitores de tela, os cegos conseguem ter acesso, em \u00e1udio, ao conte\u00fado em formato de texto.<\/p>\n<p><strong>Mural<\/strong><\/p>\n<p>O Cedecom do ICA possui quatro murais instalados no bloco A, um no bloco B, tr\u00eas no bloco C e dois no Centro de Atividades Administrativas e Did\u00e1ticas (CAAD).<\/p>\n<p>Materiais como cartazes e folders devem ser aprovados pelo Cedecom, antes da sua afixa\u00e7\u00e3o. Ter\u00e3o prefer\u00eancia \u00e0 divulga\u00e7\u00e3o e localiza\u00e7\u00e3o privilegiada os conte\u00fados referentes ao ICA e \u00e0 UFMG.<\/p>\n<p>A perman\u00eancia do material ir\u00e1 depender da data de t\u00e9rmino da atividade. Caso o material n\u00e3o tenha prazo estabelecido, ser\u00e1 determinado o per\u00edodo de 30 dias desde a sua afixa\u00e7\u00e3o.<\/p>\n<p>Materiais afixados por terceiros ser\u00e3o removidos dos murais do Cedecom do ICA.<\/p>\n<p><strong>Giro ICA<\/strong><\/p>\n<p>O Giro ICA \u00e9 uma newsletter semanal enviada por e-mail \u00e0 comunidade acad\u00eamica. O canal de comunica\u00e7\u00e3o re\u00fane uma sele\u00e7\u00e3o com os principais assuntos que repercutiram na semana sobre a Universidade, al\u00e9m de trazer destaques como a se\u00e7\u00e3o \u201cOportunidades\u201d, que traz editais abertos e outras oportunidades de interesse da comunidade, e \u201cImprensa\u201d, que apresenta alguma reportagem sobre pesquisas e projetos desenvolvidos no campus que tenha sido destaque na m\u00eddia na semana. Sugest\u00f5es de pauta podem ser enviadas \u00e0 equipe por e-mail. O Giro ICA \u00e9 enviado todas as sextas-feiras, portanto, as sugest\u00f5es devem ser enviadas antes deste dia ou ser\u00e3o inclu\u00eddas na edi\u00e7\u00e3o da semana seguinte.<\/p>\n<p>&nbsp;<\/p>\n<\/div><\/div><\/div><\/div><\/div><\/div>","protected":false},"excerpt":{"rendered":"","protected":false},"author":3,"featured_media":0,"parent":0,"menu_order":0,"comment_status":"closed","ping_status":"closed","template":"","meta":[],"acf":[],"_links":{"self":[{"href":"https:\/\/www.ufmg.br\/montesclaros\/wp-json\/wp\/v2\/pages\/311"}],"collection":[{"href":"https:\/\/www.ufmg.br\/montesclaros\/wp-json\/wp\/v2\/pages"}],"about":[{"href":"https:\/\/www.ufmg.br\/montesclaros\/wp-json\/wp\/v2\/types\/page"}],"author":[{"embeddable":true,"href":"https:\/\/www.ufmg.br\/montesclaros\/wp-json\/wp\/v2\/users\/3"}],"replies":[{"embeddable":true,"href":"https:\/\/www.ufmg.br\/montesclaros\/wp-json\/wp\/v2\/comments?post=311"}],"version-history":[{"count":1,"href":"https:\/\/www.ufmg.br\/montesclaros\/wp-json\/wp\/v2\/pages\/311\/revisions"}],"predecessor-version":[{"id":312,"href":"https:\/\/www.ufmg.br\/montesclaros\/wp-json\/wp\/v2\/pages\/311\/revisions\/312"}],"wp:attachment":[{"href":"https:\/\/www.ufmg.br\/montesclaros\/wp-json\/wp\/v2\/media?parent=311"}],"curies":[{"name":"wp","href":"https:\/\/api.w.org\/{rel}","templated":true}]}}