{"id":323,"date":"2024-03-22T10:41:20","date_gmt":"2024-03-22T13:41:20","guid":{"rendered":"http:\/\/sites-hml.dti.ufmg.br\/ica\/ica-novo\/?page_id=323"},"modified":"2024-03-22T10:41:20","modified_gmt":"2024-03-22T13:41:20","slug":"planejamento-e-infraestrutura","status":"publish","type":"page","link":"https:\/\/www.ufmg.br\/montesclaros\/planejamento-e-infraestrutura\/","title":{"rendered":"Planejamento e Infraestrutura"},"content":{"rendered":"<div ><style>#sp-ea-317 .spcollapsing { height: 0; overflow: hidden; transition-property: height;transition-duration: 300ms;}#sp-ea-317.sp-easy-accordion>.sp-ea-single {border: 1px solid #e2e2e2; }#sp-ea-317.sp-easy-accordion>.sp-ea-single>.ea-header a {color: #444;}#sp-ea-317.sp-easy-accordion>.sp-ea-single>.sp-collapse>.ea-body {background: #fff; color: #444;}#sp-ea-317.sp-easy-accordion>.sp-ea-single {background: #eee;}#sp-ea-317.sp-easy-accordion>.sp-ea-single>.ea-header a .ea-expand-icon.fa { float: left; color: #444;font-size: 16px;}<\/style><div id=\"sp_easy_accordion-1711114495\"><div id=\"sp-ea-317\" class=\"sp-ea-one sp-easy-accordion\" data-ex-icon=\"fa-minus\" data-col-icon=\"fa-plus\"  data-ea-active=\"ea-click\"  data-ea-mode=\"vertical\" data-preloader=\"\" data-scroll-active-item=\"\" data-offset-to-scroll=\"0\"><div class=\"ea-card ea-expand sp-ea-single\"><h3 class=\"ea-header\"><a class=\"collapsed\" data-sptoggle=\"spcollapse\" data-sptarget=#collapse3170 href=\"javascript:void(0)\"  aria-expanded=\"true\"><i class=\"ea-expand-icon fa fa-minus\"><\/i> Apresenta\u00e7\u00e3o<\/a><\/h3><div class=\"sp-collapse spcollapse collapsed show\" id=\"collapse3170\" data-parent=#sp-ea-317><div class=\"ea-body\"><p>A Coordenadoria de Planejamento e Infraestrutura do ICA \u00e9 uma divis\u00e3o administrativa, de car\u00e1ter executivo e consultivo, com a responsabilidade de coordenar todas as atividades relacionadas ao planejamento, gest\u00e3o financeira, aquisi\u00e7\u00e3o de bens e servi\u00e7os, patrimonial, guarda de bens e manuten\u00e7\u00e3o predial no \u00e2mbito do\u00a0<em>Campus<\/em> Montes Claros. Est\u00e3o subordinadas \u00e0 Coordenadoria de Planejamento e Infraestrutura as se\u00e7\u00f5es de Contabilidade, Patrim\u00f4nio, Almoxarifado, Compras, Inform\u00e1tica e Servi\u00e7os Gerais.<\/p>\n<p>&nbsp;<\/p>\n<p>Coordenador:\u00a0<a href=\"http:\/\/lattes.cnpq.br\/6476593352566962\">Eng\u00ba Jo\u00e3o Victor Gon\u00e7alves Oliveira<\/a>\u00a0\/\u00a0Telefone:\u00a0(38) 2101-7934<\/p>\n<p>Subcoordenador: Eurivaldo Nunes Rodrigues \/ Telefone: (38) 2101-7760<\/p>\n<p>Engenheiro Eletricista:\u00a0Eng\u00ba Huggo Rhodrigo Soares Marinho \/\u00a0Telefone:\u00a0(38) 2101-7713<\/p>\n<p>T\u00e9cnica em Contabilidade:\u00a0Joycemara Alves Silva Tofani \/ Telefone: (38) 2101-7760<\/p>\n<p>T\u00e9cnica em Contabilidade:\u00a0 Daniela Franciele dos Santos \/\u00a0Telefone:\u00a0(38) 2101-7760<\/p>\n<p>T\u00e9cnico Agropecu\u00e1rio:\u00a0Marco Aur\u00e9lio dos Santos J\u00fanior \/\u00a0Telefone:\u00a0(38) 2101-7952<\/p>\n<p>Auxiliar Administrativo\/Colaborador:\u00a0Lucas Ribeiro Athayde \/\u00a0Telefone:\u00a0(38) 2101-7953<\/p>\n<p>E-mail do setor: infraestrutura@ica.ufmg.br<\/p>\n<p><u>Hor\u00e1rio de Atendimento da Coordenadoria<\/u>: 09h \u00e0s 11h e das 14h \u00e0s 16h<\/p>\n<p>&nbsp;<\/p>\n<p><a href=\"https:\/\/www.ufmg.br\/montesclaros\/wp-content\/uploads\/2016\/02\/Plano-diretor-ICA-Dezembro-de-2015.pdf\">Clique aqui para acessar o Plano diretor ICA \u2013 Dezembro de 2015<\/a><\/p>\n<\/div><\/div><\/div><div class=\"ea-card  sp-ea-single\"><h3 class=\"ea-header\"><a class=\"collapsed\" data-sptoggle=\"spcollapse\" data-sptarget=#collapse3171 href=\"javascript:void(0)\"  aria-expanded=\"false\"><i class=\"ea-expand-icon fa fa-plus\"><\/i> Normas e Formul\u00e1rios<\/a><\/h3><div class=\"sp-collapse spcollapse \" id=\"collapse3171\" data-parent=#sp-ea-317><div class=\"ea-body\"><p>Prezados, estamos sempre buscando melhorar o atendimento da Coordenadoria de Planejamento e Infraestrutura.<br \/>\nOs formul\u00e1rios abaixo, bem como o acesso aos servi\u00e7os prestados pela Infraestrutura, est\u00e3o passando por mudan\u00e7as.<br \/>\nDevido a essa transi\u00e7\u00e3o, alguns links podem estar sendo substitu\u00eddos ou apresentarem n\u00e3o funcionalidade.<br \/>\nEm caso de d\u00favidas, entre em contato pelo ramal 7760 ou pelo email infraestrutura@ica.ufmg.br.<br \/>\nAgradecemos a compreens\u00e3o de todos!<\/p>\n<ul>\n<li><a href=\"https:\/\/www.ufmg.br\/montesclaros\/wp-content\/uploads\/2022\/11\/POP-Solicitacao-Recarga-de-Gas.pdf\">Procedimento para Fornecimento de G\u00e1s\u00a0<strong>[novo!]<\/strong><\/a><\/li>\n<li>Procedimento para Confec\u00e7\u00e3o de C\u00f3pias de Chaves\u00a0<strong>[suspenso]<\/strong><\/li>\n<li><a href=\"https:\/\/www.ufmg.br\/montesclaros\/wp-content\/uploads\/2023\/10\/POP-solicitacao-de-transporte-1.pdf\">Procedimento para solicita\u00e7\u00e3o de ve\u00edculos\/transporte\u00a0<strong>[novo!]<\/strong><\/a><\/li>\n<li><a href=\"https:\/\/www.ufmg.br\/montesclaros\/wp-content\/uploads\/2016\/02\/7.-Formul%C3%A1rio-de-Solicita%C3%A7%C3%A3o-de-Compras-Atrav%C3%A9s-de-Suprimento-de-Fundos-p.pdf\">Formul\u00e1rio Solicita\u00e7\u00e3o de Compras Atrav\u00e9s de Suprimento de Fundos<\/a><\/li>\n<li><a href=\"https:\/\/www.ufmg.br\/montesclaros\/wp-content\/uploads\/2016\/02\/9.-Formul%C3%A1rio-Autoriza%C3%A7%C3%A3o-de-Utiliza%C3%A7%C3%A3o-do-Gin%C3%A1sio-P.pdf\">Formul\u00e1rio Autoriza\u00e7\u00e3o de Utiliza\u00e7\u00e3o do Gin\u00e1sio<\/a><\/li>\n<li><a href=\"https:\/\/www.ufmg.br\/montesclaros\/wp-content\/uploads\/2016\/02\/10.-Formul%C3%A1rio-de-Autoriza%C3%A7%C3%A3o-de-Empr%C3%A9stimo-de-Equipamento-P.pdf\">Formul\u00e1rio Autoriza\u00e7\u00e3o de Empr\u00e9stimo de Equipamento<\/a><\/li>\n<\/ul>\n<p><strong>Obs.:<\/strong>\u00a0Os formul\u00e1rios relativos a fornecimento de\u00a0<strong>carimbos<\/strong>,\u00a0<strong>manuten\u00e7\u00e3o de impressoras<\/strong>\u00a0e libera\u00e7\u00e3o de\u00a0<strong>cartuchos e tonners<\/strong>\u00a0foram retirados dessa listagem.<\/p>\n<p>O formul\u00e1rio para\u00a0<strong>reservas de espa\u00e7os esportivos<\/strong>, voc\u00ea encontra no campo\u00a0<a href=\"https:\/\/www.ufmg.br\/montesclaros\/planejamento-e-infraestrutura\/\">\u00c1reas Esportivas <\/a>(ao final desta p\u00e1gina).<\/p>\n<ol>\n<li><a href=\"https:\/\/www.ufmg.br\/montesclaros\/wp-content\/uploads\/2024\/03\/2.-Formulario-Autorizacao-de-Entrada-e-Saida-de-itens-pela-Portaria-2.pdf\">Formul\u00e1rio Autoriza\u00e7\u00e3o de Entrada e Sa\u00edda de itens pela Portaria<\/a><\/li>\n<li><a href=\"https:\/\/www.ufmg.br\/montesclaros\/wp-content\/uploads\/2022\/08\/TERMO-DE-RESPONSABILIDADE-E-COMPROMISSO.pdf\" target=\"_blank\" rel=\"noopener\">Termo de Responsabilidade e Compromisso \u2013 Presta\u00e7\u00e3o de Servi\u00e7o\u00a0<\/a><\/li>\n<\/ol>\n<p><strong>Obs.:<\/strong>\u00a0Para solicita\u00e7\u00e3o de entrada e\/ou sa\u00edda de itens pela portaria, voc\u00ea deve preencher o formul\u00e1rio acima, assinar e enviar para o email dos aprovadores.<\/p>\n<p>Em caso de entrada de prestadores de servi\u00e7o, o formul\u00e1rio relacionado tamb\u00e9m deve ser preenchido, assinado e enviado por email.<\/p>\n<\/div><\/div><\/div><div class=\"ea-card  sp-ea-single\"><h3 class=\"ea-header\"><a class=\"collapsed\" data-sptoggle=\"spcollapse\" data-sptarget=#collapse3172 href=\"javascript:void(0)\"  aria-expanded=\"false\"><i class=\"ea-expand-icon fa fa-plus\"><\/i> Sustentabilidade e Economia<\/a><\/h3><div class=\"sp-collapse spcollapse \" id=\"collapse3172\" data-parent=#sp-ea-317><div class=\"ea-body\"><p><strong>A\u00c7\u00d5ES DE SUSTENTABILIDADE E ECONOMIA<\/strong><\/p>\n<p><strong>A\u00c7\u00d5ES PARA ECONOMIA DE \u00c1GUA<\/strong><\/p>\n<p><strong>\u00a0 \u00a0 \u00a0Sanit\u00e1rio:<\/strong><\/p>\n<ul>\n<li>Ap\u00f3s o uso da torneira, fechar o sistema e conferir se o fluxo de \u00e1gua foi interrompido;<\/li>\n<li>Em descarga com acionamento duplo, acionar o bot\u00e3o de menor fluxo para res\u00edduos l\u00edquidos;<\/li>\n<li>N\u00e3o utilizar o vaso sanit\u00e1rio como lixeira;<\/li>\n<li>Manter a torneira fechada ao escovar os dentes, lavar o rosto ou ensaboar as m\u00e3os;<\/li>\n<li>Ap\u00f3s o uso de mict\u00f3rios: fechar o registro para interrup\u00e7\u00e3o de fluxo de \u00e1gua;<\/li>\n<li>Em vesti\u00e1rios: evitar banhos prolongados.<\/li>\n<\/ul>\n<p>&nbsp;<\/p>\n<p><strong>\u00a0 \u00a0 \u00a0\u00c1reas verdes:<\/strong><\/p>\n<ul>\n<li>Diminuir a frequ\u00eancia de irriga\u00e7\u00e3o das plantas;<\/li>\n<li>Realizar o processo de regadura no in\u00edcio da manh\u00e3 ou fim da tarde com o objetivo de reduzir a perda por evapora\u00e7\u00e3o;<\/li>\n<li>Analisar a substitui\u00e7\u00e3o de vegeta\u00e7\u00e3o de jardins por esp\u00e9cies resistentes \u00e0 seca;<\/li>\n<li>Em per\u00edodos de inverno, regar os jardins em dias alternados.<\/li>\n<\/ul>\n<p>&nbsp;<\/p>\n<p><strong>\u00a0 \u00a0 \u00a0Limpeza e Laborat\u00f3rios:<\/strong><\/p>\n<ul>\n<li>Evitar lavar pisos com \u00e1gua corrente. Sempre que poss\u00edvel, utilizar pano \u00famido;<\/li>\n<li>Limpar cal\u00e7adas, ruas e passeios com vassoura;<\/li>\n<li>Lavar carros oficiais com menor frequ\u00eancia ou a seco;<\/li>\n<li>Regular os destiladores de \u00e1gua ou outros equipamentos laboratoriais evitando perdas excessivas de \u00e1gua.<\/li>\n<\/ul>\n<p><strong>\u00a0<\/strong><\/p>\n<p><strong>\u00a0 \u00a0 \u00a0A\u00e7\u00f5es Estruturais:<\/strong><\/p>\n<ul>\n<li>Instalar equipamentos mais eficientes para economia de \u00e1gua: mict\u00f3rio sem \u00e1gua, arejador de vaz\u00e3o de torneira, torneiras com sensor de presen\u00e7a ou fechamento autom\u00e1tico;<\/li>\n<li>Substituir os equipamentos laboratoriais (destiladores de \u00e1gua) por equipamentos mais eficientes ou reaproveitar a \u00e1gua liberada no processo;<\/li>\n<li>Substituir as descargas sanit\u00e1rias de acionamento por v\u00e1lvula de descarga por um sistema de caixa acoplada;<\/li>\n<li>Realizar manuten\u00e7\u00e3o peri\u00f3dica das instala\u00e7\u00f5es sanit\u00e1rias: preventivo e corretivo:<\/li>\n<li>Sinalizar informativos de boas pr\u00e1ticas em \u00e1rea comuns e uso dos equipamentos h\u00eddricos;<\/li>\n<li>Reutilizar \u00e1gua sempre que poss\u00edvel;<\/li>\n<li>Realizar projetos visando pr\u00e1ticas de medidas sustent\u00e1veis;<\/li>\n<li>Instalar hidr\u00f4metros nos pr\u00e9dios de maior consumo de \u00e1gua para melhor monitoramento do gasto h\u00eddrico.<\/li>\n<\/ul>\n<p>&nbsp;<\/p>\n<p><strong>A\u00c7\u00d5ES PARA ECONOMIA DE ENERGIA<\/strong><\/p>\n<ul>\n<li>Apagar as luzes, desligar os ventiladores e equipamentos el\u00e9tricos ao sair dos ambientes;<\/li>\n<li>Dar prefer\u00eancias ao uso de luz natural;<\/li>\n<li>Em dias menos quentes, desligar os equipamentos condicionadores de ar priorizando utilizar ventiladores ou ventila\u00e7\u00e3o natural do ambiente;<\/li>\n<li>Evitar desligar os aparelhos de ar-condicionado caso o per\u00edodo sem utiliza\u00e7\u00e3o do ambiente for pequeno;<\/li>\n<li>Utilizar os aparelhos de ar-condicionado na temperatura entre 22\u00b0 a 24\u00b0 mantendo sempre as portas e janelas do ambiente fechadas;<\/li>\n<li>Ligar o ar-condicionado, se necess\u00e1rio, no per\u00edodo vespertino e desligue 1 (uma) hora antes do fim do expediente. N\u00e3o utilizar esses equipamentos nos hor\u00e1rios de pico, das\u00a0<strong>17 \u00e0s 20h,<\/strong>\u00a0pois o custo unit\u00e1rio de energia chega a ser quatro vezes maior que no hor\u00e1rio fora de pico;<\/li>\n<li>Utilizar equipamentos laboratoriais fora do hor\u00e1rio de pico\u00a0<strong>(17 \u00e0s 20h)<\/strong>\u00a0e avaliar possibilidade de uso em conjunto com outros laborat\u00f3rios;<\/li>\n<li>Evitar o uso de motores\/ bombas no hor\u00e1rio de pico e nos per\u00edodos de maior consumo energ\u00e9tico no\u00a0<em>Campus<\/em>\u00a0(no per\u00edodo da tarde, onde grande parte dos aparelhos condicionadores de ar est\u00e3o funcionando), assim evitando o pico de gasto energ\u00e9tico;<\/li>\n<li>Realizar o abastecimento de caixas d\u2019\u00e1gua da unidade fora do hor\u00e1rio de pico e do per\u00edodo de maior consumo;<\/li>\n<li>Programar o computador para desligar automaticamente ou alterar seu estado para \u201cstand by\u201d (descanso) ap\u00f3s 5 minutos de inatividade e sempre deslig\u00e1-lo por completo ao final do expediente;<\/li>\n<li>Desligar o monitor durante os intervalos sem uso;<\/li>\n<li>Instalar as geladeiras em locais ventilados, longe de fontes geradoras de calor e onde n\u00e3o incida radia\u00e7\u00e3o solar e retire ou guarde alimentos e bebidas de uma s\u00f3 vez, evitando abrir a porta sem necessidade;<\/li>\n<li>Usar os chuveiros el\u00e9tricos no modo ver\u00e3o ou desligados.<\/li>\n<li>Evitar o uso de adaptadores, benjamins e extens\u00f5es el\u00e9trica, pois o ac\u00famulo de liga\u00e7\u00f5es em uma tomada pode causar sobrecargas e aumento de perdas el\u00e9tricas;<\/li>\n<\/ul>\n<p>&nbsp;<\/p>\n<p><strong>\u00a0 \u00a0 \u00a0A\u00e7\u00f5es Estruturais<\/strong><\/p>\n<ul>\n<li>Trocar as l\u00e2mpadas fluorescentes por l\u00e2mpadas de led;<\/li>\n<li>Reduzir a quantidade de l\u00e2mpadas em \u00e1rea de circula\u00e7\u00e3o, p\u00e1tios de estacionamento e ambientes externos desde que n\u00e3o prejudique a seguran\u00e7a dos locais;<\/li>\n<li>Substituir gradativamente os aparelhos condicionadores de ar de baixa efici\u00eancia energ\u00e9tica por equipamentos com a tecnologia \u201cInverter\u201d.<\/li>\n<li>Adquirir equipamentos mais eficientes;<\/li>\n<li>Dar a prefer\u00eancia para cores claras em ambientes internos para melhorar a ilumina\u00e7\u00e3o e temperatura dos locais de trabalho;<\/li>\n<li>Realizar manuten\u00e7\u00f5es preventivas e corretivas nas instala\u00e7\u00f5es el\u00e9tricas do Campus;<\/li>\n<li>Contemplar projetos de novas constru\u00e7\u00f5es visando pr\u00e1ticas sustent\u00e1veis;<\/li>\n<li>Elaborar projeto que vise a instala\u00e7\u00e3o de usina com energia fotovoltaica para o\u00a0<em>Campus<\/em>.<\/li>\n<\/ul>\n<p>&nbsp;<\/p>\n<p><strong>A\u00c7\u00d5ES PARA ECONOMIA DE INSUMOS EM GERAL:<\/strong><\/p>\n<ul>\n<li>Imprimir somente o que for estritamente necess\u00e1rio;<\/li>\n<li>Se realmente for imprimir, preferencie utilizar os dois lados da mesma folha;<\/li>\n<li>Solicitar somente o que for essencial no Almoxarifado do ICA;<\/li>\n<li>Nunca solicitar mais materiais ou insumos do que for utilizar, evitando estoques paralelos;<\/li>\n<li>O caf\u00e9 servido no Campus poder\u00e1 ser reduzido. No momento \u00e9 servido somente para servidores e colaboradores em servi\u00e7o. Evitar o desperd\u00edcio transportando quantidade de caf\u00e9 em garrafas que poder\u00e1 esfriar e ser descartada nos setores.<\/li>\n<\/ul>\n<p>&nbsp;<\/p>\n<p><strong>OF\u00cdCIOS CIRCULARES RELACIONADOS AO\u00a0<\/strong><b>CONTINGENCIAMENTO<\/b><\/p>\n<p><a href=\"https:\/\/www.ufmg.br\/montesclaros\/wp-content\/uploads\/2016\/02\/Of.Circular-Interno-008-2019-Consumo-de-Combust%C3%ADvel.pdf\">Of.Circular Interno 008 2019 \u2013 Consumo de Combust\u00edvel<\/a><\/p>\n<p><a href=\"https:\/\/www.ufmg.br\/montesclaros\/wp-content\/uploads\/2016\/02\/Of.Circular-Interno-009-2019-Uso-Ar-condicionado.pdf\">Of.Circular Interno 009 2019 \u2013 Uso Ar-condicionado<\/a><\/p>\n<p><a href=\"https:\/\/www.ufmg.br\/montesclaros\/wp-content\/uploads\/2016\/02\/Of.Circular-Interno-010-2019-Manuten%C3%A7%C3%A3o.pdf\">Of.Circular Interno 010 2019 \u2013 Manuten\u00e7\u00e3o<\/a><\/p>\n<p>&nbsp;<\/p>\n<p><em><strong>Caso voc\u00ea identificar a\u00e7\u00f5es que possam causar desperd\u00edcio, vazamentos de \u00e1gua, luzes acesas indevidamente, equipamentos mal utilizados, dentre outros, comunique imediatamente a Coordenadoria de Planejamento e Infraestrutura atrav\u00e9s do Ramal 7760 ou do Celular 984017205 (falar com o Eng. Aldo) e, se for o caso, abra uma Ordem de Servi\u00e7o em qualquer Portaria do ICA para que a\u00e7\u00f5es imediatas possam ser tomadas.<\/strong><\/em><\/p>\n<p>Medidas urgentes de economia e conting\u00eancia \u00e9 responsabilidade e dever de todos n\u00f3s!<\/p>\n<\/div><\/div><\/div><div class=\"ea-card  sp-ea-single\"><h3 class=\"ea-header\"><a class=\"collapsed\" data-sptoggle=\"spcollapse\" data-sptarget=#collapse3173 href=\"javascript:void(0)\"  aria-expanded=\"false\"><i class=\"ea-expand-icon fa fa-plus\"><\/i> Sobreaviso<\/a><\/h3><div class=\"sp-collapse spcollapse \" id=\"collapse3173\" data-parent=#sp-ea-317><div class=\"ea-body\"><h4 align=\"center\">PLANT\u00c3O DE SOBREAVISO<\/h4>\n<p>O regime de sobreaviso iniciar\u00e1 com a demanda, seja ela da parte de hidr\u00e1ulica ou da parte de el\u00e9trica, e posterior comunica\u00e7\u00e3o para as Portarias ou para a Equipe de Seguran\u00e7a, sendo que nesses locais ser\u00e3o efetuados os devidos registros e comunica\u00e7\u00f5es, conforme fluxograma, que segue logo abaixo.<\/p>\n<p><a href=\"https:\/\/www.ufmg.br\/montesclaros\/wp-content\/uploads\/2016\/02\/FLUXOGRAMA2.jpg\"><img decoding=\"async\" loading=\"lazy\" class=\"wp-image-11157 aligncenter\" src=\"https:\/\/www.ufmg.br\/montesclaros\/wp-content\/uploads\/2016\/02\/FLUXOGRAMA2.jpg\" alt=\"\" width=\"654\" height=\"869\" \/><\/a><\/p>\n<h2 align=\"center\"><\/h2>\n<h4 align=\"center\">TERMO DE SOBREAVISO<\/h4>\n<p>Posterior a execu\u00e7\u00e3o do servi\u00e7o solicitado, deve-se elaborar o termo de sobreaviso cujas instru\u00e7\u00f5es seguem abaixo:<\/p>\n<p><strong>Informa\u00e7\u00f5es para serem descritas no termo<\/strong>:<\/p>\n<p><strong>Unidade solicitante<\/strong>: unidade onde ocorreu o problema;<br \/>\n<strong>Nome do solicitante:<\/strong>\u00a0nome da pessoa que comunicou a demanda pelos servi\u00e7os a serem executados;<br \/>\n<strong>Fun\u00e7\u00e3o do solicitante<\/strong>: fun\u00e7\u00e3o do mesmo no ICA;<br \/>\n<strong>Data e hor\u00e1rio da solicita\u00e7\u00e3o:<\/strong>\u00a0informar a data e o hor\u00e1rio que o solicitante comunicou a demanda pelos servi\u00e7os;<br \/>\n<strong>Motivo da solicita\u00e7\u00e3o<\/strong>: citar o problema a ser resolvido pelos colaboradores de hidr\u00e1ulica e\/ou el\u00e9trica;<br \/>\n<strong>Data do atendimento\/In\u00edcio e fim do atendimento:<\/strong>\u00a0informar a data que ocorreu a demanda e o hor\u00e1rio de in\u00edcio dos servi\u00e7os pelo colaborador e o hor\u00e1rio que o mesmo finalizou os servi\u00e7os;<br \/>\n<strong>Descri\u00e7\u00e3o da ocorr\u00eancia:<\/strong>\u00a0informar como ocorreu todo o procedimento de sobreaviso, tratando do problema a ser resolvido e do tipo de execu\u00e7\u00e3o do servi\u00e7o realizado;<br \/>\n<strong>Nome do t\u00e9cnico<\/strong>: informar o colaborador que efetuou os servi\u00e7os, observando tamb\u00e9m a escala de sobreaviso;<br \/>\n<strong>Setor:<\/strong>\u00a0delimitar se o mesmo \u00e9 da parte hidr\u00e1ulica ou da parte el\u00e9trica;<br \/>\n\u2013 Por fim, recolher assinaturas da pessoa demandante do servi\u00e7o, assim como do colaborador que prestou os servi\u00e7os.<\/p>\n<p>Logo ap\u00f3s a confec\u00e7\u00e3o do termo de sobreaviso com as assinaturas devidas, deve-se entregar\/enviar,\u00a0<strong>no pr\u00f3ximo dia \u00fatil<\/strong>, o referido termo na Coordenadoria de Planejamento e Infraestrutura.<\/p>\n<hr \/>\n<p><strong>Obs.:<\/strong>\u00a0Os postos de sobreaviso destinam-se ao atendimento de urg\u00eancias e ocorr\u00eancias verificadas durante o per\u00edodo noturno, nos finais de semana e feriados e no per\u00edodo diurno fora do hor\u00e1rio normal de trabalho, relacionadas \u00e0 danifica\u00e7\u00e3o de instala\u00e7\u00f5es hidr\u00e1ulicas que venham a causar vazamentos e alagamentos em pr\u00e9dios, colocando em risco sua estrutura e a integridade de m\u00f3veis e equipamentos; panes el\u00e9tricas que causem a interrup\u00e7\u00e3o de energia el\u00e9trica pondo em risco cirurgias, pesquisas (pela possibilidade de perda de culturas, produtos biol\u00f3gicos e qu\u00edmicos que necessitam ser armazenados em baix\u00edssimas temperaturas ou de outros tipos que precisam de aquecimento constante); de l\u00f3gica que ameacem a perda de informa\u00e7\u00f5es vitais \u00e0s atividades administrativas e acad\u00eamicas; riscos a integridade f\u00edsica da comunidade, dentre outros similares aos citados.<\/p>\n<p><strong>Obs.:<\/strong>\u00a0Em caso de d\u00favidas entrar em contato com a Coordenadoria de Planejamento e Infraestrutura do ICA. Ramal:\u00a0<strong>7760<\/strong><\/p>\n<\/div><\/div><\/div><div class=\"ea-card  sp-ea-single\"><h3 class=\"ea-header\"><a class=\"collapsed\" data-sptoggle=\"spcollapse\" data-sptarget=#collapse3174 href=\"javascript:void(0)\"  aria-expanded=\"false\"><i class=\"ea-expand-icon fa fa-plus\"><\/i> POPs<\/a><\/h3><div class=\"sp-collapse spcollapse \" id=\"collapse3174\" data-parent=#sp-ea-317><div class=\"ea-body\"><p><a href=\"https:\/\/www.ufmg.br\/montesclaros\/wp-content\/uploads\/2022\/07\/POP-Solicitacao-copia-de-chaves.pdf\">POP para solicita\u00e7\u00e3o de C\u00f3pias de Chaves\u00a0<strong>[novo!]<\/strong><\/a><\/p>\n<p><a href=\"https:\/\/www.ufmg.br\/montesclaros\/wp-content\/uploads\/2022\/07\/POP-Solicitacao-copia-de-chaves.pdf\">POP para solicita\u00e7\u00e3o de Fornecimento de G\u00e1s\u00a0<strong>[novo!]<\/strong><\/a><\/p>\n<\/div><\/div><\/div><div class=\"ea-card  sp-ea-single\"><h3 class=\"ea-header\"><a class=\"collapsed\" data-sptoggle=\"spcollapse\" data-sptarget=#collapse3175 href=\"javascript:void(0)\"  aria-expanded=\"false\"><i class=\"ea-expand-icon fa fa-plus\"><\/i> \u00c1reas Esportivas<\/a><\/h3><div class=\"sp-collapse spcollapse \" id=\"collapse3175\" data-parent=#sp-ea-317><div class=\"ea-body\"><p>O Instituto de Ci\u00eancias Agr\u00e1rias conta com os seguintes espa\u00e7os esportivos:<\/p>\n<p>\u2013\u00a0<strong>Gin\u00e1sio Poliesportivo<\/strong>\u00a0(sob a coordena\u00e7\u00e3o da\u00a0<a href=\"http:\/\/lattes.cnpq.br\/0380684939431482\">Profa. Marilda Teixeira Mendes<\/a>)<\/p>\n<p>\u2013\u00a0<strong>Quadra de Peteca<\/strong>\u00a0(ao lado do Gin\u00e1sio)<\/p>\n<p>\u2013\u00a0<strong>Quadra do CAAD\u00a0<\/strong><\/p>\n<p>\u2013<strong>\u00a0Domin\u00f3<\/strong><\/p>\n<p>&nbsp;<\/p>\n<p>Para reservar um dos espa\u00e7os esportivos do ICA, primeiro, acesse a agenda atrav\u00e9s do link abaixo:<\/p>\n<p><a href=\"https:\/\/calendar.google.com\/calendar\/embed?src=cporbk5dkk2rsntu6k4nn81q5s%40group.calendar.google.com&amp;ctz=America%2FSao_Paulo\" target=\"_blank\" rel=\"noopener\">Agenda do Gin\u00e1sio Poliesportivo<\/a><\/p>\n<p><a href=\"https:\/\/calendar.google.com\/calendar\/embed?src=bd5bce43bc2930197cd16d2e231ce2d975209ee9d3621d0e5df574ac59d5e43a%40group.calendar.google.com&amp;ctz=America%2FSao_Paulo\">Agenda da Quadra de Peteca<\/a><\/p>\n<p><a href=\"https:\/\/calendar.google.com\/calendar\/embed?src=9267412511f2a59145faebbfa680856fdd4bab9658970141aa534b57a1b05ea4%40group.calendar.google.com&amp;ctz=America%2FSao_Paulo\">Agenda da Quadra do CAAD<\/a><\/p>\n<p><a href=\"https:\/\/calendar.google.com\/calendar\/embed?src=ce6059eb3efaa362d3efe2f027db11f3c628e8416fbb4a15d995d7806b9f86e4%40group.calendar.google.com&amp;ctz=America%2FSao_Paulo\">Agenda do Domin\u00f3<\/a><\/p>\n<p>&nbsp;<\/p>\n<p>Caso o dia e o hor\u00e1rio que voc\u00ea deseja esteja dispon\u00edvel, preencha o formul\u00e1rio abaixo com detalhes da sua reserva:<\/p>\n<p><a href=\"https:\/\/www.ufmg.br\/montesclaros\/wp-content\/uploads\/2023\/06\/FORMULARIO-DE-SOLICITACAO-ESPACO.docx-1.pdf\" target=\"_blank\" rel=\"noopener\">Formul\u00e1rio para Agendamento dos Espa\u00e7os Esportivos<\/a><\/p>\n<p>Ap\u00f3s o preenchimento do formul\u00e1rio enviar para o e-mail\u00a0infraestrutura@ica.ufmg.br\u00a0<strong>e aguardar a confirma\u00e7\u00e3o do agendamento.<\/strong><\/p>\n<p>Lembrando que as \u00e1reas esportivas s\u00e3o de\u00a0uso coletivo e todos devem zelar pela sua preserva\u00e7\u00e3o, tendo aten\u00e7\u00e3o com as normas de uso e cuidados.<\/p>\n<p>&nbsp;<\/p>\n<p><strong>Coordena\u00e7\u00e3o do Gin\u00e1sio Poliesportivo:\u00a0<\/strong>Profa. Marilda Teixeira Mendes \u2013 Ramal (38) 2101\u00a0<strong>7749<\/strong>\u00a0\u2013\u00a0mteixeira@ica.ufmg.br<\/p>\n<p>&nbsp;<\/p>\n<p>Informa\u00e7\u00f5es, sugest\u00f5es ou d\u00favidas:\u00a0<strong>Contato:\u00a0<\/strong>Ramal 38 2101-<strong>\u00a07760 \u2013\u00a0<\/strong>\u00a0infraestrutura@ica.ufmg.br<\/p>\n<\/div><\/div><\/div><\/div><\/div><\/div>","protected":false},"excerpt":{"rendered":"","protected":false},"author":3,"featured_media":0,"parent":0,"menu_order":0,"comment_status":"closed","ping_status":"closed","template":"","meta":[],"acf":[],"_links":{"self":[{"href":"https:\/\/www.ufmg.br\/montesclaros\/wp-json\/wp\/v2\/pages\/323"}],"collection":[{"href":"https:\/\/www.ufmg.br\/montesclaros\/wp-json\/wp\/v2\/pages"}],"about":[{"href":"https:\/\/www.ufmg.br\/montesclaros\/wp-json\/wp\/v2\/types\/page"}],"author":[{"embeddable":true,"href":"https:\/\/www.ufmg.br\/montesclaros\/wp-json\/wp\/v2\/users\/3"}],"replies":[{"embeddable":true,"href":"https:\/\/www.ufmg.br\/montesclaros\/wp-json\/wp\/v2\/comments?post=323"}],"version-history":[{"count":1,"href":"https:\/\/www.ufmg.br\/montesclaros\/wp-json\/wp\/v2\/pages\/323\/revisions"}],"predecessor-version":[{"id":324,"href":"https:\/\/www.ufmg.br\/montesclaros\/wp-json\/wp\/v2\/pages\/323\/revisions\/324"}],"wp:attachment":[{"href":"https:\/\/www.ufmg.br\/montesclaros\/wp-json\/wp\/v2\/media?parent=323"}],"curies":[{"name":"wp","href":"https:\/\/api.w.org\/{rel}","templated":true}]}}