{"id":442,"date":"2024-03-25T07:28:50","date_gmt":"2024-03-25T10:28:50","guid":{"rendered":"http:\/\/sites-hml.dti.ufmg.br\/ica\/ica-novo\/?page_id=442"},"modified":"2024-03-25T07:28:50","modified_gmt":"2024-03-25T10:28:50","slug":"secao-de-almoxarifado","status":"publish","type":"page","link":"https:\/\/www.ufmg.br\/montesclaros\/secao-de-almoxarifado\/","title":{"rendered":"Se\u00e7\u00e3o de Almoxarifado"},"content":{"rendered":"<div ><style>#sp-ea-441 .spcollapsing { height: 0; overflow: hidden; transition-property: height;transition-duration: 300ms;}#sp-ea-441.sp-easy-accordion>.sp-ea-single {border: 1px solid #e2e2e2; }#sp-ea-441.sp-easy-accordion>.sp-ea-single>.ea-header a {color: #444;}#sp-ea-441.sp-easy-accordion>.sp-ea-single>.sp-collapse>.ea-body {background: #fff; color: #444;}#sp-ea-441.sp-easy-accordion>.sp-ea-single {background: #eee;}#sp-ea-441.sp-easy-accordion>.sp-ea-single>.ea-header a .ea-expand-icon.fa { float: left; color: #444;font-size: 16px;}<\/style><div id=\"sp_easy_accordion-1711362351\"><div id=\"sp-ea-441\" class=\"sp-ea-one sp-easy-accordion\" data-ex-icon=\"fa-minus\" data-col-icon=\"fa-plus\"  data-ea-active=\"ea-click\"  data-ea-mode=\"vertical\" data-preloader=\"\" data-scroll-active-item=\"\" data-offset-to-scroll=\"0\"><div class=\"ea-card ea-expand sp-ea-single\"><h3 class=\"ea-header\"><a class=\"collapsed\" data-sptoggle=\"spcollapse\" data-sptarget=#collapse4410 href=\"javascript:void(0)\"  aria-expanded=\"true\"><i class=\"ea-expand-icon fa fa-minus\"><\/i> Apresenta\u00e7\u00e3o<\/a><\/h3><div class=\"sp-collapse spcollapse collapsed show\" id=\"collapse4410\" data-parent=#sp-ea-441><div class=\"ea-body\"><p>A Se\u00e7\u00e3o de\u00a0Almoxarifado \u00e9 respons\u00e1vel por receber, codificar, armazenar e distribuir materiais de consumo nos \u00f3rg\u00e3os administrativos do Instituto de Ci\u00eancias Agr\u00e1rias (ICA). Seu funcionamento t\u00e9cnico \u00e9 vinculado ao Almoxarifado Central da UFMG.<\/p>\n<p>Respons\u00e1vel: Adrielly Souza Luiz &#8211; Auxiliar Administrativo\/Colaborador \/ Telefone: (38) 2101-7716<\/p>\n<p>E-mail: salmox@ica.ufmg.br<\/p>\n<p>Atendimento:\u00a07h30 \u00e0s 11h30 e 14h \u00e0s 17h<\/p>\n<\/div><\/div><\/div><\/div><\/div><\/div>","protected":false},"excerpt":{"rendered":"","protected":false},"author":3,"featured_media":0,"parent":0,"menu_order":0,"comment_status":"closed","ping_status":"closed","template":"","meta":[],"acf":[],"_links":{"self":[{"href":"https:\/\/www.ufmg.br\/montesclaros\/wp-json\/wp\/v2\/pages\/442"}],"collection":[{"href":"https:\/\/www.ufmg.br\/montesclaros\/wp-json\/wp\/v2\/pages"}],"about":[{"href":"https:\/\/www.ufmg.br\/montesclaros\/wp-json\/wp\/v2\/types\/page"}],"author":[{"embeddable":true,"href":"https:\/\/www.ufmg.br\/montesclaros\/wp-json\/wp\/v2\/users\/3"}],"replies":[{"embeddable":true,"href":"https:\/\/www.ufmg.br\/montesclaros\/wp-json\/wp\/v2\/comments?post=442"}],"version-history":[{"count":1,"href":"https:\/\/www.ufmg.br\/montesclaros\/wp-json\/wp\/v2\/pages\/442\/revisions"}],"predecessor-version":[{"id":443,"href":"https:\/\/www.ufmg.br\/montesclaros\/wp-json\/wp\/v2\/pages\/442\/revisions\/443"}],"wp:attachment":[{"href":"https:\/\/www.ufmg.br\/montesclaros\/wp-json\/wp\/v2\/media?parent=442"}],"curies":[{"name":"wp","href":"https:\/\/api.w.org\/{rel}","templated":true}]}}