{"id":451,"date":"2024-03-25T07:44:45","date_gmt":"2024-03-25T10:44:45","guid":{"rendered":"http:\/\/sites-hml.dti.ufmg.br\/ica\/ica-novo\/?page_id=451"},"modified":"2024-03-25T07:45:49","modified_gmt":"2024-03-25T10:45:49","slug":"secao-de-informatica","status":"publish","type":"page","link":"https:\/\/www.ufmg.br\/montesclaros\/secao-de-informatica\/","title":{"rendered":"Se\u00e7\u00e3o de Inform\u00e1tica"},"content":{"rendered":"\n<p><\/p>\n\n\n<div ><style>#sp-ea-450 .spcollapsing { height: 0; overflow: hidden; transition-property: height;transition-duration: 300ms;}#sp-ea-450.sp-easy-accordion>.sp-ea-single {border: 1px solid #e2e2e2; }#sp-ea-450.sp-easy-accordion>.sp-ea-single>.ea-header a {color: #444;}#sp-ea-450.sp-easy-accordion>.sp-ea-single>.sp-collapse>.ea-body {background: #fff; color: #444;}#sp-ea-450.sp-easy-accordion>.sp-ea-single {background: #eee;}#sp-ea-450.sp-easy-accordion>.sp-ea-single>.ea-header a .ea-expand-icon.fa { float: left; color: #444;font-size: 16px;}<\/style><div id=\"sp_easy_accordion-1711363340\"><div id=\"sp-ea-450\" class=\"sp-ea-one sp-easy-accordion\" data-ex-icon=\"fa-minus\" data-col-icon=\"fa-plus\"  data-ea-active=\"ea-click\"  data-ea-mode=\"vertical\" data-preloader=\"\" data-scroll-active-item=\"\" data-offset-to-scroll=\"0\"><div class=\"ea-card ea-expand sp-ea-single\"><h3 class=\"ea-header\"><a class=\"collapsed\" data-sptoggle=\"spcollapse\" data-sptarget=#collapse4500 href=\"javascript:void(0)\"  aria-expanded=\"true\"><i class=\"ea-expand-icon fa fa-minus\"><\/i> Apresenta\u00e7\u00e3o<\/a><\/h3><div class=\"sp-collapse spcollapse collapsed show\" id=\"collapse4500\" data-parent=#sp-ea-450><div class=\"ea-body\"><p>A Se\u00e7\u00e3o de Inform\u00e1tica \u00e9 respons\u00e1vel pelos Laborat\u00f3rios de Inform\u00e1tica do Instituto de Ci\u00eancias Agr\u00e1rias (ICA), al\u00e9m de prestar servi\u00e7os de suporte da rede da Unidade. A Se\u00e7\u00e3o tamb\u00e9m \u00e9 respons\u00e1vel pelo bom funcionamento dos equipamentos de inform\u00e1tica dos setores administrativos.<\/p>\n<p>Respons\u00e1vel: Roberto Versiani Santos J\u00fanior \/ Telefone: (38) 2101-7753<\/p>\n<p>E-mail:\u00a0informatica@ica.ufmg.br<\/p>\n<p>Atendimento:\u00a07h \u00e0s 21h<\/p>\n<\/div><\/div><\/div><\/div><\/div><\/div>","protected":false},"excerpt":{"rendered":"","protected":false},"author":3,"featured_media":0,"parent":0,"menu_order":0,"comment_status":"closed","ping_status":"closed","template":"","meta":[],"acf":[],"_links":{"self":[{"href":"https:\/\/www.ufmg.br\/montesclaros\/wp-json\/wp\/v2\/pages\/451"}],"collection":[{"href":"https:\/\/www.ufmg.br\/montesclaros\/wp-json\/wp\/v2\/pages"}],"about":[{"href":"https:\/\/www.ufmg.br\/montesclaros\/wp-json\/wp\/v2\/types\/page"}],"author":[{"embeddable":true,"href":"https:\/\/www.ufmg.br\/montesclaros\/wp-json\/wp\/v2\/users\/3"}],"replies":[{"embeddable":true,"href":"https:\/\/www.ufmg.br\/montesclaros\/wp-json\/wp\/v2\/comments?post=451"}],"version-history":[{"count":2,"href":"https:\/\/www.ufmg.br\/montesclaros\/wp-json\/wp\/v2\/pages\/451\/revisions"}],"predecessor-version":[{"id":454,"href":"https:\/\/www.ufmg.br\/montesclaros\/wp-json\/wp\/v2\/pages\/451\/revisions\/454"}],"wp:attachment":[{"href":"https:\/\/www.ufmg.br\/montesclaros\/wp-json\/wp\/v2\/media?parent=451"}],"curies":[{"name":"wp","href":"https:\/\/api.w.org\/{rel}","templated":true}]}}