{"id":480,"date":"2024-03-25T08:08:07","date_gmt":"2024-03-25T11:08:07","guid":{"rendered":"http:\/\/sites-hml.dti.ufmg.br\/ica\/ica-novo\/?page_id=480"},"modified":"2024-03-25T08:08:07","modified_gmt":"2024-03-25T11:08:07","slug":"transportes","status":"publish","type":"page","link":"https:\/\/www.ufmg.br\/montesclaros\/transportes\/","title":{"rendered":"Transportes"},"content":{"rendered":"<div ><style>#sp-ea-479 .spcollapsing { height: 0; overflow: hidden; transition-property: height;transition-duration: 300ms;}#sp-ea-479.sp-easy-accordion>.sp-ea-single {border: 1px solid #e2e2e2; }#sp-ea-479.sp-easy-accordion>.sp-ea-single>.ea-header a {color: #444;}#sp-ea-479.sp-easy-accordion>.sp-ea-single>.sp-collapse>.ea-body {background: #fff; color: #444;}#sp-ea-479.sp-easy-accordion>.sp-ea-single {background: #eee;}#sp-ea-479.sp-easy-accordion>.sp-ea-single>.ea-header a .ea-expand-icon.fa { float: left; color: #444;font-size: 16px;}<\/style><div id=\"sp_easy_accordion-1711364797\"><div id=\"sp-ea-479\" class=\"sp-ea-one sp-easy-accordion\" data-ex-icon=\"fa-minus\" data-col-icon=\"fa-plus\"  data-ea-active=\"ea-click\"  data-ea-mode=\"vertical\" data-preloader=\"\" data-scroll-active-item=\"\" data-offset-to-scroll=\"0\"><div class=\"ea-card ea-expand sp-ea-single\"><h3 class=\"ea-header\"><a class=\"collapsed\" data-sptoggle=\"spcollapse\" data-sptarget=#collapse4790 href=\"javascript:void(0)\"  aria-expanded=\"true\"><i class=\"ea-expand-icon fa fa-minus\"><\/i> Apresenta\u00e7\u00e3o<\/a><\/h3><div class=\"sp-collapse spcollapse collapsed show\" id=\"collapse4790\" data-parent=#sp-ea-479><div class=\"ea-body\"><p>A Se\u00e7\u00e3o de Transportes \u00e9 respons\u00e1vel pela manuten\u00e7\u00e3o e utiliza\u00e7\u00e3o da frota de ve\u00edculos da Unidade, coordenando a disponibilidade dos autom\u00f3veis para atendimento das demandas da Comunidade do Instituto de Ci\u00eancias Agr\u00e1rias.<\/p>\n<p>Administrador:\u00a0Adm Islas Batista Guedes \/\u00a0Telefone:\u00a0(38) 2101-7783<\/p>\n<p>Email:\u00a0transportes@ica.ufmg.br<\/p>\n<p>Atendimento:\u00a07h \u00e0s 12h e 14h \u00e0s 17h<\/p>\n<\/div><\/div><\/div><div class=\"ea-card  sp-ea-single\"><h3 class=\"ea-header\"><a class=\"collapsed\" data-sptoggle=\"spcollapse\" data-sptarget=#collapse4791 href=\"javascript:void(0)\"  aria-expanded=\"false\"><i class=\"ea-expand-icon fa fa-plus\"><\/i> Normas e Formul\u00e1rios<\/a><\/h3><div class=\"sp-collapse spcollapse \" id=\"collapse4791\" data-parent=#sp-ea-479><div class=\"ea-body\"><p><strong>Diretrizes<\/strong><\/p>\n<p><a href=\"https:\/\/www.ufmg.br\/montesclaros\/wp-content\/uploads\/2016\/02\/Diretrizes-Transportes-Condutores.pdf\">Diretrizes Transportes \u2013 Condutores<\/a><\/p>\n<p><a href=\"https:\/\/www.ufmg.br\/montesclaros\/wp-content\/uploads\/2016\/02\/Diretrizes-Transportes-Usu%C3%A1rios.pdf\">Diretrizes Transportes \u2013 Usu\u00e1rios<\/a><\/p>\n<p><a href=\"https:\/\/www.ufmg.br\/montesclaros\/wp-content\/uploads\/2016\/02\/Of.-Circular-Interno-ICA-005-2019-Novas-Orienta%C3%A7%C3%B5es-Uso-Ve%C3%ADculos-Oficiais.pdf\">Of. Circular Interno ICA-005 2019 \u2013 Novas Orienta\u00e7\u00f5es Uso Ve\u00edculos Oficiais<\/a><\/p>\n<p>&nbsp;<\/p>\n<p><strong>Formul\u00e1rios\u00a0<\/strong><\/p>\n<p><a href=\"https:\/\/www.ufmg.br\/montesclaros\/wp-content\/uploads\/2024\/07\/POP-solicitacao-de-transporte.pdf\">Formul\u00e1rio Solicita\u00e7\u00e3o de Ve\u00edculos<\/a><\/p>\n<\/div><\/div><\/div><\/div><\/div><\/div>","protected":false},"excerpt":{"rendered":"","protected":false},"author":3,"featured_media":0,"parent":0,"menu_order":0,"comment_status":"closed","ping_status":"closed","template":"","meta":[],"acf":[],"_links":{"self":[{"href":"https:\/\/www.ufmg.br\/montesclaros\/wp-json\/wp\/v2\/pages\/480"}],"collection":[{"href":"https:\/\/www.ufmg.br\/montesclaros\/wp-json\/wp\/v2\/pages"}],"about":[{"href":"https:\/\/www.ufmg.br\/montesclaros\/wp-json\/wp\/v2\/types\/page"}],"author":[{"embeddable":true,"href":"https:\/\/www.ufmg.br\/montesclaros\/wp-json\/wp\/v2\/users\/3"}],"replies":[{"embeddable":true,"href":"https:\/\/www.ufmg.br\/montesclaros\/wp-json\/wp\/v2\/comments?post=480"}],"version-history":[{"count":1,"href":"https:\/\/www.ufmg.br\/montesclaros\/wp-json\/wp\/v2\/pages\/480\/revisions"}],"predecessor-version":[{"id":481,"href":"https:\/\/www.ufmg.br\/montesclaros\/wp-json\/wp\/v2\/pages\/480\/revisions\/481"}],"wp:attachment":[{"href":"https:\/\/www.ufmg.br\/montesclaros\/wp-json\/wp\/v2\/media?parent=480"}],"curies":[{"name":"wp","href":"https:\/\/api.w.org\/{rel}","templated":true}]}}