{"id":507,"date":"2024-03-25T08:47:11","date_gmt":"2024-03-25T11:47:11","guid":{"rendered":"http:\/\/sites-hml.dti.ufmg.br\/ica\/ica-novo\/?page_id=507"},"modified":"2024-08-29T15:08:51","modified_gmt":"2024-08-29T18:08:51","slug":"siex","status":"publish","type":"page","link":"https:\/\/www.ufmg.br\/montesclaros\/siex\/","title":{"rendered":"Pr\u00f3-reitoria de Extens\u00e3o (Proex)"},"content":{"rendered":"\n<h2 class=\"wp-block-heading\">Sobre a Proex<\/h2>\n\n\n\n<p>Na UFMG, cabe \u00e0&nbsp;<a rel=\"noreferrer noopener\" href=\"http:\/\/www.ufmg.br\/proex\" target=\"_blank\">Pr\u00f3-reitoria de Extens\u00e3o<\/a>&nbsp;(Proex)&nbsp;fomentar, acompanhar, avaliar, articular, divulgar e coordenar as a\u00e7\u00f5es de extens\u00e3o, de acordo com as delibera\u00e7\u00f5es do Conselho de Ensino, Pesquisa e Extens\u00e3o (Cepe). Para essa atividade, a Pr\u00f3-reitoria conta com os&nbsp;<a rel=\"noreferrer noopener\" href=\"http:\/\/www.ufmg.br\/proex\/centros-de-extensao\/\" target=\"_blank\">Centros de Extens\u00e3o<\/a>, em sua maioria vinculados a Unidades Acad\u00eamicas ou Unidades Especiais da Universidade.&nbsp;Esses \u00f3rg\u00e3os atuam de forma colegiada e&nbsp;executam a gest\u00e3o da pol\u00edtica de extens\u00e3o nas Unidades, em conson\u00e2ncia com a pol\u00edtica geral de extens\u00e3o universit\u00e1ria. Entre suas fun\u00e7\u00f5es, est\u00e3o aprovar, acompanhar, registrar e avaliar as atividades de extens\u00e3o nas Unidades.<br>Mais informa\u00e7\u00f5es em: <a href=\"http:\/\/ufmg.br\/proex\">ufmg.br\/proex<\/a><\/p>\n\n\n\n<h2 class=\"wp-block-heading\">Siex<\/h2>\n\n\n\n<p>O Sistema de Informa\u00e7\u00e3o da Extens\u00e3o (SIEX\/UFMG) opera como um banco de dados aberto a toda a comunidade. Al\u00e9m de registrar as informa\u00e7\u00f5es da Extens\u00e3o, o SIEX auxilia a Pr\u00f3-reitoria de Extens\u00e3o e os Centros de Extens\u00e3o a gerir as atividades realizadas.<\/p>\n\n\n\n<p>As atividades de Extens\u00e3o tem por meta a integra\u00e7\u00e3o da UFMG com a sociedade, visando estabelecer v\u00ednculos efetivos com os movimentos, demandas e pol\u00edticas de diferentes setores sociais. A base dessa integra\u00e7\u00e3o \u00e9 o di\u00e1logo realizado por meio de programas, projetos, cursos, eventos e presta\u00e7\u00e3o de servi\u00e7os promovidos pela comunidade acad\u00eamica.<\/p>\n\n\n\n<p>Mais informa\u00e7\u00f5es em&nbsp;<a href=\"http:\/\/sistemas.ufmg.br\/siex\" target=\"_blank\" rel=\"noreferrer noopener\">sistemas.ufmg.br\/siex<\/a><\/p>\n\n\n\n<p><\/p>\n\n\n\n<h2 class=\"wp-block-heading\">Sistema de Fomento<\/h2>\n\n\n\n<p>O\u00a0<strong>Sistema de Fomento de Bolsas da Extens\u00e3o<\/strong>\u00a0\u00e9 uma plataforma on-line que permite a submiss\u00e3o de propostas de Programas e Projetos de extens\u00e3o aos programas de bolsas da Pr\u00f3-Reitoria de Extens\u00e3o. \u00c9 tamb\u00e9m por meio dessa plataforma que s\u00e3o indicados os bolsistas dessas a\u00e7\u00f5es e preenchidas as avalia\u00e7\u00f5es dos alunos e orientadores. O sistema pode ser acessado por este\u00a0<a rel=\"noreferrer noopener\" href=\"https:\/\/aplicativos.ufmg.br\/proex\/fomento\/\" target=\"_blank\">link<\/a>\u00a0com o login e senha de seu minhaUFMG.<\/p>\n","protected":false},"excerpt":{"rendered":"<p>Sobre a Proex Na UFMG, cabe \u00e0&nbsp;Pr\u00f3-reitoria de Extens\u00e3o&nbsp;(Proex)&nbsp;fomentar, acompanhar, avaliar, articular, divulgar e coordenar as a\u00e7\u00f5es de extens\u00e3o, de acordo com as delibera\u00e7\u00f5es do Conselho de Ensino, Pesquisa e Extens\u00e3o (Cepe). Para essa atividade, a Pr\u00f3-reitoria conta com os&nbsp;Centros de Extens\u00e3o, em sua maioria vinculados a Unidades Acad\u00eamicas ou Unidades Especiais da Universidade.&nbsp;Esses \u00f3rg\u00e3os [&hellip;]<\/p>\n","protected":false},"author":3,"featured_media":0,"parent":0,"menu_order":0,"comment_status":"closed","ping_status":"closed","template":"","meta":[],"acf":[],"_links":{"self":[{"href":"https:\/\/www.ufmg.br\/montesclaros\/wp-json\/wp\/v2\/pages\/507"}],"collection":[{"href":"https:\/\/www.ufmg.br\/montesclaros\/wp-json\/wp\/v2\/pages"}],"about":[{"href":"https:\/\/www.ufmg.br\/montesclaros\/wp-json\/wp\/v2\/types\/page"}],"author":[{"embeddable":true,"href":"https:\/\/www.ufmg.br\/montesclaros\/wp-json\/wp\/v2\/users\/3"}],"replies":[{"embeddable":true,"href":"https:\/\/www.ufmg.br\/montesclaros\/wp-json\/wp\/v2\/comments?post=507"}],"version-history":[{"count":5,"href":"https:\/\/www.ufmg.br\/montesclaros\/wp-json\/wp\/v2\/pages\/507\/revisions"}],"predecessor-version":[{"id":1524,"href":"https:\/\/www.ufmg.br\/montesclaros\/wp-json\/wp\/v2\/pages\/507\/revisions\/1524"}],"wp:attachment":[{"href":"https:\/\/www.ufmg.br\/montesclaros\/wp-json\/wp\/v2\/media?parent=507"}],"curies":[{"name":"wp","href":"https:\/\/api.w.org\/{rel}","templated":true}]}}