{"id":827,"date":"2024-04-23T14:13:56","date_gmt":"2024-04-23T17:13:56","guid":{"rendered":"http:\/\/sites-hml.dti.ufmg.br\/ica\/ica-novo\/?page_id=827"},"modified":"2024-04-24T10:51:40","modified_gmt":"2024-04-24T13:51:40","slug":"a-universidade","status":"publish","type":"page","link":"https:\/\/www.ufmg.br\/montesclaros\/a-universidade\/","title":{"rendered":"A Universidade"},"content":{"rendered":"\n<p>Localizada na Regi\u00e3o Sudeste, a mais industrializada do Brasil, a UFMG, institui\u00e7\u00e3o p\u00fablica&nbsp;de ensino superior gratuito, \u00e9 a mais antiga universidade do estado de Minas Gerais. Sua funda\u00e7\u00e3o ocorreu em 7 de setembro de 1927 com o nome Universidade de Minas Gerais (UMG). Quase um s\u00e9culo ap\u00f3s, a institui\u00e7\u00e3o \u00e9 lideran\u00e7a regional e nacional em ensino, extens\u00e3o,&nbsp;cultura, pesquisa cient\u00edfica e gera\u00e7\u00e3o de patentes, em diversas \u00e1reas do conhecimento.<\/p>\n\n\n\n<p>Sua comunidade re\u00fane cerca de 53&nbsp;mil pessoas nas cidades de Belo Horizonte, Montes Claros, Diamantina e Tiradentes, que se organizam em torno de 91 cursos de gradua\u00e7\u00e3o, 90 programas de p\u00f3s-gradua\u00e7\u00e3o e 860 n\u00facleos de pesquisa. Em 2020, a UFMG alcan\u00e7ou 1.582 registros de patentes, o que lhe rende posi\u00e7\u00e3o de lideran\u00e7a entre as institui\u00e7\u00f5es de ensino superior do pa\u00eds.<\/p>\n\n\n\n<p>Desde a cria\u00e7\u00e3o da UFMG, os seus formandos exercem grande influ\u00eancia na vida cultural, pol\u00edtica e econ\u00f4mica, atuando, com destaque, como formadores da intelectualidade, das artes, da ci\u00eancia,&nbsp;e tendo assento na gest\u00e3o de empresas, entidades diversas,&nbsp;do estado e do pa\u00eds.<\/p>\n\n\n\n<figure class=\"wp-block-image size-large\"><img decoding=\"async\" loading=\"lazy\" width=\"1024\" height=\"639\" src=\"http:\/\/sites-hml.dti.ufmg.br\/ica\/ica-novo\/wp-content\/uploads\/2024\/04\/Campus-Pampulha-Foca-Lisboa-I-UFMG-1024x639.jpg\" alt=\"\" class=\"wp-image-910\" srcset=\"https:\/\/www.ufmg.br\/montesclaros\/wp-content\/uploads\/2024\/04\/Campus-Pampulha-Foca-Lisboa-I-UFMG-1024x639.jpg 1024w, https:\/\/www.ufmg.br\/montesclaros\/wp-content\/uploads\/2024\/04\/Campus-Pampulha-Foca-Lisboa-I-UFMG-300x187.jpg 300w, https:\/\/www.ufmg.br\/montesclaros\/wp-content\/uploads\/2024\/04\/Campus-Pampulha-Foca-Lisboa-I-UFMG-768x479.jpg 768w, https:\/\/www.ufmg.br\/montesclaros\/wp-content\/uploads\/2024\/04\/Campus-Pampulha-Foca-Lisboa-I-UFMG.jpg 1192w\" sizes=\"(max-width: 1024px) 100vw, 1024px\" \/><figcaption class=\"wp-element-caption\">Campus Pampulha<br>Foca Lisboa I UFMG<\/figcaption><\/figure>\n\n\n\n<h3 class=\"wp-block-heading\">Objetivos<\/h3>\n\n\n\n<p>A UFMG,&nbsp;nos termos do seu Estatuto, tem por finalidades prec\u00edpuas a gera\u00e7\u00e3o, o desenvolvimento, a transmiss\u00e3o e a aplica\u00e7\u00e3o de conhecimentos por meio do ensino, da pesquisa e da extens\u00e3o, compreendidos de forma indissociada e integrados na educa\u00e7\u00e3o e na forma\u00e7\u00e3o cient\u00edfica e t\u00e9cnico-profissional de cidad\u00e3os imbu\u00eddos de responsabilidades sociais, bem como na difus\u00e3o da cultura e na cria\u00e7\u00e3o filos\u00f3fica, art\u00edstica e tecnol\u00f3gica.<\/p>\n\n\n\n<p>No cumprimento dos seus objetivos, a UFMG mant\u00e9m coopera\u00e7\u00e3o acad\u00eamica, cient\u00edfica, tecnol\u00f3gica e cultural com institui\u00e7\u00f5es nacionais, estrangeiras e internacionais e constitui-se em ve\u00edculo de desenvolvimento regional, nacional e mundial, almejando consolidar-se como universidade de excel\u00eancia e relev\u00e2ncia, mundialmente reconhecida.<\/p>\n\n\n\n<h3 class=\"wp-block-heading\">Miss\u00e3o<\/h3>\n\n\n\n<p>Visando ao cumprimento integral das suas finalidades e de seu compromisso com os interesses sociais, a UFMG assume como miss\u00e3o gerar e difundir conhecimentos cient\u00edficos, tecnol\u00f3gicos e culturais, destacando-se como Institui\u00e7\u00e3o de refer\u00eancia na forma\u00e7\u00e3o de indiv\u00edduos cr\u00edticos e \u00e9ticos, dotados de s\u00f3lida base cient\u00edfica e human\u00edstica e comprometidos com interven\u00e7\u00f5es transformadoras na sociedade, com vistas \u00e0 promo\u00e7\u00e3o do desenvolvimento econ\u00f4mico, da diminui\u00e7\u00e3o de desigualdades sociais, da redu\u00e7\u00e3o das assimetrias regionais, bem como do desenvolvimento sustent\u00e1vel.<\/p>\n\n\n\n<p>Agregada a essa miss\u00e3o acad\u00eamica, esta&nbsp;Universidade assume as responsabilidades de:<\/p>\n\n\n\n<p>I) desenhar solu\u00e7\u00f5es para os problemas socioecon\u00f4micos&nbsp;dos munic\u00edpios onde est\u00e1 instalada, de&nbsp;Minas Gerais, do Brasil e de pa\u00edses cooperantes e,<\/p>\n\n\n\n<p><br>II) qualificar e oferecer educa\u00e7\u00e3o permanente aos&nbsp;indiv\u00edduos e \u00e0s comunidades das diferentes localidades&nbsp;que abrigam os in\u00fameros projetos e programas&nbsp;extramuros.<\/p>\n\n\n\n<p><\/p>\n","protected":false},"excerpt":{"rendered":"<p>Localizada na Regi\u00e3o Sudeste, a mais industrializada do Brasil, a UFMG, institui\u00e7\u00e3o p\u00fablica&nbsp;de ensino superior gratuito, \u00e9 a mais antiga universidade do estado de Minas Gerais. Sua funda\u00e7\u00e3o ocorreu em 7 de setembro de 1927 com o nome Universidade de Minas Gerais (UMG). Quase um s\u00e9culo ap\u00f3s, a institui\u00e7\u00e3o \u00e9 lideran\u00e7a regional e nacional em [&hellip;]<\/p>\n","protected":false},"author":3,"featured_media":0,"parent":0,"menu_order":0,"comment_status":"closed","ping_status":"closed","template":"","meta":[],"acf":[],"_links":{"self":[{"href":"https:\/\/www.ufmg.br\/montesclaros\/wp-json\/wp\/v2\/pages\/827"}],"collection":[{"href":"https:\/\/www.ufmg.br\/montesclaros\/wp-json\/wp\/v2\/pages"}],"about":[{"href":"https:\/\/www.ufmg.br\/montesclaros\/wp-json\/wp\/v2\/types\/page"}],"author":[{"embeddable":true,"href":"https:\/\/www.ufmg.br\/montesclaros\/wp-json\/wp\/v2\/users\/3"}],"replies":[{"embeddable":true,"href":"https:\/\/www.ufmg.br\/montesclaros\/wp-json\/wp\/v2\/comments?post=827"}],"version-history":[{"count":4,"href":"https:\/\/www.ufmg.br\/montesclaros\/wp-json\/wp\/v2\/pages\/827\/revisions"}],"predecessor-version":[{"id":911,"href":"https:\/\/www.ufmg.br\/montesclaros\/wp-json\/wp\/v2\/pages\/827\/revisions\/911"}],"wp:attachment":[{"href":"https:\/\/www.ufmg.br\/montesclaros\/wp-json\/wp\/v2\/media?parent=827"}],"curies":[{"name":"wp","href":"https:\/\/api.w.org\/{rel}","templated":true}]}}