{"id":865,"date":"2024-04-23T15:08:43","date_gmt":"2024-04-23T18:08:43","guid":{"rendered":"http:\/\/sites-hml.dti.ufmg.br\/ica\/ica-novo\/?page_id=865"},"modified":"2026-03-16T12:12:00","modified_gmt":"2026-03-16T15:12:00","slug":"revista-caderno-de-ciencias-agrarias","status":"publish","type":"page","link":"https:\/\/www.ufmg.br\/montesclaros\/revista-caderno-de-ciencias-agrarias\/","title":{"rendered":"Revista Caderno de Ci\u00eancias Agr\u00e1rias"},"content":{"rendered":"\n<p>A\u00a0<strong>Revista\u00a0<a href=\"https:\/\/periodicos.ufmg.br\/index.php\/ccaufmg\" target=\"_blank\" rel=\"noreferrer noopener\">CADERNO DE CI\u00caNCIAS AGR\u00c1RIAS<\/a>\u00a0<\/strong>\u00e9 uma publica\u00e7\u00e3o da UFMG disponibilizada no Portal de Peri\u00f3dicos da UFMG(\u00a0<a rel=\"noreferrer noopener\" href=\"http:\/\/www.ufmg.br\/periodicos\" target=\"_blank\">www.ufmg.br\/periodicos<\/a>)\u00a0 e possui car\u00e1ter cient\u00edfico e acad\u00eamico com interesse na divulga\u00e7\u00e3o de produ\u00e7\u00f5es cient\u00edficas in\u00e9ditas vinculados \u00e0s linhas e\/ou grupos de pesquisa nas \u00e1reas de Ci\u00eancias Agr\u00e1rias\u00a0e \u00e1reas correlatas.<\/p>\n\n\n\n<p>S\u00e3o divulgadas produ\u00e7\u00f5es cient\u00edficas nas seguintes \u00e1reas:<\/p>\n\n\n\n<ul>\n<li>Ci\u00eancias Ambientais<\/li>\n\n\n\n<li>Ci\u00eancias dos Alimentos<\/li>\n\n\n\n<li>Ci\u00eancias Florestais<\/li>\n\n\n\n<li>Desenvolvimento Rural<\/li>\n\n\n\n<li>Engenharia Agr\u00edcola<\/li>\n\n\n\n<li>Produ\u00e7\u00e3o Animal<\/li>\n\n\n\n<li>Produ\u00e7\u00e3o Vegetal<\/li>\n<\/ul>\n\n\n\n<p>Informa\u00e7\u00f5es sobre submiss\u00e3o de arquivos\u00a0<a href=\"https:\/\/periodicos.ufmg.br\/index.php\/ccaufmg\/about\/submissions\" target=\"_blank\" rel=\"noreferrer noopener\">aqui<\/a>.<\/p>\n","protected":false},"excerpt":{"rendered":"<p>A\u00a0Revista\u00a0CADERNO DE CI\u00caNCIAS AGR\u00c1RIAS\u00a0\u00e9 uma publica\u00e7\u00e3o da UFMG disponibilizada no Portal de Peri\u00f3dicos da UFMG(\u00a0www.ufmg.br\/periodicos)\u00a0 e possui car\u00e1ter cient\u00edfico e acad\u00eamico com interesse na divulga\u00e7\u00e3o de produ\u00e7\u00f5es cient\u00edficas in\u00e9ditas vinculados \u00e0s linhas e\/ou grupos de pesquisa nas \u00e1reas de Ci\u00eancias Agr\u00e1rias\u00a0e \u00e1reas correlatas. S\u00e3o divulgadas produ\u00e7\u00f5es cient\u00edficas nas seguintes \u00e1reas: Informa\u00e7\u00f5es sobre submiss\u00e3o de arquivos\u00a0aqui.<\/p>\n","protected":false},"author":3,"featured_media":0,"parent":0,"menu_order":0,"comment_status":"closed","ping_status":"closed","template":"","meta":[],"acf":[],"_links":{"self":[{"href":"https:\/\/www.ufmg.br\/montesclaros\/wp-json\/wp\/v2\/pages\/865"}],"collection":[{"href":"https:\/\/www.ufmg.br\/montesclaros\/wp-json\/wp\/v2\/pages"}],"about":[{"href":"https:\/\/www.ufmg.br\/montesclaros\/wp-json\/wp\/v2\/types\/page"}],"author":[{"embeddable":true,"href":"https:\/\/www.ufmg.br\/montesclaros\/wp-json\/wp\/v2\/users\/3"}],"replies":[{"embeddable":true,"href":"https:\/\/www.ufmg.br\/montesclaros\/wp-json\/wp\/v2\/comments?post=865"}],"version-history":[{"count":3,"href":"https:\/\/www.ufmg.br\/montesclaros\/wp-json\/wp\/v2\/pages\/865\/revisions"}],"predecessor-version":[{"id":4912,"href":"https:\/\/www.ufmg.br\/montesclaros\/wp-json\/wp\/v2\/pages\/865\/revisions\/4912"}],"wp:attachment":[{"href":"https:\/\/www.ufmg.br\/montesclaros\/wp-json\/wp\/v2\/media?parent=865"}],"curies":[{"name":"wp","href":"https:\/\/api.w.org\/{rel}","templated":true}]}}