{"id":338,"date":"2022-10-14T14:54:50","date_gmt":"2022-10-14T17:54:50","guid":{"rendered":"https:\/\/www.ufmg.br\/mostra\/2023\/?page_id=338"},"modified":"2022-11-11T14:44:10","modified_gmt":"2022-11-11T17:44:10","slug":"narrativas-360o","status":"publish","type":"page","link":"https:\/\/www.ufmg.br\/mostra\/2023\/imersao\/narrativas-360o\/","title":{"rendered":"Narrativas 360\u00ba"},"content":{"rendered":"\n<p>Fotografias e passeios virtuais imersivos em v\u00eddeos, com depoimentos de ex-alunos, professores e funcion\u00e1rios sobre suas lembran\u00e7as relacionadas \u00e0 UFMG.<\/p>\n\n\n\n<div id=\"sp-ea-631\" class=\"sp-ea-one sp-easy-accordion\" data-ex-icon=\"fa-minus\" data-col-icon=\"fa-plus\"  data-ea-active=\"ea-click\"  data-ea-mode=\"vertical\" data-preloader=\"\"><div class=\"ea-card  sp-ea-single\"><h3 class=\"ea-header\"><a class=\"collapsed\" data-sptoggle=\"spcollapse\" data-sptarget=#collapse6310 href=\"javascript:void(0)\" aria-expanded=\"false\"><i class=\"ea-expand-icon fa fa-plus\"><\/i> Escola de Ci\u00eancias da Informa\u00e7\u00e3o (ECI)<\/a><\/h3><div class=\"sp-collapse spcollapse spcollapse\" id=\"collapse6310\" data-parent=#sp-ea-631><div class=\"ea-body\"><p><iframe title=\"Depoimento de Danieli di Mingo\" width=\"500\" height=\"281\" src=\"https:\/\/www.youtube.com\/embed\/cfClGTTISJ8?feature=oembed\" frameborder=\"0\" allow=\"accelerometer; autoplay; clipboard-write; encrypted-media; gyroscope; picture-in-picture\" allowfullscreen><\/iframe><\/p>\n<\/div><\/div><\/div><div class=\"ea-card  sp-ea-single\"><h3 class=\"ea-header\"><a class=\"collapsed\" data-sptoggle=\"spcollapse\" data-sptarget=#collapse6311 href=\"javascript:void(0)\" aria-expanded=\"false\"><i class=\"ea-expand-icon fa fa-plus\"><\/i> Escola de Educa\u00e7\u00e3o F\u00edsica, Fisioterapia e Terapia Ocupacional (EEFFTO)<\/a><\/h3><div class=\"sp-collapse spcollapse spcollapse\" id=\"collapse6311\" data-parent=#sp-ea-631><div class=\"ea-body\"><p><iframe title=\"Depoimento de C\u00e9sar Teixeira Castilho\" width=\"500\" height=\"281\" src=\"https:\/\/www.youtube.com\/embed\/jeHKEOB61J0?feature=oembed\" frameborder=\"0\" allow=\"accelerometer; autoplay; clipboard-write; encrypted-media; gyroscope; picture-in-picture\" allowfullscreen><\/iframe><\/p>\n<\/div><\/div><\/div><div class=\"ea-card  sp-ea-single\"><h3 class=\"ea-header\"><a class=\"collapsed\" data-sptoggle=\"spcollapse\" data-sptarget=#collapse6312 href=\"javascript:void(0)\" aria-expanded=\"false\"><i class=\"ea-expand-icon fa fa-plus\"><\/i> Escola de Enfermagem<\/a><\/h3><div class=\"sp-collapse spcollapse spcollapse\" id=\"collapse6312\" data-parent=#sp-ea-631><div class=\"ea-body\"><p><iframe title=\"Depoimento de M\u00f4nica Ribeiro Canhestro\" width=\"500\" height=\"281\" src=\"https:\/\/www.youtube.com\/embed\/KBwKXN0XnnY?feature=oembed\" frameborder=\"0\" allow=\"accelerometer; autoplay; clipboard-write; encrypted-media; gyroscope; picture-in-picture\" allowfullscreen><\/iframe><\/p>\n<\/div><\/div><\/div><div class=\"ea-card  sp-ea-single\"><h3 class=\"ea-header\"><a class=\"collapsed\" data-sptoggle=\"spcollapse\" data-sptarget=#collapse6313 href=\"javascript:void(0)\" aria-expanded=\"false\"><i class=\"ea-expand-icon fa fa-plus\"><\/i> Escola de Engenharia<\/a><\/h3><div class=\"sp-collapse spcollapse spcollapse\" id=\"collapse6313\" data-parent=#sp-ea-631><div class=\"ea-body\"><p><iframe title=\"Depoimento Felipe Carneiro Augusto\" width=\"500\" height=\"281\" src=\"https:\/\/www.youtube.com\/embed\/E3mszfYrwPM?feature=oembed\" frameborder=\"0\" allow=\"accelerometer; autoplay; clipboard-write; encrypted-media; gyroscope; picture-in-picture\" allowfullscreen><\/iframe><\/p>\n<\/div><\/div><\/div><div class=\"ea-card  sp-ea-single\"><h3 class=\"ea-header\"><a class=\"collapsed\" data-sptoggle=\"spcollapse\" data-sptarget=#collapse6314 href=\"javascript:void(0)\" aria-expanded=\"false\"><i class=\"ea-expand-icon fa fa-plus\"><\/i> Faculdade de Ci\u00eancias Econ\u00f4micas (FACE)<\/a><\/h3><div class=\"sp-collapse spcollapse spcollapse\" id=\"collapse6314\" data-parent=#sp-ea-631><div class=\"ea-body\"><p><iframe title=\"Depoimento de Prof\u00ba Hugo E A da Gama Cerqueira\" width=\"500\" height=\"281\" src=\"https:\/\/www.youtube.com\/embed\/iKmLS1sqrQo?feature=oembed\" frameborder=\"0\" allow=\"accelerometer; autoplay; clipboard-write; encrypted-media; gyroscope; picture-in-picture\" allowfullscreen><\/iframe><\/p>\n<\/div><\/div><\/div><div class=\"ea-card  sp-ea-single\"><h3 class=\"ea-header\"><a class=\"collapsed\" data-sptoggle=\"spcollapse\" data-sptarget=#collapse6315 href=\"javascript:void(0)\" aria-expanded=\"false\"><i class=\"ea-expand-icon fa fa-plus\"><\/i> Faculdade de Educa\u00e7\u00e3o (FaE)<\/a><\/h3><div class=\"sp-collapse spcollapse spcollapse\" id=\"collapse6315\" data-parent=#sp-ea-631><div class=\"ea-body\"><p><iframe title=\"Depoimento de B\u00e1rbara Ramalho\" width=\"500\" height=\"281\" src=\"https:\/\/www.youtube.com\/embed\/uK50OfjYbhY?feature=oembed\" frameborder=\"0\" allow=\"accelerometer; autoplay; clipboard-write; encrypted-media; gyroscope; picture-in-picture\" allowfullscreen><\/iframe><\/p>\n<\/div><\/div><\/div><div class=\"ea-card  sp-ea-single\"><h3 class=\"ea-header\"><a class=\"collapsed\" data-sptoggle=\"spcollapse\" data-sptarget=#collapse6316 href=\"javascript:void(0)\" aria-expanded=\"false\"><i class=\"ea-expand-icon fa fa-plus\"><\/i> Faculdade de Farm\u00e1cia<\/a><\/h3><div class=\"sp-collapse spcollapse spcollapse\" id=\"collapse6316\" data-parent=#sp-ea-631><div class=\"ea-body\"><p><iframe title=\"Depoimento Biom\u00e9dico Ygor\" width=\"500\" height=\"281\" src=\"https:\/\/www.youtube.com\/embed\/yBnSLXXpgyg?feature=oembed\" frameborder=\"0\" allow=\"accelerometer; autoplay; clipboard-write; encrypted-media; gyroscope; picture-in-picture\" allowfullscreen><\/iframe><\/p>\n<\/div><\/div><\/div><div class=\"ea-card  sp-ea-single\"><h3 class=\"ea-header\"><a class=\"collapsed\" data-sptoggle=\"spcollapse\" data-sptarget=#collapse6317 href=\"javascript:void(0)\" aria-expanded=\"false\"><i class=\"ea-expand-icon fa fa-plus\"><\/i> Fcauldade de Letras (FALE)<\/a><\/h3><div class=\"sp-collapse spcollapse spcollapse\" id=\"collapse6317\" data-parent=#sp-ea-631><div class=\"ea-body\"><p><iframe title=\"Depoimento Rafael Gon\u00e7alves\" width=\"500\" height=\"281\" src=\"https:\/\/www.youtube.com\/embed\/U_s8dGLKGAE?feature=oembed\" frameborder=\"0\" allow=\"accelerometer; autoplay; clipboard-write; encrypted-media; gyroscope; picture-in-picture\" allowfullscreen><\/iframe><\/p>\n<\/div><\/div><\/div><div class=\"ea-card  sp-ea-single\"><h3 class=\"ea-header\"><a class=\"collapsed\" data-sptoggle=\"spcollapse\" data-sptarget=#collapse6318 href=\"javascript:void(0)\" aria-expanded=\"false\"><i class=\"ea-expand-icon fa fa-plus\"><\/i> Faculdade de Medicina<\/a><\/h3><div class=\"sp-collapse spcollapse spcollapse\" id=\"collapse6318\" data-parent=#sp-ea-631><div class=\"ea-body\"><p><iframe title=\"Depoimento Maria Monica Freitas Ribeiro\" width=\"500\" height=\"281\" src=\"https:\/\/www.youtube.com\/embed\/7UrcftlpI1I?feature=oembed\" frameborder=\"0\" allow=\"accelerometer; autoplay; clipboard-write; encrypted-media; gyroscope; picture-in-picture\" allowfullscreen><\/iframe><\/p>\n<\/div><\/div><\/div><div class=\"ea-card  sp-ea-single\"><h3 class=\"ea-header\"><a class=\"collapsed\" data-sptoggle=\"spcollapse\" data-sptarget=#collapse6319 href=\"javascript:void(0)\" aria-expanded=\"false\"><i class=\"ea-expand-icon fa fa-plus\"><\/i> Faculdade de M\u00fasica<\/a><\/h3><div class=\"sp-collapse spcollapse spcollapse\" id=\"collapse6319\" data-parent=#sp-ea-631><div class=\"ea-body\"><p><iframe title=\"Depoimento de Marcos Fl\u00e1vio de Aguiar Freitas\" width=\"500\" height=\"281\" src=\"https:\/\/www.youtube.com\/embed\/bg3NbjpKo-I?feature=oembed\" frameborder=\"0\" allow=\"accelerometer; autoplay; clipboard-write; encrypted-media; gyroscope; picture-in-picture\" allowfullscreen><\/iframe><\/p>\n<\/div><\/div><\/div><div class=\"ea-card  sp-ea-single\"><h3 class=\"ea-header\"><a class=\"collapsed\" data-sptoggle=\"spcollapse\" data-sptarget=#collapse63110 href=\"javascript:void(0)\" aria-expanded=\"false\"><i class=\"ea-expand-icon fa fa-plus\"><\/i> Faculdade de Odontologia<\/a><\/h3><div class=\"sp-collapse spcollapse spcollapse\" id=\"collapse63110\" data-parent=#sp-ea-631><div class=\"ea-body\"><p><iframe title=\"Depoimento Prof\u00aa Carolina Nem\u00e9sio de Barros Pereira\" width=\"500\" height=\"281\" src=\"https:\/\/www.youtube.com\/embed\/BmIvfUmBrpI?feature=oembed\" frameborder=\"0\" allow=\"accelerometer; autoplay; clipboard-write; encrypted-media; gyroscope; picture-in-picture\" allowfullscreen><\/iframe><\/p>\n<\/div><\/div><\/div><div class=\"ea-card  sp-ea-single\"><h3 class=\"ea-header\"><a class=\"collapsed\" data-sptoggle=\"spcollapse\" data-sptarget=#collapse63111 href=\"javascript:void(0)\" aria-expanded=\"false\"><i class=\"ea-expand-icon fa fa-plus\"><\/i> Instituto de Ci\u00eancias Agr\u00e1rias (ICA)<\/a><\/h3><div class=\"sp-collapse spcollapse spcollapse\" id=\"collapse63111\" data-parent=#sp-ea-631><div class=\"ea-body\"><p><iframe title=\"Depoimento de Marcio Venicius Barbosa Xavier\" width=\"500\" height=\"281\" src=\"https:\/\/www.youtube.com\/embed\/kYpVI1DfN6I?feature=oembed\" frameborder=\"0\" allow=\"accelerometer; autoplay; clipboard-write; encrypted-media; gyroscope; picture-in-picture\" allowfullscreen><\/iframe><\/p>\n<\/div><\/div><\/div><div class=\"ea-card  sp-ea-single\"><h3 class=\"ea-header\"><a class=\"collapsed\" data-sptoggle=\"spcollapse\" data-sptarget=#collapse63112 href=\"javascript:void(0)\" aria-expanded=\"false\"><i class=\"ea-expand-icon fa fa-plus\"><\/i> Instituto de Ci\u00eancias Exatas (ICEX)<\/a><\/h3><div class=\"sp-collapse spcollapse spcollapse\" id=\"collapse63112\" data-parent=#sp-ea-631><div class=\"ea-body\"><p><iframe title=\"Depoimento Brian Diniz Amorim\" width=\"500\" height=\"281\" src=\"https:\/\/www.youtube.com\/embed\/bCfCEpD2Tzk?feature=oembed\" frameborder=\"0\" allow=\"accelerometer; autoplay; clipboard-write; encrypted-media; gyroscope; picture-in-picture\" allowfullscreen><\/iframe><\/p>\n<p>\u00a0<\/p>\n<\/div><\/div><\/div><div class=\"ea-card  sp-ea-single\"><h3 class=\"ea-header\"><a class=\"collapsed\" data-sptoggle=\"spcollapse\" data-sptarget=#collapse63113 href=\"javascript:void(0)\" aria-expanded=\"false\"><i class=\"ea-expand-icon fa fa-plus\"><\/i> Institutos de Geoci\u00eancias (IGC)<\/a><\/h3><div class=\"sp-collapse spcollapse spcollapse\" id=\"collapse63113\" data-parent=#sp-ea-631><div class=\"ea-body\"><p><iframe title=\"Depoimento Elaine Belomo Galetti\" width=\"500\" height=\"281\" src=\"https:\/\/www.youtube.com\/embed\/EG6RFtVU58U?feature=oembed\" frameborder=\"0\" allow=\"accelerometer; autoplay; clipboard-write; encrypted-media; gyroscope; picture-in-picture\" allowfullscreen><\/iframe><\/p>\n<\/div><\/div><\/div><\/div>\n","protected":false},"excerpt":{"rendered":"<p>Fotografias e passeios virtuais imersivos em v\u00eddeos, com depoimentos de [&hellip;]<\/p>\n","protected":false},"author":3,"featured_media":0,"parent":327,"menu_order":0,"comment_status":"closed","ping_status":"closed","template":"","meta":[],"acf":[],"_links":{"self":[{"href":"https:\/\/www.ufmg.br\/mostra\/2023\/wp-json\/wp\/v2\/pages\/338"}],"collection":[{"href":"https:\/\/www.ufmg.br\/mostra\/2023\/wp-json\/wp\/v2\/pages"}],"about":[{"href":"https:\/\/www.ufmg.br\/mostra\/2023\/wp-json\/wp\/v2\/types\/page"}],"author":[{"embeddable":true,"href":"https:\/\/www.ufmg.br\/mostra\/2023\/wp-json\/wp\/v2\/users\/3"}],"replies":[{"embeddable":true,"href":"https:\/\/www.ufmg.br\/mostra\/2023\/wp-json\/wp\/v2\/comments?post=338"}],"version-history":[{"count":3,"href":"https:\/\/www.ufmg.br\/mostra\/2023\/wp-json\/wp\/v2\/pages\/338\/revisions"}],"predecessor-version":[{"id":917,"href":"https:\/\/www.ufmg.br\/mostra\/2023\/wp-json\/wp\/v2\/pages\/338\/revisions\/917"}],"up":[{"embeddable":true,"href":"https:\/\/www.ufmg.br\/mostra\/2023\/wp-json\/wp\/v2\/pages\/327"}],"wp:attachment":[{"href":"https:\/\/www.ufmg.br\/mostra\/2023\/wp-json\/wp\/v2\/media?parent=338"}],"curies":[{"name":"wp","href":"https:\/\/api.w.org\/{rel}","templated":true}]}}