{"id":341,"date":"2022-10-14T14:55:05","date_gmt":"2022-10-14T17:55:05","guid":{"rendered":"https:\/\/www.ufmg.br\/mostra\/2023\/?page_id=341"},"modified":"2022-11-11T14:39:16","modified_gmt":"2022-11-11T17:39:16","slug":"passeios-aereos","status":"publish","type":"page","link":"https:\/\/www.ufmg.br\/mostra\/2023\/imersao\/passeios-aereos\/","title":{"rendered":"Passeios A\u00e9reos"},"content":{"rendered":"\n<p>Que tal observar a Universidade bem l\u00e1 do alto? Por meio de imagens captadas via drone, sua experi\u00eancia ser\u00e1 \u00fanica!<\/p>\n\n\n\n<h3>Passeio no Campus<\/h3>\n\n\n\n<div class=\"wp-container-3 wp-block-columns\">\n<div class=\"wp-container-1 wp-block-column\">\n<figure class=\"wp-block-embed aligncenter is-type-video is-provider-youtube wp-block-embed-youtube wp-embed-aspect-16-9 wp-has-aspect-ratio\"><div class=\"wp-block-embed__wrapper\">\n<iframe loading=\"lazy\" title=\"Passeio pelo campus - SEM AUDIODESCRICAO\" width=\"500\" height=\"281\" src=\"https:\/\/www.youtube.com\/embed\/_7D-E_kAYMk?feature=oembed\" frameborder=\"0\" allow=\"accelerometer; autoplay; clipboard-write; encrypted-media; gyroscope; picture-in-picture\" allowfullscreen><\/iframe>\n<\/div><figcaption>Sem audiodescri\u00e7\u00e3o<\/figcaption><\/figure>\n<\/div>\n\n\n\n<div class=\"wp-container-2 wp-block-column\">\n<figure class=\"wp-block-embed aligncenter is-type-video is-provider-youtube wp-block-embed-youtube wp-embed-aspect-16-9 wp-has-aspect-ratio\"><div class=\"wp-block-embed__wrapper\">\n<iframe loading=\"lazy\" title=\"Passeio pelo campus - COM AUDIODESCRICAO\" width=\"500\" height=\"281\" src=\"https:\/\/www.youtube.com\/embed\/ebbBNGQYUKw?feature=oembed\" frameborder=\"0\" allow=\"accelerometer; autoplay; clipboard-write; encrypted-media; gyroscope; picture-in-picture\" allowfullscreen><\/iframe>\n<\/div><figcaption>Com audiodescri\u00e7\u00e3o<\/figcaption><\/figure>\n<\/div>\n<\/div>\n\n\n\n<h3>Pr\u00e9dios da UFMG<\/h3>\n\n\n\n<div class=\"wp-container-6 wp-block-columns\">\n<div class=\"wp-container-4 wp-block-column\">\n<figure class=\"wp-block-embed aligncenter is-type-video is-provider-youtube wp-block-embed-youtube wp-embed-aspect-16-9 wp-has-aspect-ratio\"><div class=\"wp-block-embed__wrapper\">\n<iframe loading=\"lazy\" title=\"Pr\u00e9dios da UFMG - SEM AUDIODESCRICAO\" width=\"500\" height=\"281\" src=\"https:\/\/www.youtube.com\/embed\/nQ7QmZQXbK8?feature=oembed\" frameborder=\"0\" allow=\"accelerometer; autoplay; clipboard-write; encrypted-media; gyroscope; picture-in-picture\" allowfullscreen><\/iframe>\n<\/div><figcaption>Sem audiodescri\u00e7\u00e3o<\/figcaption><\/figure>\n<\/div>\n\n\n\n<div class=\"wp-container-5 wp-block-column\">\n<figure class=\"wp-block-embed aligncenter is-type-video is-provider-youtube wp-block-embed-youtube wp-embed-aspect-16-9 wp-has-aspect-ratio\"><div class=\"wp-block-embed__wrapper\">\n<iframe loading=\"lazy\" title=\"Pr\u00e9dios da UFMG - COM AUDIODESCRICAO\" width=\"500\" height=\"281\" src=\"https:\/\/www.youtube.com\/embed\/tqpXD0rFweA?feature=oembed\" frameborder=\"0\" allow=\"accelerometer; autoplay; clipboard-write; encrypted-media; gyroscope; picture-in-picture\" allowfullscreen><\/iframe>\n<\/div><figcaption>Com audiodescri\u00e7\u00e3o<\/figcaption><\/figure>\n<\/div>\n<\/div>\n\n\n\n<h3>Escola de Engenharia<\/h3>\n\n\n\n<div class=\"wp-container-9 wp-block-columns\">\n<div class=\"wp-container-7 wp-block-column\">\n<figure class=\"wp-block-embed aligncenter is-type-video is-provider-youtube wp-block-embed-youtube wp-embed-aspect-16-9 wp-has-aspect-ratio\"><div class=\"wp-block-embed__wrapper\">\n<iframe loading=\"lazy\" title=\"Escola de Engenharia - SEM AUDIODESCRICAO\" width=\"500\" height=\"281\" src=\"https:\/\/www.youtube.com\/embed\/lybU48aoIGM?feature=oembed\" frameborder=\"0\" allow=\"accelerometer; autoplay; clipboard-write; encrypted-media; gyroscope; picture-in-picture\" allowfullscreen><\/iframe>\n<\/div><figcaption>Sem audiodescri\u00e7\u00e3o<\/figcaption><\/figure>\n<\/div>\n\n\n\n<div class=\"wp-container-8 wp-block-column\">\n<figure class=\"wp-block-embed aligncenter is-type-video is-provider-youtube wp-block-embed-youtube wp-embed-aspect-16-9 wp-has-aspect-ratio\"><div class=\"wp-block-embed__wrapper\">\n<iframe loading=\"lazy\" title=\"Escola de Engenharia - COM AUDIODESCRICAO\" width=\"500\" height=\"281\" src=\"https:\/\/www.youtube.com\/embed\/rkbhpEcB1DE?feature=oembed\" frameborder=\"0\" allow=\"accelerometer; autoplay; clipboard-write; encrypted-media; gyroscope; picture-in-picture\" allowfullscreen><\/iframe>\n<\/div><figcaption>Com audiodescri\u00e7\u00e3o<\/figcaption><\/figure>\n<\/div>\n<\/div>\n\n\n\n<h3>Biblioteca Central e Reitoria<\/h3>\n\n\n\n<div class=\"wp-container-12 wp-block-columns\">\n<div class=\"wp-container-10 wp-block-column\">\n<figure class=\"wp-block-embed aligncenter is-type-video is-provider-youtube wp-block-embed-youtube wp-embed-aspect-16-9 wp-has-aspect-ratio\"><div class=\"wp-block-embed__wrapper\">\n<iframe loading=\"lazy\" title=\"Biblioteca Central e Reitoria - SEM AUDIODESCRICAO\" width=\"500\" height=\"281\" src=\"https:\/\/www.youtube.com\/embed\/ZTXzrnBxAMA?feature=oembed\" frameborder=\"0\" allow=\"accelerometer; autoplay; clipboard-write; encrypted-media; gyroscope; picture-in-picture\" allowfullscreen><\/iframe>\n<\/div><figcaption>Sem audiodescri\u00e7\u00e3o<\/figcaption><\/figure>\n<\/div>\n\n\n\n<div class=\"wp-container-11 wp-block-column\">\n<figure class=\"wp-block-embed aligncenter is-type-video is-provider-youtube wp-block-embed-youtube wp-embed-aspect-16-9 wp-has-aspect-ratio\"><div class=\"wp-block-embed__wrapper\">\n<iframe loading=\"lazy\" title=\"Biblioteca Central e Reitoria - COM AUDIODESCRICAO\" width=\"500\" height=\"281\" src=\"https:\/\/www.youtube.com\/embed\/Qkm3z-aIOkk?feature=oembed\" frameborder=\"0\" allow=\"accelerometer; autoplay; clipboard-write; encrypted-media; gyroscope; picture-in-picture\" allowfullscreen><\/iframe>\n<\/div><figcaption>Com audiodescri\u00e7\u00e3o<\/figcaption><\/figure>\n<\/div>\n<\/div>\n\n\n\n<h3>\u00c1rea verde da UFMG<\/h3>\n\n\n\n<div class=\"wp-container-15 wp-block-columns\">\n<div class=\"wp-container-13 wp-block-column\">\n<figure class=\"wp-block-embed aligncenter is-type-video is-provider-youtube wp-block-embed-youtube wp-embed-aspect-16-9 wp-has-aspect-ratio\"><div class=\"wp-block-embed__wrapper\">\n<iframe loading=\"lazy\" title=\"\u00c1rea verde da UFMG - SEM AUDIODESCRICAO\" width=\"500\" height=\"281\" src=\"https:\/\/www.youtube.com\/embed\/0x6NweTTWR0?feature=oembed\" frameborder=\"0\" allow=\"accelerometer; autoplay; clipboard-write; encrypted-media; gyroscope; picture-in-picture\" allowfullscreen><\/iframe>\n<\/div><figcaption>Sem audiodescri\u00e7\u00e3o<\/figcaption><\/figure>\n<\/div>\n\n\n\n<div class=\"wp-container-14 wp-block-column\">\n<figure class=\"wp-block-embed aligncenter is-type-video is-provider-youtube wp-block-embed-youtube wp-embed-aspect-16-9 wp-has-aspect-ratio\"><div class=\"wp-block-embed__wrapper\">\n<iframe loading=\"lazy\" title=\"\u00c1rea verde da UFMG - COM AUDIODESCRICAO\" width=\"500\" height=\"281\" src=\"https:\/\/www.youtube.com\/embed\/zSHKFI5zOy8?feature=oembed\" frameborder=\"0\" allow=\"accelerometer; autoplay; clipboard-write; encrypted-media; gyroscope; picture-in-picture\" allowfullscreen><\/iframe>\n<\/div><figcaption>Com audiodescri\u00e7\u00e3o<\/figcaption><\/figure>\n<\/div>\n<\/div>\n\n\n\n<h3>Campi Centrais da UFMG<\/h3>\n\n\n\n<div class=\"wp-container-18 wp-block-columns\">\n<div class=\"wp-container-16 wp-block-column\">\n<figure class=\"wp-block-embed aligncenter is-type-video is-provider-youtube wp-block-embed-youtube wp-embed-aspect-16-9 wp-has-aspect-ratio\"><div class=\"wp-block-embed__wrapper\">\n<iframe loading=\"lazy\" title=\"Campi centrais da UFMG - SEM AUDIODESCRICAO\" width=\"500\" height=\"281\" src=\"https:\/\/www.youtube.com\/embed\/d61Bhe_0L20?feature=oembed\" frameborder=\"0\" allow=\"accelerometer; autoplay; clipboard-write; encrypted-media; gyroscope; picture-in-picture\" allowfullscreen><\/iframe>\n<\/div><figcaption>Sem audiodescri\u00e7\u00e3o<\/figcaption><\/figure>\n<\/div>\n\n\n\n<div class=\"wp-container-17 wp-block-column\">\n<figure class=\"wp-block-embed aligncenter is-type-video is-provider-youtube wp-block-embed-youtube wp-embed-aspect-16-9 wp-has-aspect-ratio\"><div class=\"wp-block-embed__wrapper\">\n<iframe loading=\"lazy\" title=\"Campi centrais da UFMG - COM AUDIODESCRICAO\" width=\"500\" height=\"281\" src=\"https:\/\/www.youtube.com\/embed\/DCD1fXw778E?feature=oembed\" frameborder=\"0\" allow=\"accelerometer; autoplay; clipboard-write; encrypted-media; gyroscope; picture-in-picture\" allowfullscreen><\/iframe>\n<\/div><figcaption>Com audiodescri\u00e7\u00e3o<\/figcaption><\/figure>\n<\/div>\n<\/div>\n\n\n\n<h3>Campus Montes Claros (ICA)<\/h3>\n\n\n\n<div class=\"wp-container-21 wp-block-columns\">\n<div class=\"wp-container-19 wp-block-column\">\n<figure class=\"wp-block-embed aligncenter is-type-video is-provider-youtube wp-block-embed-youtube wp-embed-aspect-16-9 wp-has-aspect-ratio\"><div class=\"wp-block-embed__wrapper\">\n<iframe loading=\"lazy\" title=\"Campus Regional Montes Claros (ICA) - SEM AUDIODESCRICAO\" width=\"500\" height=\"281\" src=\"https:\/\/www.youtube.com\/embed\/ZXrOSgx45z4?feature=oembed\" frameborder=\"0\" allow=\"accelerometer; autoplay; clipboard-write; encrypted-media; gyroscope; picture-in-picture\" allowfullscreen><\/iframe>\n<\/div><figcaption>Sem audiodescri\u00e7\u00e3o<\/figcaption><\/figure>\n<\/div>\n\n\n\n<div class=\"wp-container-20 wp-block-column\">\n<figure class=\"wp-block-embed aligncenter is-type-video is-provider-youtube wp-block-embed-youtube wp-embed-aspect-16-9 wp-has-aspect-ratio\"><div class=\"wp-block-embed__wrapper\">\n<iframe loading=\"lazy\" title=\"Campus Regional Montes Claros (ICA) - COM AUDIODESCRICAO\" width=\"500\" height=\"281\" src=\"https:\/\/www.youtube.com\/embed\/gG6RTGQ-hx4?feature=oembed\" frameborder=\"0\" allow=\"accelerometer; autoplay; clipboard-write; encrypted-media; gyroscope; picture-in-picture\" allowfullscreen><\/iframe>\n<\/div><figcaption>Com audiodescri\u00e7\u00e3o<\/figcaption><\/figure>\n<\/div>\n<\/div>\n","protected":false},"excerpt":{"rendered":"<p>Que tal observar a Universidade bem l\u00e1 do alto? Por [&hellip;]<\/p>\n","protected":false},"author":3,"featured_media":0,"parent":327,"menu_order":0,"comment_status":"closed","ping_status":"closed","template":"","meta":[],"acf":[],"_links":{"self":[{"href":"https:\/\/www.ufmg.br\/mostra\/2023\/wp-json\/wp\/v2\/pages\/341"}],"collection":[{"href":"https:\/\/www.ufmg.br\/mostra\/2023\/wp-json\/wp\/v2\/pages"}],"about":[{"href":"https:\/\/www.ufmg.br\/mostra\/2023\/wp-json\/wp\/v2\/types\/page"}],"author":[{"embeddable":true,"href":"https:\/\/www.ufmg.br\/mostra\/2023\/wp-json\/wp\/v2\/users\/3"}],"replies":[{"embeddable":true,"href":"https:\/\/www.ufmg.br\/mostra\/2023\/wp-json\/wp\/v2\/comments?post=341"}],"version-history":[{"count":7,"href":"https:\/\/www.ufmg.br\/mostra\/2023\/wp-json\/wp\/v2\/pages\/341\/revisions"}],"predecessor-version":[{"id":914,"href":"https:\/\/www.ufmg.br\/mostra\/2023\/wp-json\/wp\/v2\/pages\/341\/revisions\/914"}],"up":[{"embeddable":true,"href":"https:\/\/www.ufmg.br\/mostra\/2023\/wp-json\/wp\/v2\/pages\/327"}],"wp:attachment":[{"href":"https:\/\/www.ufmg.br\/mostra\/2023\/wp-json\/wp\/v2\/media?parent=341"}],"curies":[{"name":"wp","href":"https:\/\/api.w.org\/{rel}","templated":true}]}}

Passeios Aéreos

<p>Que tal observar a Universidade bem lá do alto? Por meio de imagens captadas via drone, sua experiência será única!</p>



<h3>Passeio no Campus</h3>



<div class="wp-container-3 wp-block-columns">
<div class="wp-container-1 wp-block-column">
<figure class="wp-block-embed aligncenter is-type-video is-provider-youtube wp-block-embed-youtube wp-embed-aspect-16-9 wp-has-aspect-ratio"><div class="wp-block-embed__wrapper">
<iframe loading="lazy" title="Passeio pelo campus - SEM AUDIODESCRICAO" width="500" height="281" src="https://www.youtube.com/embed/_7D-E_kAYMk?feature=oembed" frameborder="0" allow="accelerometer; autoplay; clipboard-write; encrypted-media; gyroscope; picture-in-picture" allowfullscreen></iframe>
</div><figcaption>Sem audiodescrição</figcaption></figure>
</div>



<div class="wp-container-2 wp-block-column">
<figure class="wp-block-embed aligncenter is-type-video is-provider-youtube wp-block-embed-youtube wp-embed-aspect-16-9 wp-has-aspect-ratio"><div class="wp-block-embed__wrapper">
<iframe loading="lazy" title="Passeio pelo campus - COM AUDIODESCRICAO" width="500" height="281" src="https://www.youtube.com/embed/ebbBNGQYUKw?feature=oembed" frameborder="0" allow="accelerometer; autoplay; clipboard-write; encrypted-media; gyroscope; picture-in-picture" allowfullscreen></iframe>
</div><figcaption>Com audiodescrição</figcaption></figure>
</div>
</div>



<h3>Prédios da UFMG</h3>



<div class="wp-container-6 wp-block-columns">
<div class="wp-container-4 wp-block-column">
<figure class="wp-block-embed aligncenter is-type-video is-provider-youtube wp-block-embed-youtube wp-embed-aspect-16-9 wp-has-aspect-ratio"><div class="wp-block-embed__wrapper">
<iframe loading="lazy" title="Prédios da UFMG - SEM AUDIODESCRICAO" width="500" height="281" src="https://www.youtube.com/embed/nQ7QmZQXbK8?feature=oembed" frameborder="0" allow="accelerometer; autoplay; clipboard-write; encrypted-media; gyroscope; picture-in-picture" allowfullscreen></iframe>
</div><figcaption>Sem audiodescrição</figcaption></figure>
</div>



<div class="wp-container-5 wp-block-column">
<figure class="wp-block-embed aligncenter is-type-video is-provider-youtube wp-block-embed-youtube wp-embed-aspect-16-9 wp-has-aspect-ratio"><div class="wp-block-embed__wrapper">
<iframe loading="lazy" title="Prédios da UFMG - COM AUDIODESCRICAO" width="500" height="281" src="https://www.youtube.com/embed/tqpXD0rFweA?feature=oembed" frameborder="0" allow="accelerometer; autoplay; clipboard-write; encrypted-media; gyroscope; picture-in-picture" allowfullscreen></iframe>
</div><figcaption>Com audiodescrição</figcaption></figure>
</div>
</div>



<h3>Escola de Engenharia</h3>



<div class="wp-container-9 wp-block-columns">
<div class="wp-container-7 wp-block-column">
<figure class="wp-block-embed aligncenter is-type-video is-provider-youtube wp-block-embed-youtube wp-embed-aspect-16-9 wp-has-aspect-ratio"><div class="wp-block-embed__wrapper">
<iframe loading="lazy" title="Escola de Engenharia - SEM AUDIODESCRICAO" width="500" height="281" src="https://www.youtube.com/embed/lybU48aoIGM?feature=oembed" frameborder="0" allow="accelerometer; autoplay; clipboard-write; encrypted-media; gyroscope; picture-in-picture" allowfullscreen></iframe>
</div><figcaption>Sem audiodescrição</figcaption></figure>
</div>



<div class="wp-container-8 wp-block-column">
<figure class="wp-block-embed aligncenter is-type-video is-provider-youtube wp-block-embed-youtube wp-embed-aspect-16-9 wp-has-aspect-ratio"><div class="wp-block-embed__wrapper">
<iframe loading="lazy" title="Escola de Engenharia - COM AUDIODESCRICAO" width="500" height="281" src="https://www.youtube.com/embed/rkbhpEcB1DE?feature=oembed" frameborder="0" allow="accelerometer; autoplay; clipboard-write; encrypted-media; gyroscope; picture-in-picture" allowfullscreen></iframe>
</div><figcaption>Com audiodescrição</figcaption></figure>
</div>
</div>



<h3>Biblioteca Central e Reitoria</h3>



<div class="wp-container-12 wp-block-columns">
<div class="wp-container-10 wp-block-column">
<figure class="wp-block-embed aligncenter is-type-video is-provider-youtube wp-block-embed-youtube wp-embed-aspect-16-9 wp-has-aspect-ratio"><div class="wp-block-embed__wrapper">
<iframe loading="lazy" title="Biblioteca Central e Reitoria - SEM AUDIODESCRICAO" width="500" height="281" src="https://www.youtube.com/embed/ZTXzrnBxAMA?feature=oembed" frameborder="0" allow="accelerometer; autoplay; clipboard-write; encrypted-media; gyroscope; picture-in-picture" allowfullscreen></iframe>
</div><figcaption>Sem audiodescrição</figcaption></figure>
</div>



<div class="wp-container-11 wp-block-column">
<figure class="wp-block-embed aligncenter is-type-video is-provider-youtube wp-block-embed-youtube wp-embed-aspect-16-9 wp-has-aspect-ratio"><div class="wp-block-embed__wrapper">
<iframe loading="lazy" title="Biblioteca Central e Reitoria - COM AUDIODESCRICAO" width="500" height="281" src="https://www.youtube.com/embed/Qkm3z-aIOkk?feature=oembed" frameborder="0" allow="accelerometer; autoplay; clipboard-write; encrypted-media; gyroscope; picture-in-picture" allowfullscreen></iframe>
</div><figcaption>Com audiodescrição</figcaption></figure>
</div>
</div>



<h3>Área verde da UFMG</h3>



<div class="wp-container-15 wp-block-columns">
<div class="wp-container-13 wp-block-column">
<figure class="wp-block-embed aligncenter is-type-video is-provider-youtube wp-block-embed-youtube wp-embed-aspect-16-9 wp-has-aspect-ratio"><div class="wp-block-embed__wrapper">
<iframe loading="lazy" title="Área verde da UFMG - SEM AUDIODESCRICAO" width="500" height="281" src="https://www.youtube.com/embed/0x6NweTTWR0?feature=oembed" frameborder="0" allow="accelerometer; autoplay; clipboard-write; encrypted-media; gyroscope; picture-in-picture" allowfullscreen></iframe>
</div><figcaption>Sem audiodescrição</figcaption></figure>
</div>



<div class="wp-container-14 wp-block-column">
<figure class="wp-block-embed aligncenter is-type-video is-provider-youtube wp-block-embed-youtube wp-embed-aspect-16-9 wp-has-aspect-ratio"><div class="wp-block-embed__wrapper">
<iframe loading="lazy" title="Área verde da UFMG - COM AUDIODESCRICAO" width="500" height="281" src="https://www.youtube.com/embed/zSHKFI5zOy8?feature=oembed" frameborder="0" allow="accelerometer; autoplay; clipboard-write; encrypted-media; gyroscope; picture-in-picture" allowfullscreen></iframe>
</div><figcaption>Com audiodescrição</figcaption></figure>
</div>
</div>



<h3>Campi Centrais da UFMG</h3>



<div class="wp-container-18 wp-block-columns">
<div class="wp-container-16 wp-block-column">
<figure class="wp-block-embed aligncenter is-type-video is-provider-youtube wp-block-embed-youtube wp-embed-aspect-16-9 wp-has-aspect-ratio"><div class="wp-block-embed__wrapper">
<iframe loading="lazy" title="Campi centrais da UFMG - SEM AUDIODESCRICAO" width="500" height="281" src="https://www.youtube.com/embed/d61Bhe_0L20?feature=oembed" frameborder="0" allow="accelerometer; autoplay; clipboard-write; encrypted-media; gyroscope; picture-in-picture" allowfullscreen></iframe>
</div><figcaption>Sem audiodescrição</figcaption></figure>
</div>



<div class="wp-container-17 wp-block-column">
<figure class="wp-block-embed aligncenter is-type-video is-provider-youtube wp-block-embed-youtube wp-embed-aspect-16-9 wp-has-aspect-ratio"><div class="wp-block-embed__wrapper">
<iframe loading="lazy" title="Campi centrais da UFMG - COM AUDIODESCRICAO" width="500" height="281" src="https://www.youtube.com/embed/DCD1fXw778E?feature=oembed" frameborder="0" allow="accelerometer; autoplay; clipboard-write; encrypted-media; gyroscope; picture-in-picture" allowfullscreen></iframe>
</div><figcaption>Com audiodescrição</figcaption></figure>
</div>
</div>



<h3>Campus Montes Claros (ICA)</h3>



<div class="wp-container-21 wp-block-columns">
<div class="wp-container-19 wp-block-column">
<figure class="wp-block-embed aligncenter is-type-video is-provider-youtube wp-block-embed-youtube wp-embed-aspect-16-9 wp-has-aspect-ratio"><div class="wp-block-embed__wrapper">
<iframe loading="lazy" title="Campus Regional Montes Claros (ICA) - SEM AUDIODESCRICAO" width="500" height="281" src="https://www.youtube.com/embed/ZXrOSgx45z4?feature=oembed" frameborder="0" allow="accelerometer; autoplay; clipboard-write; encrypted-media; gyroscope; picture-in-picture" allowfullscreen></iframe>
</div><figcaption>Sem audiodescrição</figcaption></figure>
</div>



<div class="wp-container-20 wp-block-column">
<figure class="wp-block-embed aligncenter is-type-video is-provider-youtube wp-block-embed-youtube wp-embed-aspect-16-9 wp-has-aspect-ratio"><div class="wp-block-embed__wrapper">
<iframe loading="lazy" title="Campus Regional Montes Claros (ICA) - COM AUDIODESCRICAO" width="500" height="281" src="https://www.youtube.com/embed/gG6RTGQ-hx4?feature=oembed" frameborder="0" allow="accelerometer; autoplay; clipboard-write; encrypted-media; gyroscope; picture-in-picture" allowfullscreen></iframe>
</div><figcaption>Com audiodescrição</figcaption></figure>
</div>
</div>

<p>Que tal observar a Universidade bem lá do alto? Por [&hellip;]</p>
