{"id":982,"date":"2023-01-26T17:13:07","date_gmt":"2023-01-26T20:13:07","guid":{"rendered":"https:\/\/www.ufmg.br\/mostra\/2023\/?page_id=982"},"modified":"2023-01-26T17:13:08","modified_gmt":"2023-01-26T20:13:08","slug":"assistencia-estudantil","status":"publish","type":"page","link":"https:\/\/www.ufmg.br\/mostra\/2023\/assistencia-estudantil\/","title":{"rendered":"Assist\u00eancia estudantil"},"content":{"rendered":"\n<p>Elaborada e coordenada pela&nbsp;<a rel=\"noreferrer noopener\" href=\"https:\/\/www.ufmg.br\/prae\/\" target=\"_blank\">Pr\u00f3-reitoria de Assuntos Estudantis<\/a>&nbsp;(Prae) e executada em parceria com a&nbsp;<a rel=\"noreferrer noopener\" href=\"http:\/\/www.fump.ufmg.br\/\" target=\"_blank\">Funda\u00e7\u00e3o Universit\u00e1ria Mendes Pimentel&nbsp;<\/a>(Fump), a&nbsp;<a href=\"https:\/\/www.ufmg.br\/prae\/assistencia-estudantil\/\" target=\"_blank\" rel=\"noreferrer noopener\">Pol\u00edtica de Perman\u00eancia e Assist\u00eancia Estudantil<\/a>&nbsp;proporciona aos estudantes universit\u00e1rios as condi\u00e7\u00f5es necess\u00e1rias \u00e0 vida acad\u00eamica. Em outras palavras, \u00e9 uma iniciativa que colabora para a perman\u00eancia do estudante na Universidade.<\/p>\n\n\n\n<p>O programa se constitui de um importante conjunto de a\u00e7\u00f5es que contempla desde o acesso \u00e0s&nbsp;<a rel=\"noreferrer noopener\" href=\"http:\/\/www.fump.ufmg.br\/conteudo.aspx?pagina=4\" target=\"_blank\">moradias estudantis<\/a>&nbsp;(tr\u00eas em Belo Horizonte e uma em Montes Claros), at\u00e9 a alimenta\u00e7\u00e3o subsidiada nos&nbsp;<a rel=\"noreferrer noopener\" href=\"http:\/\/www.fump.ufmg.br\/conteudo.aspx?pagina=137\" target=\"_blank\">restaurantes universit\u00e1rios&nbsp;<\/a>(RUs), os famosos bandej\u00f5es.<\/p>\n\n\n\n<p>Por meio do programa, voc\u00ea tamb\u00e9m pode requisitar bolsas que ajudam nas despesas com transporte, sa\u00fade, compra de material escolar, enriquecimento cultural, expans\u00e3o da forma\u00e7\u00e3o acad\u00eamica, entre muitas outras demandas. Tudo isso por meio dos recursos da pr\u00f3pria Universidade e do financiamento anual do Programa Nacional de Assist\u00eancia Estudantil (Pnaes), do Governo Federal.<\/p>\n\n\n\n<h2>Conhe\u00e7a a PRAE<\/h2>\n\n\n\n<figure class=\"wp-block-embed is-type-video is-provider-youtube wp-block-embed-youtube wp-embed-aspect-16-9 wp-has-aspect-ratio\"><div class=\"wp-block-embed__wrapper\">\n<iframe loading=\"lazy\" title=\"Conhe\u00e7a a PRAE, Pr\u00f3-reitoria de Assuntos Estudantis da UFMG\" width=\"500\" height=\"281\" src=\"https:\/\/www.youtube.com\/embed\/06TLed0xW7w?feature=oembed\" frameborder=\"0\" allow=\"accelerometer; autoplay; clipboard-write; encrypted-media; gyroscope; picture-in-picture; web-share\" allowfullscreen><\/iframe>\n<\/div><\/figure>\n","protected":false},"excerpt":{"rendered":"<p>Elaborada e coordenada pela&nbsp;Pr\u00f3-reitoria de Assuntos Estudantis&nbsp;(Prae) e executada em [&hellip;]<\/p>\n","protected":false},"author":1,"featured_media":0,"parent":0,"menu_order":0,"comment_status":"closed","ping_status":"closed","template":"","meta":[],"acf":[],"_links":{"self":[{"href":"https:\/\/www.ufmg.br\/mostra\/2023\/wp-json\/wp\/v2\/pages\/982"}],"collection":[{"href":"https:\/\/www.ufmg.br\/mostra\/2023\/wp-json\/wp\/v2\/pages"}],"about":[{"href":"https:\/\/www.ufmg.br\/mostra\/2023\/wp-json\/wp\/v2\/types\/page"}],"author":[{"embeddable":true,"href":"https:\/\/www.ufmg.br\/mostra\/2023\/wp-json\/wp\/v2\/users\/1"}],"replies":[{"embeddable":true,"href":"https:\/\/www.ufmg.br\/mostra\/2023\/wp-json\/wp\/v2\/comments?post=982"}],"version-history":[{"count":1,"href":"https:\/\/www.ufmg.br\/mostra\/2023\/wp-json\/wp\/v2\/pages\/982\/revisions"}],"predecessor-version":[{"id":983,"href":"https:\/\/www.ufmg.br\/mostra\/2023\/wp-json\/wp\/v2\/pages\/982\/revisions\/983"}],"wp:attachment":[{"href":"https:\/\/www.ufmg.br\/mostra\/2023\/wp-json\/wp\/v2\/media?parent=982"}],"curies":[{"name":"wp","href":"https:\/\/api.w.org\/{rel}","templated":true}]}}