{"id":1497,"date":"2024-02-16T12:29:53","date_gmt":"2024-02-16T14:29:53","guid":{"rendered":"https:\/\/www.ufmg.br\/mostra\/?page_id=1497"},"modified":"2025-05-29T11:43:48","modified_gmt":"2025-05-29T14:43:48","slug":"como-entrar","status":"publish","type":"page","link":"https:\/\/www.ufmg.br\/mostra\/como-entrar\/","title":{"rendered":"Como entrar"},"content":{"rendered":"\n<h3 class=\"wp-block-heading\">Quero entrar! E agora?<\/h3>\n\n\n\n<p>A entrada nos cursos de gradua\u00e7\u00e3o ocorre tradicionalmente no primeiro semestre de cada ano, por meio do  <a rel=\"noreferrer noopener\" href=\"https:\/\/www.ufmg.br\/sisu\/\" data-type=\"URL\" data-id=\"https:\/\/www.ufmg.br\/sisu\/\" target=\"_blank\">Sistema de Sele\u00e7\u00e3o Unificada (SISU)<\/a>. Para participar, \u00e9 necess\u00e1rio ter feito o Exame Nacional do Ensino M\u00e9dio (ENEM) na edi\u00e7\u00e3o mais recente.<\/p>\n\n\n\n<p><strong>Passo a passo SISU<\/strong><br><strong>1\u00ba<\/strong> Participar do ENEM<br><strong>2\u00ba<\/strong> Inscrever-se no SISU<br><strong>3\u00ba<\/strong> Ser aprovado na UFMG<br><strong>4\u00ba<\/strong> Realizar o registro acad\u00eamico e a matr\u00edcula (\u00e9 preciso apresentar os documentos da modalidade escolhida e, se necess\u00e1rio, participar de procedimentos adicionais).<br><\/p>\n\n\n\n<h3 class=\"wp-block-heading\">Modalidades de vagas, o que \u00e9 isso?<\/h3>\n\n\n\n<p>Para concorrer a qualquer uma das modalidades de reserva de vagas, \u00e9 necess\u00e1rio ter cursado integralmente o ensino m\u00e9dio em escola p\u00fablica brasileira. Na UFMG, 50% das vagas s\u00e3o reservadas pelo sistema de cotas, com crit\u00e9rios como: escola p\u00fablica, renda familiar, pertencimento \u00e9tnico-racial (negros, quilombolas ou ind\u00edgenas) e pessoas com defici\u00eancia.&nbsp;<\/p>\n\n\n\n<p><strong>Leia o edital com aten\u00e7\u00e3o!<\/strong> No <a rel=\"noreferrer noopener\" href=\"http:\/\/www.ufmg.br\/sisu\" target=\"_blank\">site Sisu UFMG<\/a>, voc\u00ea pode acessar os editais das edi\u00e7\u00f5es anteriores do SISU\/UFMG e ficar por dentro de todas as mudan\u00e7as e novidades.<br><\/p>\n\n\n\n<h3 class=\"wp-block-heading\">Fique atento aos crit\u00e9rios do sistemas de cotas<\/h3>\n\n\n\n<p><strong>Comprova\u00e7\u00e3o de renda: <\/strong>A renda familiar bruta mensal igual ou inferior a 1 sal\u00e1rio m\u00ednimo per capita pode ser comprovada por meio do Cad\u00danico (Cadastro \u00danico para Programas Sociais). Para realizar o cadastro, procure o CRAS (Centro de Refer\u00eancia da Assist\u00eancia Social). Apenas cadastros atualizados nos \u00faltimos 24 meses, antes da inscri\u00e7\u00e3o no processo seletivo, ser\u00e3o aceitos. O comprovante deve indicar o valor exato da renda per capita.<\/p>\n\n\n\n<p><strong>Ind\u00edgenas ou quilombolas: <\/strong>\u00c9 necess\u00e1rio apresentar declara\u00e7\u00e3o de pertencimento \u00e9tnico assinada por, no m\u00ednimo, tr\u00eas lideran\u00e7as reconhecidas da comunidade.<\/p>\n\n\n\n<p><strong>Pessoas negras (pretas ou pardas):<\/strong> \u00c9 preciso apresentar carta de autodeclara\u00e7\u00e3o e comparecer \u00e0 banca de heteroidentifica\u00e7\u00e3o, que avalia se o fen\u00f3tipo (caracter\u00edsticas f\u00edsicas) \u00e9 compat\u00edvel com o prop\u00f3sito da reserva de vagas \u00e9tnico-raciais. Caracter\u00edsticas f\u00edsicas de ascendentes (pai, m\u00e3e, av\u00f3s, tios, tias e outros) n\u00e3o ser\u00e3o consideradas. Assista ao v\u00eddeo:<\/p>\n\n\n\n<figure class=\"wp-block-embed is-type-video is-provider-youtube wp-block-embed-youtube wp-embed-aspect-16-9 wp-has-aspect-ratio\"><div class=\"wp-block-embed__wrapper\">\n<iframe loading=\"lazy\" title=\"Heteroidentifica\u00e7\u00e3o na UFMG\" width=\"500\" height=\"281\" src=\"https:\/\/www.youtube.com\/embed\/q2RB9HLwpos?feature=oembed\" frameborder=\"0\" allow=\"accelerometer; autoplay; clipboard-write; encrypted-media; gyroscope; picture-in-picture; web-share\" referrerpolicy=\"strict-origin-when-cross-origin\" allowfullscreen><\/iframe>\n<\/div><\/figure>\n\n\n\n<p><strong>Pessoas com defici\u00eancia:<\/strong> A UFMG considera a perspectiva biopsicossocial e n\u00e3o apenas o diagn\u00f3stico baseado no C\u00f3digo Internacional de Doen\u00e7a (CID). Al\u00e9m de relat\u00f3rios de profissionais de sa\u00fade informando o tipo da defici\u00eancia e exames m\u00e9dicos, h\u00e1 tamb\u00e9m uma banca de verifica\u00e7\u00e3o e valida\u00e7\u00e3o.<\/p>\n\n\n\n<figure class=\"wp-block-embed is-type-video is-provider-youtube wp-block-embed-youtube wp-embed-aspect-16-9 wp-has-aspect-ratio\"><div class=\"wp-block-embed__wrapper\">\n<iframe loading=\"lazy\" title=\"Diretoras do NAI-UFMG explicam como funciona a reserva de vagas para pessoas com defici\u00eancia na UFMG\" width=\"500\" height=\"281\" src=\"https:\/\/www.youtube.com\/embed\/HWL46iPq0a8?feature=oembed\" frameborder=\"0\" allow=\"accelerometer; autoplay; clipboard-write; encrypted-media; gyroscope; picture-in-picture; web-share\" referrerpolicy=\"strict-origin-when-cross-origin\" allowfullscreen><\/iframe>\n<\/div><\/figure>\n\n\n\n<p><\/p>\n\n\n\n<h3 class=\"wp-block-heading\">Existem outras formas de ingresso?<\/h3>\n\n\n\n<p>Para concorrer a uma vaga nos cursos da a\u0301rea de Artes, ofertados no campus Pampulha, \u00e9 necess\u00e1rio realizar o processo seletivo Habilidades, sele\u00e7\u00e3o que combina as notas do ENEM com provas de habilidades especi\u0301ficas.<\/p>\n\n\n\n<p>Os cursos de Licenciatura em Educa\u00e7\u00e3o do Campo, Forma\u00e7\u00e3o Intercultural para Educadores Ind\u00edgenas, Licenciatura em Letras-Libras, al\u00e9m de programas de vagas adicionais para estudantes ind\u00edgenas aldeados e refugiados, possuem processos seletivos espec\u00edficos. <\/p>\n\n\n\n<p>Para mais informa\u00e7\u00f5es, acesse o <a href=\"http:\/\/www.ufmg.br\/copeve\">site da Copeve<\/a>.<\/p>\n\n\n\n<p class=\"has-text-align-left has-pale-pink-background-color has-background\"><strong>SERIADO UFMG<\/strong> <strong>\u2013<\/strong> <strong>Nova forma de ingresso<\/strong><br>Em 2025, a UFMG inicia uma nova forma de ingresso que preencher\u00e1, a partir de 2028, 30% das vagas dos cursos de gradua\u00e7\u00e3o. Esse novo processo seletivo coexistir\u00e1 com os j\u00e1 existentes, e as provas ser\u00e3o aplicadas ao longo de tr\u00eas anos consecutivos. Podem participar estudantes que estejam cursando ou j\u00e1 tenham conclu\u00eddo o ensino m\u00e9dio, al\u00e9m de alunos da Educa\u00e7\u00e3o de Jovens e Adultos (EJA). <br>Saiba mais no <a href=\"https:\/\/www.ufmg.br\/seriadoufmg\/\" target=\"_blank\" rel=\"noreferrer noopener\"><strong>site Seriado UFMG<\/strong><\/a>.<\/p>\n","protected":false},"excerpt":{"rendered":"<p>Quero entrar! E agora? A entrada nos cursos de gradua\u00e7\u00e3o ocorre tradicionalmente no primeiro semestre de cada ano, por meio do Sistema de Sele\u00e7\u00e3o Unificada (SISU). Para participar, \u00e9 necess\u00e1rio ter feito o Exame Nacional do Ensino M\u00e9dio (ENEM) na edi\u00e7\u00e3o mais recente. Passo a passo SISU1\u00ba Participar do ENEM2\u00ba Inscrever-se no SISU3\u00ba Ser aprovado [&hellip;]<\/p>\n","protected":false},"author":2,"featured_media":0,"parent":0,"menu_order":0,"comment_status":"closed","ping_status":"closed","template":"","meta":[],"acf":[],"_links":{"self":[{"href":"https:\/\/www.ufmg.br\/mostra\/wp-json\/wp\/v2\/pages\/1497"}],"collection":[{"href":"https:\/\/www.ufmg.br\/mostra\/wp-json\/wp\/v2\/pages"}],"about":[{"href":"https:\/\/www.ufmg.br\/mostra\/wp-json\/wp\/v2\/types\/page"}],"author":[{"embeddable":true,"href":"https:\/\/www.ufmg.br\/mostra\/wp-json\/wp\/v2\/users\/2"}],"replies":[{"embeddable":true,"href":"https:\/\/www.ufmg.br\/mostra\/wp-json\/wp\/v2\/comments?post=1497"}],"version-history":[{"count":18,"href":"https:\/\/www.ufmg.br\/mostra\/wp-json\/wp\/v2\/pages\/1497\/revisions"}],"predecessor-version":[{"id":4750,"href":"https:\/\/www.ufmg.br\/mostra\/wp-json\/wp\/v2\/pages\/1497\/revisions\/4750"}],"wp:attachment":[{"href":"https:\/\/www.ufmg.br\/mostra\/wp-json\/wp\/v2\/media?parent=1497"}],"curies":[{"name":"wp","href":"https:\/\/api.w.org\/{rel}","templated":true}]}}