{"id":2566,"date":"2024-12-06T13:50:48","date_gmt":"2024-12-06T16:50:48","guid":{"rendered":"https:\/\/www.ufmg.br\/mostra\/?page_id=2566"},"modified":"2025-03-14T12:31:52","modified_gmt":"2025-03-14T15:31:52","slug":"mobilidade-academica-intercambio","status":"publish","type":"page","link":"https:\/\/www.ufmg.br\/mostra\/mobilidade-academica-intercambio\/","title":{"rendered":"Mobilidade Acad\u00eamica (Interc\u00e2mbio)"},"content":{"rendered":"\n<p>Sendo estudante da UFMG, voc\u00ea pode realizar a mobilidade acad\u00eamica, popularmente chamada de interc\u00e2mbio acad\u00eamico. H\u00e1 v\u00e1rios programas da Universidade que possibilitam interc\u00e2mbios em institui\u00e7\u00f5es de ensino superior no Brasil e no exterior. \u00c9 uma oportunidade \u00fanica de enriquecimento cultural e cient\u00edfico. A Universidade ultrapassou a marca de 200 conv\u00eanios em mais de 40 pa\u00edses.<\/p>\n\n\n\n<p>Para informa\u00e7\u00f5es sobre&nbsp;<strong>mobilidade<\/strong>&nbsp;<strong>internacional<\/strong>, os programas existentes, o edital unificado para o processo de sele\u00e7\u00e3o, dentre outras, acesse o&nbsp;<a rel=\"noreferrer noopener\" href=\"https:\/\/www.ufmg.br\/dri\/graduacao\/\" target=\"_blank\">site da DRI<\/a>.<\/p>\n\n\n\n<p>Sobre\u00a0<strong>mobilidade nacional<\/strong>, acesse o\u00a0<a rel=\"noreferrer noopener\" href=\"https:\/\/www.ufmg.br\/prograd\/mobilidade-academica\/\" target=\"_blank\">site da Prograd<\/a>.<\/p>\n\n\n\n<p>Assista ao v\u00eddeo sobre a mobilidade acad\u00eamica nacional:<\/p>\n\n\n\n<figure class=\"wp-block-embed is-type-video is-provider-youtube wp-block-embed-youtube wp-embed-aspect-16-9 wp-has-aspect-ratio\"><div class=\"wp-block-embed__wrapper\">\n<iframe loading=\"lazy\" title=\"Conhe\u00e7a a Mobilidade Acad\u00eamica Nacional\" width=\"500\" height=\"281\" src=\"https:\/\/www.youtube.com\/embed\/Mf1ef8HssA0?feature=oembed\" frameborder=\"0\" allow=\"accelerometer; autoplay; clipboard-write; encrypted-media; gyroscope; picture-in-picture; web-share\" referrerpolicy=\"strict-origin-when-cross-origin\" allowfullscreen><\/iframe>\n<\/div><\/figure>\n","protected":false},"excerpt":{"rendered":"<p>Sendo estudante da UFMG, voc\u00ea pode realizar a mobilidade acad\u00eamica, popularmente chamada de interc\u00e2mbio acad\u00eamico. H\u00e1 v\u00e1rios programas da Universidade que possibilitam interc\u00e2mbios em institui\u00e7\u00f5es de ensino superior no Brasil e no exterior. \u00c9 uma oportunidade \u00fanica de enriquecimento cultural e cient\u00edfico. A Universidade ultrapassou a marca de 200 conv\u00eanios em mais de 40 pa\u00edses. [&hellip;]<\/p>\n","protected":false},"author":3,"featured_media":0,"parent":0,"menu_order":0,"comment_status":"closed","ping_status":"closed","template":"","meta":[],"acf":[],"_links":{"self":[{"href":"https:\/\/www.ufmg.br\/mostra\/wp-json\/wp\/v2\/pages\/2566"}],"collection":[{"href":"https:\/\/www.ufmg.br\/mostra\/wp-json\/wp\/v2\/pages"}],"about":[{"href":"https:\/\/www.ufmg.br\/mostra\/wp-json\/wp\/v2\/types\/page"}],"author":[{"embeddable":true,"href":"https:\/\/www.ufmg.br\/mostra\/wp-json\/wp\/v2\/users\/3"}],"replies":[{"embeddable":true,"href":"https:\/\/www.ufmg.br\/mostra\/wp-json\/wp\/v2\/comments?post=2566"}],"version-history":[{"count":3,"href":"https:\/\/www.ufmg.br\/mostra\/wp-json\/wp\/v2\/pages\/2566\/revisions"}],"predecessor-version":[{"id":2686,"href":"https:\/\/www.ufmg.br\/mostra\/wp-json\/wp\/v2\/pages\/2566\/revisions\/2686"}],"wp:attachment":[{"href":"https:\/\/www.ufmg.br\/mostra\/wp-json\/wp\/v2\/media?parent=2566"}],"curies":[{"name":"wp","href":"https:\/\/api.w.org\/{rel}","templated":true}]}}

Mobilidade Acadêmica (Intercâmbio)

<p>Sendo estudante da UFMG, você pode realizar a mobilidade acadêmica, popularmente chamada de intercâmbio acadêmico. Há vários programas da Universidade que possibilitam intercâmbios em instituições de ensino superior no Brasil e no exterior. É uma oportunidade única de enriquecimento cultural e científico. A Universidade ultrapassou a marca de 200 convênios em mais de 40 países.</p>



<p>Para informações sobre&nbsp;<strong>mobilidade</strong>&nbsp;<strong>internacional</strong>, os programas existentes, o edital unificado para o processo de seleção, dentre outras, acesse o&nbsp;<a rel="noreferrer noopener" href="https://www.ufmg.br/dri/graduacao/" target="_blank">site da DRI</a>.</p>



<p>Sobre <strong>mobilidade nacional</strong>, acesse o <a rel="noreferrer noopener" href="https://www.ufmg.br/prograd/mobilidade-academica/" target="_blank">site da Prograd</a>.</p>



<p>Assista ao vídeo sobre a mobilidade acadêmica nacional:</p>



<figure class="wp-block-embed is-type-video is-provider-youtube wp-block-embed-youtube wp-embed-aspect-16-9 wp-has-aspect-ratio"><div class="wp-block-embed__wrapper">
<iframe loading="lazy" title="Conheça a Mobilidade Acadêmica Nacional" width="500" height="281" src="https://www.youtube.com/embed/Mf1ef8HssA0?feature=oembed" frameborder="0" allow="accelerometer; autoplay; clipboard-write; encrypted-media; gyroscope; picture-in-picture; web-share" referrerpolicy="strict-origin-when-cross-origin" allowfullscreen></iframe>
</div></figure>

<p>Sendo estudante da UFMG, você pode realizar a mobilidade acadêmica, popularmente chamada de intercâmbio acadêmico. Há vários programas da Universidade que possibilitam intercâmbios em instituições de ensino superior no Brasil e no exterior. É uma oportunidade única de enriquecimento cultural e científico. A Universidade ultrapassou a marca de 200 convênios em mais de 40 países. [&hellip;]</p>
