{"id":22130,"date":"2020-02-19T17:39:25","date_gmt":"2020-02-19T20:39:25","guid":{"rendered":"https:\/\/www.ufmg.br\/nai\/?page_id=22130"},"modified":"2024-12-18T12:11:11","modified_gmt":"2024-12-18T15:11:11","slug":"interpretes","status":"publish","type":"page","link":"https:\/\/www.ufmg.br\/nai\/interpretes\/","title":{"rendered":"Solicita\u00e7\u00e3o de Int\u00e9rpretes via Signers"},"content":{"rendered":"<p>O NAI oferece servi\u00e7os de tradu\u00e7\u00e3o e interpreta\u00e7\u00e3o em libras para alunos e servidores surdos da UFMG em atividades ligadas a ensino, pesquisa e extens\u00e3o realizadas dentro da Universidade, sempre que houver profissionais habilitados dispon\u00edveis.<\/p>\n<p>Link para solicita\u00e7\u00f5es : <a href=\"https:\/\/signers.adm.ufmg.br\/interpretes\/\"><strong>https:\/\/signers.adm.ufmg.br\/interpretes\/<\/strong><\/a><\/p>\n","protected":false},"excerpt":{"rendered":"<p>O NAI oferece servi\u00e7os de tradu\u00e7\u00e3o e interpreta\u00e7\u00e3o em libras [&hellip;]<\/p>\n","protected":false},"author":2,"featured_media":0,"parent":0,"menu_order":0,"comment_status":"closed","ping_status":"closed","template":"","meta":{"_acf_changed":false,"footnotes":""},"class_list":["post-22130","page","type-page","status-publish","hentry"],"acf":[],"_links":{"self":[{"href":"https:\/\/www.ufmg.br\/nai\/wp-json\/wp\/v2\/pages\/22130","targetHints":{"allow":["GET"]}}],"collection":[{"href":"https:\/\/www.ufmg.br\/nai\/wp-json\/wp\/v2\/pages"}],"about":[{"href":"https:\/\/www.ufmg.br\/nai\/wp-json\/wp\/v2\/types\/page"}],"author":[{"embeddable":true,"href":"https:\/\/www.ufmg.br\/nai\/wp-json\/wp\/v2\/users\/2"}],"replies":[{"embeddable":true,"href":"https:\/\/www.ufmg.br\/nai\/wp-json\/wp\/v2\/comments?post=22130"}],"version-history":[{"count":1,"href":"https:\/\/www.ufmg.br\/nai\/wp-json\/wp\/v2\/pages\/22130\/revisions"}],"predecessor-version":[{"id":22875,"href":"https:\/\/www.ufmg.br\/nai\/wp-json\/wp\/v2\/pages\/22130\/revisions\/22875"}],"wp:attachment":[{"href":"https:\/\/www.ufmg.br\/nai\/wp-json\/wp\/v2\/media?parent=22130"}],"curies":[{"name":"wp","href":"https:\/\/api.w.org\/{rel}","templated":true}]}}