{"id":294,"date":"2021-10-25T13:14:30","date_gmt":"2021-10-25T16:14:30","guid":{"rendered":"https:\/\/www.ufmg.br\/novembronegro\/2021\/?page_id=294"},"modified":"2021-11-08T15:17:32","modified_gmt":"2021-11-08T17:17:32","slug":"cadastre-sua-atividade","status":"publish","type":"page","link":"https:\/\/www.ufmg.br\/novembronegro\/2021\/cadastre-sua-atividade\/","title":{"rendered":"Cadastre sua Atividade"},"content":{"rendered":"\n<p>O <strong>Novembro Negro UFMG<\/strong> unifica as a\u00e7\u00f5es propostas e organizadas por diversas inst\u00e2ncias, grupos, coletivdades da UFMG em uma agenda que amplia o alcance dessas vozes. <\/p>\n\n\n\n<p>O objetivo \u00e9 tornar poss\u00edvel uma coopera\u00e7\u00e3o no debate e fazer com que todas as presen\u00e7as sejam fortalecidas. <\/p>\n\n\n\n<p>Convidamos voc\u00ea a fazer parte desse movimento: vem conosco. Cadastre aqui sua atividade!<\/p>\n\n\n\n<p><a href=\"https:\/\/docs.google.com\/forms\/d\/e\/1FAIpQLSeQKY7bTbbbW6amj0HprGnFzbSVdFYP80Dxewr5F_UJMuvDQw\/viewform\" target=\"_blank\" rel=\"noreferrer noopener\"><strong>Cadastre aqui sua atividade<\/strong><\/a><\/p>\n","protected":false},"excerpt":{"rendered":"<p>O Novembro Negro UFMG unifica as a\u00e7\u00f5es propostas e organizadas [&hellip;]<\/p>\n","protected":false},"author":1,"featured_media":0,"parent":0,"menu_order":0,"comment_status":"closed","ping_status":"closed","template":"","meta":[],"_links":{"self":[{"href":"https:\/\/www.ufmg.br\/novembronegro\/2021\/wp-json\/wp\/v2\/pages\/294"}],"collection":[{"href":"https:\/\/www.ufmg.br\/novembronegro\/2021\/wp-json\/wp\/v2\/pages"}],"about":[{"href":"https:\/\/www.ufmg.br\/novembronegro\/2021\/wp-json\/wp\/v2\/types\/page"}],"author":[{"embeddable":true,"href":"https:\/\/www.ufmg.br\/novembronegro\/2021\/wp-json\/wp\/v2\/users\/1"}],"replies":[{"embeddable":true,"href":"https:\/\/www.ufmg.br\/novembronegro\/2021\/wp-json\/wp\/v2\/comments?post=294"}],"version-history":[{"count":2,"href":"https:\/\/www.ufmg.br\/novembronegro\/2021\/wp-json\/wp\/v2\/pages\/294\/revisions"}],"predecessor-version":[{"id":561,"href":"https:\/\/www.ufmg.br\/novembronegro\/2021\/wp-json\/wp\/v2\/pages\/294\/revisions\/561"}],"wp:attachment":[{"href":"https:\/\/www.ufmg.br\/novembronegro\/2021\/wp-json\/wp\/v2\/media?parent=294"}],"curies":[{"name":"wp","href":"https:\/\/api.w.org\/{rel}","templated":true}]}}

<p>O <strong>Novembro Negro UFMG</strong> unifica as ações propostas e organizadas por diversas instâncias, grupos, coletivdades da UFMG em uma agenda que amplia o alcance dessas vozes. </p>



<p>O objetivo é tornar possível uma cooperação no debate e fazer com que todas as presenças sejam fortalecidas. </p>



<p>Convidamos você a fazer parte desse movimento: vem conosco. Cadastre aqui sua atividade!</p>



<p><a href="https://docs.google.com/forms/d/e/1FAIpQLSeQKY7bTbbbW6amj0HprGnFzbSVdFYP80Dxewr5F_UJMuvDQw/viewform" target="_blank" rel="noreferrer noopener"><strong>Cadastre aqui sua atividade</strong></a></p>

<p>O Novembro Negro UFMG unifica as ações propostas e organizadas [&hellip;]</p>
